{"version":"1.0","provider_name":"Franc\u00fazsky in\u0161tit\u00fat na Slovensku","provider_url":"https:\/\/institutfrancais.sk\/fr\/","author_name":"Silvia Litva Polak","author_url":"https:\/\/institutfrancais.sk\/fr\/author\/silvia\/","title":"L\u2019AFBB souffle ses 35 bougies - Franc\u00fazsky in\u0161tit\u00fat na Slovensku","type":"rich","width":600,"height":338,"html":"<blockquote class=\"wp-embedded-content\" data-secret=\"PWVvJcExDZ\"><a href=\"https:\/\/institutfrancais.sk\/fr\/afbb-oslavuje-svoje-35-narodeniny\/\">L\u2019AFBB souffle ses 35 bougies<\/a><\/blockquote><iframe sandbox=\"allow-scripts\" security=\"restricted\" src=\"https:\/\/institutfrancais.sk\/fr\/afbb-oslavuje-svoje-35-narodeniny\/embed\/#?secret=PWVvJcExDZ\" width=\"600\" height=\"338\" title=\"\u00ab\u00a0L\u2019AFBB souffle ses 35 bougies\u00a0\u00bb &#8212; Franc\u00fazsky in\u0161tit\u00fat na Slovensku\" data-secret=\"PWVvJcExDZ\" frameborder=\"0\" marginwidth=\"0\" marginheight=\"0\" scrolling=\"no\" class=\"wp-embedded-content\"><\/iframe><script type=\"text\/javascript\">\n\/* <![CDATA[ *\/\n\/*! This file is auto-generated *\/\n!function(d,l){\"use strict\";l.querySelector&&d.addEventListener&&\"undefined\"!=typeof URL&&(d.wp=d.wp||{},d.wp.receiveEmbedMessage||(d.wp.receiveEmbedMessage=function(e){var t=e.data;if((t||t.secret||t.message||t.value)&&!\/[^a-zA-Z0-9]\/.test(t.secret)){for(var s,r,n,a=l.querySelectorAll('iframe[data-secret=\"'+t.secret+'\"]'),o=l.querySelectorAll('blockquote[data-secret=\"'+t.secret+'\"]'),c=new RegExp(\"^https?:$\",\"i\"),i=0;i<o.length;i++)o[i].style.display=\"none\";for(i=0;i<a.length;i++)s=a[i],e.source===s.contentWindow&&(s.removeAttribute(\"style\"),\"height\"===t.message?(1e3<(r=parseInt(t.value,10))?r=1e3:~~r<200&&(r=200),s.height=r):\"link\"===t.message&&(r=new URL(s.getAttribute(\"src\")),n=new URL(t.value),c.test(n.protocol))&&n.host===r.host&&l.activeElement===s&&(d.top.location.href=t.value))}},d.addEventListener(\"message\",d.wp.receiveEmbedMessage,!1),l.addEventListener(\"DOMContentLoaded\",function(){for(var e,t,s=l.querySelectorAll(\"iframe.wp-embedded-content\"),r=0;r<s.length;r++)(t=(e=s[r]).getAttribute(\"data-secret\"))||(t=Math.random().toString(36).substring(2,12),e.src+=\"#?secret=\"+t,e.setAttribute(\"data-secret\",t)),e.contentWindow.postMessage({message:\"ready\",secret:t},\"*\")},!1)))}(window,document);\n\/* ]]> *\/\n<\/script>\n","thumbnail_url":"https:\/\/institutfrancais.sk\/wp-content\/uploads\/2025\/06\/2-Affiche.jpg","thumbnail_width":2048,"thumbnail_height":1477,"description":"Le 25 avril 2025 dernier a&nbsp;eu lieu l\u2019anniversaire des 35 ans de l\u2019Alliance Fran\u00e7aise de Bansk\u00e1 Bystrica (AFBB). \u00c0 cette occasion, une grande c\u00e9r\u00e9monie a&nbsp;\u00e9t\u00e9 organis\u00e9e \u00e0 la mairie, situ\u00e9e dans le centre-ville. \u00ab Cela nous tenait vraiment \u00e0 c\u0153ur d\u2019inviter toutes ces personnes qui permettent \u00e0 l\u2019Alliance de continuer \u00e0 vivre et \u00e0 se [&hellip;]"}

Francúzsky inštitút na Slovensku

L’AFBB souffle ses 35 bougies - Francúzsky inštitút na Slovensku

<blockquote class="wp-embedded-content" data-secret="PWVvJcExDZ"><a href="https://institutfrancais.sk/fr/afbb-oslavuje-svoje-35-narodeniny/">L’AFBB souffle ses 35 bougies</a></blockquote><iframe sandbox="allow-scripts" security="restricted" src="https://institutfrancais.sk/fr/afbb-oslavuje-svoje-35-narodeniny/embed/#?secret=PWVvJcExDZ" width="600" height="338" title="« L’AFBB souffle ses 35 bougies » &#8212; Francúzsky inštitút na Slovensku" data-secret="PWVvJcExDZ" frameborder="0" marginwidth="0" marginheight="0" scrolling="no" class="wp-embedded-content"></iframe><script type="text/javascript">
/* <![CDATA[ */
/*! This file is auto-generated */
!function(d,l){"use strict";l.querySelector&&d.addEventListener&&"undefined"!=typeof URL&&(d.wp=d.wp||{},d.wp.receiveEmbedMessage||(d.wp.receiveEmbedMessage=function(e){var t=e.data;if((t||t.secret||t.message||t.value)&&!/[^a-zA-Z0-9]/.test(t.secret)){for(var s,r,n,a=l.querySelectorAll('iframe[data-secret="'+t.secret+'"]'),o=l.querySelectorAll('blockquote[data-secret="'+t.secret+'"]'),c=new RegExp("^https?:$","i"),i=0;i<o.length;i++)o[i].style.display="none";for(i=0;i<a.length;i++)s=a[i],e.source===s.contentWindow&&(s.removeAttribute("style"),"height"===t.message?(1e3<(r=parseInt(t.value,10))?r=1e3:~~r<200&&(r=200),s.height=r):"link"===t.message&&(r=new URL(s.getAttribute("src")),n=new URL(t.value),c.test(n.protocol))&&n.host===r.host&&l.activeElement===s&&(d.top.location.href=t.value))}},d.addEventListener("message",d.wp.receiveEmbedMessage,!1),l.addEventListener("DOMContentLoaded",function(){for(var e,t,s=l.querySelectorAll("iframe.wp-embedded-content"),r=0;r<s.length;r++)(t=(e=s[r]).getAttribute("data-secret"))||(t=Math.random().toString(36).substring(2,12),e.src+="#?secret="+t,e.setAttribute("data-secret",t)),e.contentWindow.postMessage({message:"ready",secret:t},"*")},!1)))}(window,document);
/* ]]> */
</script>

Le 25 avril 2025 dernier a&nbsp;eu lieu l’anniversaire des 35 ans de l’Alliance Française de Banská Bystrica (AFBB). À cette occasion, une grande cérémonie a&nbsp;été organisée à la mairie, située dans le centre-ville. « Cela nous tenait vraiment à cœur d’inviter toutes ces personnes qui permettent à l’Alliance de continuer à vivre et à se [&hellip;]
