{"version":"1.0","provider_name":"Franc\u00fazsky in\u0161tit\u00fat na Slovensku","provider_url":"https:\/\/institutfrancais.sk\/fr\/","author_name":"Silvia Litva Polak","author_url":"https:\/\/institutfrancais.sk\/fr\/author\/silvia\/","title":"Ateli\u00e9r ma\u013eby - Franc\u00fazsky in\u0161tit\u00fat na Slovensku","type":"rich","width":600,"height":338,"html":"<blockquote class=\"wp-embedded-content\" data-secret=\"5xXCQPhv30\"><a href=\"https:\/\/institutfrancais.sk\/fr\/podujatie\/atelier-malby\/\">Ateli\u00e9r ma\u013eby<\/a><\/blockquote><iframe sandbox=\"allow-scripts\" security=\"restricted\" src=\"https:\/\/institutfrancais.sk\/fr\/podujatie\/atelier-malby\/embed\/#?secret=5xXCQPhv30\" width=\"600\" height=\"338\" title=\"\u00ab\u00a0Ateli\u00e9r ma\u013eby\u00a0\u00bb &#8212; Franc\u00fazsky in\u0161tit\u00fat na Slovensku\" data-secret=\"5xXCQPhv30\" frameborder=\"0\" marginwidth=\"0\" marginheight=\"0\" scrolling=\"no\" class=\"wp-embedded-content\"><\/iframe><script type=\"text\/javascript\">\n\/* <![CDATA[ *\/\n\/*! This file is auto-generated *\/\n!function(d,l){\"use strict\";l.querySelector&&d.addEventListener&&\"undefined\"!=typeof URL&&(d.wp=d.wp||{},d.wp.receiveEmbedMessage||(d.wp.receiveEmbedMessage=function(e){var t=e.data;if((t||t.secret||t.message||t.value)&&!\/[^a-zA-Z0-9]\/.test(t.secret)){for(var s,r,n,a=l.querySelectorAll('iframe[data-secret=\"'+t.secret+'\"]'),o=l.querySelectorAll('blockquote[data-secret=\"'+t.secret+'\"]'),c=new RegExp(\"^https?:$\",\"i\"),i=0;i<o.length;i++)o[i].style.display=\"none\";for(i=0;i<a.length;i++)s=a[i],e.source===s.contentWindow&&(s.removeAttribute(\"style\"),\"height\"===t.message?(1e3<(r=parseInt(t.value,10))?r=1e3:~~r<200&&(r=200),s.height=r):\"link\"===t.message&&(r=new URL(s.getAttribute(\"src\")),n=new URL(t.value),c.test(n.protocol))&&n.host===r.host&&l.activeElement===s&&(d.top.location.href=t.value))}},d.addEventListener(\"message\",d.wp.receiveEmbedMessage,!1),l.addEventListener(\"DOMContentLoaded\",function(){for(var e,t,s=l.querySelectorAll(\"iframe.wp-embedded-content\"),r=0;r<s.length;r++)(t=(e=s[r]).getAttribute(\"data-secret\"))||(t=Math.random().toString(36).substring(2,12),e.src+=\"#?secret=\"+t,e.setAttribute(\"data-secret\",t)),e.contentWindow.postMessage({message:\"ready\",secret:t},\"*\")},!1)))}(window,document);\n\/* ]]> *\/\n<\/script>\n","thumbnail_url":"https:\/\/institutfrancais.sk\/wp-content\/uploads\/2023\/08\/Atelier-peinture.png","thumbnail_width":1080,"thumbnail_height":1080,"description":"Pr\u00ed\u010fte sa zabavi\u0165&nbsp;ma\u013eovan\u00edm \u00ab\u00a0Pobre\u017eie\u00a0\u00bb&nbsp;do&nbsp;Franc\u00fazskeho in\u0161tit\u00fatu v&nbsp;sobotu 26.&nbsp;augusta od&nbsp;9.15 do&nbsp;11.15 hod.Pl\u00e1tno, farby a&nbsp;\u0161tetce s\u00fa V\u00e1m k&nbsp;dispoz\u00edcii. Sta\u010d\u00ed si prinies\u0165 dobr\u00fa n\u00e1ladu:) Deti s\u00fa v\u00edtan\u00e9, ale musia \u00eds\u0165 v&nbsp;sprievode dospelej osoby. Po\u010det miest je limitovan\u00fd na&nbsp;8 maliarov.&nbsp;Zap\u00ed\u0161te sa preto&nbsp;\u010do&nbsp;najsk\u00f4r. Vstup je vo\u013en\u00fd"}

Francúzsky inštitút na Slovensku

Ateliér maľby - Francúzsky inštitút na Slovensku

<blockquote class="wp-embedded-content" data-secret="5xXCQPhv30"><a href="https://institutfrancais.sk/fr/podujatie/atelier-malby/">Ateliér maľby</a></blockquote><iframe sandbox="allow-scripts" security="restricted" src="https://institutfrancais.sk/fr/podujatie/atelier-malby/embed/#?secret=5xXCQPhv30" width="600" height="338" title="« Ateliér maľby » &#8212; Francúzsky inštitút na Slovensku" data-secret="5xXCQPhv30" frameborder="0" marginwidth="0" marginheight="0" scrolling="no" class="wp-embedded-content"></iframe><script type="text/javascript">
/* <![CDATA[ */
/*! This file is auto-generated */
!function(d,l){"use strict";l.querySelector&&d.addEventListener&&"undefined"!=typeof URL&&(d.wp=d.wp||{},d.wp.receiveEmbedMessage||(d.wp.receiveEmbedMessage=function(e){var t=e.data;if((t||t.secret||t.message||t.value)&&!/[^a-zA-Z0-9]/.test(t.secret)){for(var s,r,n,a=l.querySelectorAll('iframe[data-secret="'+t.secret+'"]'),o=l.querySelectorAll('blockquote[data-secret="'+t.secret+'"]'),c=new RegExp("^https?:$","i"),i=0;i<o.length;i++)o[i].style.display="none";for(i=0;i<a.length;i++)s=a[i],e.source===s.contentWindow&&(s.removeAttribute("style"),"height"===t.message?(1e3<(r=parseInt(t.value,10))?r=1e3:~~r<200&&(r=200),s.height=r):"link"===t.message&&(r=new URL(s.getAttribute("src")),n=new URL(t.value),c.test(n.protocol))&&n.host===r.host&&l.activeElement===s&&(d.top.location.href=t.value))}},d.addEventListener("message",d.wp.receiveEmbedMessage,!1),l.addEventListener("DOMContentLoaded",function(){for(var e,t,s=l.querySelectorAll("iframe.wp-embedded-content"),r=0;r<s.length;r++)(t=(e=s[r]).getAttribute("data-secret"))||(t=Math.random().toString(36).substring(2,12),e.src+="#?secret="+t,e.setAttribute("data-secret",t)),e.contentWindow.postMessage({message:"ready",secret:t},"*")},!1)))}(window,document);
/* ]]> */
</script>

Príďte sa zabaviť&nbsp;maľovaním « Pobrežie »&nbsp;do&nbsp;Francúzskeho inštitútu v&nbsp;sobotu 26.&nbsp;augusta od&nbsp;9.15 do&nbsp;11.15 hod.Plátno, farby a&nbsp;štetce sú Vám k&nbsp;dispozícii. Stačí si priniesť dobrú náladu:) Deti sú vítané, ale musia ísť v&nbsp;sprievode dospelej osoby. Počet miest je limitovaný na&nbsp;8 maliarov.&nbsp;Zapíšte sa preto&nbsp;čo&nbsp;najskôr. Vstup je voľný
