{"version":"1.0","provider_name":"Franc\u00fazsky in\u0161tit\u00fat na Slovensku","provider_url":"https:\/\/institutfrancais.sk\/fr\/","author_name":"Silvia Litva Polak","author_url":"https:\/\/institutfrancais.sk\/fr\/author\/silvia\/","title":"Journ\u00e9e portes ouvertes \u00e0 l'Ambassade de France - Franc\u00fazsky in\u0161tit\u00fat na Slovensku","type":"rich","width":600,"height":338,"html":"<blockquote class=\"wp-embedded-content\" data-secret=\"Jcxl6DwCML\"><a href=\"https:\/\/institutfrancais.sk\/fr\/podujatie\/den-otvorenych-dveri\/\">Journ\u00e9e portes ouvertes \u00e0 l&rsquo;Ambassade de France<\/a><\/blockquote><iframe sandbox=\"allow-scripts\" security=\"restricted\" src=\"https:\/\/institutfrancais.sk\/fr\/podujatie\/den-otvorenych-dveri\/embed\/#?secret=Jcxl6DwCML\" width=\"600\" height=\"338\" title=\"\u00ab\u00a0Journ\u00e9e portes ouvertes \u00e0 l&rsquo;Ambassade de France\u00a0\u00bb &#8212; Franc\u00fazsky in\u0161tit\u00fat na Slovensku\" data-secret=\"Jcxl6DwCML\" frameborder=\"0\" marginwidth=\"0\" marginheight=\"0\" scrolling=\"no\" class=\"wp-embedded-content\"><\/iframe><script type=\"text\/javascript\">\n\/* <![CDATA[ *\/\n\/*! This file is auto-generated *\/\n!function(d,l){\"use strict\";l.querySelector&&d.addEventListener&&\"undefined\"!=typeof URL&&(d.wp=d.wp||{},d.wp.receiveEmbedMessage||(d.wp.receiveEmbedMessage=function(e){var t=e.data;if((t||t.secret||t.message||t.value)&&!\/[^a-zA-Z0-9]\/.test(t.secret)){for(var s,r,n,a=l.querySelectorAll('iframe[data-secret=\"'+t.secret+'\"]'),o=l.querySelectorAll('blockquote[data-secret=\"'+t.secret+'\"]'),c=new RegExp(\"^https?:$\",\"i\"),i=0;i<o.length;i++)o[i].style.display=\"none\";for(i=0;i<a.length;i++)s=a[i],e.source===s.contentWindow&&(s.removeAttribute(\"style\"),\"height\"===t.message?(1e3<(r=parseInt(t.value,10))?r=1e3:~~r<200&&(r=200),s.height=r):\"link\"===t.message&&(r=new URL(s.getAttribute(\"src\")),n=new URL(t.value),c.test(n.protocol))&&n.host===r.host&&l.activeElement===s&&(d.top.location.href=t.value))}},d.addEventListener(\"message\",d.wp.receiveEmbedMessage,!1),l.addEventListener(\"DOMContentLoaded\",function(){for(var e,t,s=l.querySelectorAll(\"iframe.wp-embedded-content\"),r=0;r<s.length;r++)(t=(e=s[r]).getAttribute(\"data-secret\"))||(t=Math.random().toString(36).substring(2,12),e.src+=\"#?secret=\"+t,e.setAttribute(\"data-secret\",t)),e.contentWindow.postMessage({message:\"ready\",secret:t},\"*\")},!1)))}(window,document);\n\/* ]]> *\/\n<\/script>\n","thumbnail_url":"https:\/\/institutfrancais.sk\/wp-content\/uploads\/2025\/09\/Snimka-obrazovky-2025-09-05-o-13.20.25.png","thumbnail_width":1002,"thumbnail_height":486,"description":"Dans le cadre des Journ\u00e9es europ\u00e9ennes du patrimoine, l\u2019ambassade de France en Slovaquie vous ouvrira ses portes le samedi 20 septembre de 10h00 \u00e0 12h00. Vous pourrez ainsi d\u00e9couvrir la riche histoire du palais Kutscherfeld, construit en 1762 et dans lequel si\u00e8ge notre ambassade depuis 1994. IL Y A&nbsp;3 CR\u00c9NEAUX HORAIRES DISPONIBLES : 10h00 : [&hellip;]"}

Francúzsky inštitút na Slovensku

Journée portes ouvertes à l'Ambassade de France - Francúzsky inštitút na Slovensku

<blockquote class="wp-embedded-content" data-secret="Jcxl6DwCML"><a href="https://institutfrancais.sk/fr/podujatie/den-otvorenych-dveri/">Journée portes ouvertes à l&rsquo;Ambassade de France</a></blockquote><iframe sandbox="allow-scripts" security="restricted" src="https://institutfrancais.sk/fr/podujatie/den-otvorenych-dveri/embed/#?secret=Jcxl6DwCML" width="600" height="338" title="« Journée portes ouvertes à l&rsquo;Ambassade de France » &#8212; Francúzsky inštitút na Slovensku" data-secret="Jcxl6DwCML" frameborder="0" marginwidth="0" marginheight="0" scrolling="no" class="wp-embedded-content"></iframe><script type="text/javascript">
/* <![CDATA[ */
/*! This file is auto-generated */
!function(d,l){"use strict";l.querySelector&&d.addEventListener&&"undefined"!=typeof URL&&(d.wp=d.wp||{},d.wp.receiveEmbedMessage||(d.wp.receiveEmbedMessage=function(e){var t=e.data;if((t||t.secret||t.message||t.value)&&!/[^a-zA-Z0-9]/.test(t.secret)){for(var s,r,n,a=l.querySelectorAll('iframe[data-secret="'+t.secret+'"]'),o=l.querySelectorAll('blockquote[data-secret="'+t.secret+'"]'),c=new RegExp("^https?:$","i"),i=0;i<o.length;i++)o[i].style.display="none";for(i=0;i<a.length;i++)s=a[i],e.source===s.contentWindow&&(s.removeAttribute("style"),"height"===t.message?(1e3<(r=parseInt(t.value,10))?r=1e3:~~r<200&&(r=200),s.height=r):"link"===t.message&&(r=new URL(s.getAttribute("src")),n=new URL(t.value),c.test(n.protocol))&&n.host===r.host&&l.activeElement===s&&(d.top.location.href=t.value))}},d.addEventListener("message",d.wp.receiveEmbedMessage,!1),l.addEventListener("DOMContentLoaded",function(){for(var e,t,s=l.querySelectorAll("iframe.wp-embedded-content"),r=0;r<s.length;r++)(t=(e=s[r]).getAttribute("data-secret"))||(t=Math.random().toString(36).substring(2,12),e.src+="#?secret="+t,e.setAttribute("data-secret",t)),e.contentWindow.postMessage({message:"ready",secret:t},"*")},!1)))}(window,document);
/* ]]> */
</script>

Dans le cadre des Journées européennes du patrimoine, l’ambassade de France en Slovaquie vous ouvrira ses portes le samedi 20 septembre de 10h00 à 12h00. Vous pourrez ainsi découvrir la riche histoire du palais Kutscherfeld, construit en 1762 et dans lequel siège notre ambassade depuis 1994. IL Y A&nbsp;3 CRÉNEAUX HORAIRES DISPONIBLES : 10h00 : [&hellip;]
