{"version":"1.0","provider_name":"Franc\u00fazsky in\u0161tit\u00fat na Slovensku","provider_url":"https:\/\/institutfrancais.sk\/fr\/","author_name":"Silvia Litva Polak","author_url":"https:\/\/institutfrancais.sk\/fr\/author\/silvia\/","title":"Exposition \"Les caf\u00e9s font l'Europe\" - Franc\u00fazsky in\u0161tit\u00fat na Slovensku","type":"rich","width":600,"height":338,"html":"<blockquote class=\"wp-embedded-content\" data-secret=\"xOPxuGABHn\"><a href=\"https:\/\/institutfrancais.sk\/fr\/podujatie\/exposition-les-cafes-font-europe\/\">Exposition \u00ab\u00a0Les caf\u00e9s font l&rsquo;Europe\u00a0\u00bb<\/a><\/blockquote><iframe sandbox=\"allow-scripts\" security=\"restricted\" src=\"https:\/\/institutfrancais.sk\/fr\/podujatie\/exposition-les-cafes-font-europe\/embed\/#?secret=xOPxuGABHn\" width=\"600\" height=\"338\" title=\"\u00ab\u00a0Exposition \u00ab\u00a0Les caf\u00e9s font l&rsquo;Europe\u00a0\u00bb\u00a0\u00bb &#8212; Franc\u00fazsky in\u0161tit\u00fat na Slovensku\" data-secret=\"xOPxuGABHn\" frameborder=\"0\" marginwidth=\"0\" marginheight=\"0\" scrolling=\"no\" class=\"wp-embedded-content\"><\/iframe><script type=\"text\/javascript\">\n\/* <![CDATA[ *\/\n\/*! This file is auto-generated *\/\n!function(d,l){\"use strict\";l.querySelector&&d.addEventListener&&\"undefined\"!=typeof URL&&(d.wp=d.wp||{},d.wp.receiveEmbedMessage||(d.wp.receiveEmbedMessage=function(e){var t=e.data;if((t||t.secret||t.message||t.value)&&!\/[^a-zA-Z0-9]\/.test(t.secret)){for(var s,r,n,a=l.querySelectorAll('iframe[data-secret=\"'+t.secret+'\"]'),o=l.querySelectorAll('blockquote[data-secret=\"'+t.secret+'\"]'),c=new RegExp(\"^https?:$\",\"i\"),i=0;i<o.length;i++)o[i].style.display=\"none\";for(i=0;i<a.length;i++)s=a[i],e.source===s.contentWindow&&(s.removeAttribute(\"style\"),\"height\"===t.message?(1e3<(r=parseInt(t.value,10))?r=1e3:~~r<200&&(r=200),s.height=r):\"link\"===t.message&&(r=new URL(s.getAttribute(\"src\")),n=new URL(t.value),c.test(n.protocol))&&n.host===r.host&&l.activeElement===s&&(d.top.location.href=t.value))}},d.addEventListener(\"message\",d.wp.receiveEmbedMessage,!1),l.addEventListener(\"DOMContentLoaded\",function(){for(var e,t,s=l.querySelectorAll(\"iframe.wp-embedded-content\"),r=0;r<s.length;r++)(t=(e=s[r]).getAttribute(\"data-secret\"))||(t=Math.random().toString(36).substring(2,12),e.src+=\"#?secret=\"+t,e.setAttribute(\"data-secret\",t)),e.contentWindow.postMessage({message:\"ready\",secret:t},\"*\")},!1)))}(window,document);\n\/* ]]> *\/\n<\/script>\n","thumbnail_url":"https:\/\/institutfrancais.sk\/wp-content\/uploads\/2022\/05\/slovaquie_bratislava.jpg","thumbnail_width":1500,"thumbnail_height":1000,"description":"\u00ab\u00a0Dessinez la carte des caf\u00e9s, vous obtiendrez l\u2019un des jalons essentiels de la notion d\u2019Europe.\u201c George Steiner, philosophe et critique litt\u00e9raire (1929-2020) Les caf\u00e9s sont des lieux de vie, de cr\u00e9ation, mais aussi de d\u00e9bats, de retrouvailles entre amis, de rencontres. C\u2019est cette culture que nous partageons avec tous les Europ\u00e9ens. C\u2019est dans les caf\u00e9s [&hellip;]"}

Francúzsky inštitút na Slovensku

Exposition "Les cafés font l'Europe" - Francúzsky inštitút na Slovensku

<blockquote class="wp-embedded-content" data-secret="xOPxuGABHn"><a href="https://institutfrancais.sk/fr/podujatie/exposition-les-cafes-font-europe/">Exposition « Les cafés font l&rsquo;Europe »</a></blockquote><iframe sandbox="allow-scripts" security="restricted" src="https://institutfrancais.sk/fr/podujatie/exposition-les-cafes-font-europe/embed/#?secret=xOPxuGABHn" width="600" height="338" title="« Exposition « Les cafés font l&rsquo;Europe » » &#8212; Francúzsky inštitút na Slovensku" data-secret="xOPxuGABHn" frameborder="0" marginwidth="0" marginheight="0" scrolling="no" class="wp-embedded-content"></iframe><script type="text/javascript">
/* <![CDATA[ */
/*! This file is auto-generated */
!function(d,l){"use strict";l.querySelector&&d.addEventListener&&"undefined"!=typeof URL&&(d.wp=d.wp||{},d.wp.receiveEmbedMessage||(d.wp.receiveEmbedMessage=function(e){var t=e.data;if((t||t.secret||t.message||t.value)&&!/[^a-zA-Z0-9]/.test(t.secret)){for(var s,r,n,a=l.querySelectorAll('iframe[data-secret="'+t.secret+'"]'),o=l.querySelectorAll('blockquote[data-secret="'+t.secret+'"]'),c=new RegExp("^https?:$","i"),i=0;i<o.length;i++)o[i].style.display="none";for(i=0;i<a.length;i++)s=a[i],e.source===s.contentWindow&&(s.removeAttribute("style"),"height"===t.message?(1e3<(r=parseInt(t.value,10))?r=1e3:~~r<200&&(r=200),s.height=r):"link"===t.message&&(r=new URL(s.getAttribute("src")),n=new URL(t.value),c.test(n.protocol))&&n.host===r.host&&l.activeElement===s&&(d.top.location.href=t.value))}},d.addEventListener("message",d.wp.receiveEmbedMessage,!1),l.addEventListener("DOMContentLoaded",function(){for(var e,t,s=l.querySelectorAll("iframe.wp-embedded-content"),r=0;r<s.length;r++)(t=(e=s[r]).getAttribute("data-secret"))||(t=Math.random().toString(36).substring(2,12),e.src+="#?secret="+t,e.setAttribute("data-secret",t)),e.contentWindow.postMessage({message:"ready",secret:t},"*")},!1)))}(window,document);
/* ]]> */
</script>

« Dessinez la carte des cafés, vous obtiendrez l’un des jalons essentiels de la notion d’Europe.“ George Steiner, philosophe et critique littéraire (1929-2020) Les cafés sont des lieux de vie, de création, mais aussi de débats, de retrouvailles entre amis, de rencontres. C’est cette culture que nous partageons avec tous les Européens. C’est dans les cafés [&hellip;]
