{"version":"1.0","provider_name":"Franc\u00fazsky in\u0161tit\u00fat na Slovensku","provider_url":"https:\/\/institutfrancais.sk\/fr\/","author_name":"Silvia Litva Polak","author_url":"https:\/\/institutfrancais.sk\/fr\/author\/silvia\/","title":"Hommage \u00e0 Charles Baudelaire - Franc\u00fazsky in\u0161tit\u00fat na Slovensku","type":"rich","width":600,"height":338,"html":"<blockquote class=\"wp-embedded-content\" data-secret=\"SXhU7Zy0rM\"><a href=\"https:\/\/institutfrancais.sk\/fr\/podujatie\/hommage-a-charles-baudelaire\/\">Hommage \u00e0 Charles Baudelaire<\/a><\/blockquote><iframe sandbox=\"allow-scripts\" security=\"restricted\" src=\"https:\/\/institutfrancais.sk\/fr\/podujatie\/hommage-a-charles-baudelaire\/embed\/#?secret=SXhU7Zy0rM\" width=\"600\" height=\"338\" title=\"\u00ab\u00a0Hommage \u00e0 Charles Baudelaire\u00a0\u00bb &#8212; Franc\u00fazsky in\u0161tit\u00fat na Slovensku\" data-secret=\"SXhU7Zy0rM\" frameborder=\"0\" marginwidth=\"0\" marginheight=\"0\" scrolling=\"no\" class=\"wp-embedded-content\"><\/iframe><script type=\"text\/javascript\">\n\/* <![CDATA[ *\/\n\/*! This file is auto-generated *\/\n!function(d,l){\"use strict\";l.querySelector&&d.addEventListener&&\"undefined\"!=typeof URL&&(d.wp=d.wp||{},d.wp.receiveEmbedMessage||(d.wp.receiveEmbedMessage=function(e){var t=e.data;if((t||t.secret||t.message||t.value)&&!\/[^a-zA-Z0-9]\/.test(t.secret)){for(var s,r,n,a=l.querySelectorAll('iframe[data-secret=\"'+t.secret+'\"]'),o=l.querySelectorAll('blockquote[data-secret=\"'+t.secret+'\"]'),c=new RegExp(\"^https?:$\",\"i\"),i=0;i<o.length;i++)o[i].style.display=\"none\";for(i=0;i<a.length;i++)s=a[i],e.source===s.contentWindow&&(s.removeAttribute(\"style\"),\"height\"===t.message?(1e3<(r=parseInt(t.value,10))?r=1e3:~~r<200&&(r=200),s.height=r):\"link\"===t.message&&(r=new URL(s.getAttribute(\"src\")),n=new URL(t.value),c.test(n.protocol))&&n.host===r.host&&l.activeElement===s&&(d.top.location.href=t.value))}},d.addEventListener(\"message\",d.wp.receiveEmbedMessage,!1),l.addEventListener(\"DOMContentLoaded\",function(){for(var e,t,s=l.querySelectorAll(\"iframe.wp-embedded-content\"),r=0;r<s.length;r++)(t=(e=s[r]).getAttribute(\"data-secret\"))||(t=Math.random().toString(36).substring(2,12),e.src+=\"#?secret=\"+t,e.setAttribute(\"data-secret\",t)),e.contentWindow.postMessage({message:\"ready\",secret:t},\"*\")},!1)))}(window,document);\n\/* ]]> *\/\n<\/script>\n","thumbnail_url":"https:\/\/institutfrancais.sk\/wp-content\/uploads\/2022\/02\/tej-co-presla-popri-mne_web-873.jpg","thumbnail_width":666,"thumbnail_height":886,"description":"Une soir\u00e9e de litt\u00e9rature et d'art plastique avec la pr\u00e9sentation du livre Charles Baudelaire: Tej, \u010do pre\u0161la popri mne (\u00c0 une passante, Perfekt, 2021), une s\u00e9lection bilingue de l'\u0153uvre de Charles Baudelaire traduite par le po\u00e8te \u013dubom\u00edr Feldek et de l'exposition La Boh\u00e8me de Baudelaire, une s\u00e9lection de peintures de Katar\u00edna Vavrov\u00e1, qui illustrent ce livre exceptionnel."}

Francúzsky inštitút na Slovensku

Hommage à Charles Baudelaire - Francúzsky inštitút na Slovensku

<blockquote class="wp-embedded-content" data-secret="SXhU7Zy0rM"><a href="https://institutfrancais.sk/fr/podujatie/hommage-a-charles-baudelaire/">Hommage à Charles Baudelaire</a></blockquote><iframe sandbox="allow-scripts" security="restricted" src="https://institutfrancais.sk/fr/podujatie/hommage-a-charles-baudelaire/embed/#?secret=SXhU7Zy0rM" width="600" height="338" title="« Hommage à Charles Baudelaire » &#8212; Francúzsky inštitút na Slovensku" data-secret="SXhU7Zy0rM" frameborder="0" marginwidth="0" marginheight="0" scrolling="no" class="wp-embedded-content"></iframe><script type="text/javascript">
/* <![CDATA[ */
/*! This file is auto-generated */
!function(d,l){"use strict";l.querySelector&&d.addEventListener&&"undefined"!=typeof URL&&(d.wp=d.wp||{},d.wp.receiveEmbedMessage||(d.wp.receiveEmbedMessage=function(e){var t=e.data;if((t||t.secret||t.message||t.value)&&!/[^a-zA-Z0-9]/.test(t.secret)){for(var s,r,n,a=l.querySelectorAll('iframe[data-secret="'+t.secret+'"]'),o=l.querySelectorAll('blockquote[data-secret="'+t.secret+'"]'),c=new RegExp("^https?:$","i"),i=0;i<o.length;i++)o[i].style.display="none";for(i=0;i<a.length;i++)s=a[i],e.source===s.contentWindow&&(s.removeAttribute("style"),"height"===t.message?(1e3<(r=parseInt(t.value,10))?r=1e3:~~r<200&&(r=200),s.height=r):"link"===t.message&&(r=new URL(s.getAttribute("src")),n=new URL(t.value),c.test(n.protocol))&&n.host===r.host&&l.activeElement===s&&(d.top.location.href=t.value))}},d.addEventListener("message",d.wp.receiveEmbedMessage,!1),l.addEventListener("DOMContentLoaded",function(){for(var e,t,s=l.querySelectorAll("iframe.wp-embedded-content"),r=0;r<s.length;r++)(t=(e=s[r]).getAttribute("data-secret"))||(t=Math.random().toString(36).substring(2,12),e.src+="#?secret="+t,e.setAttribute("data-secret",t)),e.contentWindow.postMessage({message:"ready",secret:t},"*")},!1)))}(window,document);
/* ]]> */
</script>

Une soirée de littérature et d'art plastique avec la présentation du livre Charles Baudelaire: Tej, čo prešla popri mne (À une passante, Perfekt, 2021), une sélection bilingue de l'œuvre de Charles Baudelaire traduite par le poète Ľubomír Feldek et de l'exposition La Bohème de Baudelaire, une sélection de peintures de Katarína Vavrová, qui illustrent ce livre exceptionnel.
