{"version":"1.0","provider_name":"Franc\u00fazsky in\u0161tit\u00fat na Slovensku","provider_url":"https:\/\/institutfrancais.sk\/fr\/","author_name":"Silvia Litva Polak","author_url":"https:\/\/institutfrancais.sk\/fr\/author\/silvia\/","title":"\ud83c\udfb6\u00a0Concert de ZAZ \u00e0 Bratislava \u2013 Gagnez des billets ! - Franc\u00fazsky in\u0161tit\u00fat na Slovensku","type":"rich","width":600,"height":338,"html":"<blockquote class=\"wp-embedded-content\" data-secret=\"9HNJ6tJHij\"><a href=\"https:\/\/institutfrancais.sk\/fr\/podujatie\/koncert-zaz\/\">\ud83c\udfb6\u00a0Concert de ZAZ \u00e0 Bratislava \u2013 Gagnez des billets !<\/a><\/blockquote><iframe sandbox=\"allow-scripts\" security=\"restricted\" src=\"https:\/\/institutfrancais.sk\/fr\/podujatie\/koncert-zaz\/embed\/#?secret=9HNJ6tJHij\" width=\"600\" height=\"338\" title=\"\u00ab\u00a0\ud83c\udfb6\u00a0Concert de ZAZ \u00e0 Bratislava \u2013 Gagnez des billets !\u00a0\u00bb &#8212; Franc\u00fazsky in\u0161tit\u00fat na Slovensku\" data-secret=\"9HNJ6tJHij\" frameborder=\"0\" marginwidth=\"0\" marginheight=\"0\" scrolling=\"no\" class=\"wp-embedded-content\"><\/iframe><script type=\"text\/javascript\">\n\/* <![CDATA[ *\/\n\/*! This file is auto-generated *\/\n!function(d,l){\"use strict\";l.querySelector&&d.addEventListener&&\"undefined\"!=typeof URL&&(d.wp=d.wp||{},d.wp.receiveEmbedMessage||(d.wp.receiveEmbedMessage=function(e){var t=e.data;if((t||t.secret||t.message||t.value)&&!\/[^a-zA-Z0-9]\/.test(t.secret)){for(var s,r,n,a=l.querySelectorAll('iframe[data-secret=\"'+t.secret+'\"]'),o=l.querySelectorAll('blockquote[data-secret=\"'+t.secret+'\"]'),c=new RegExp(\"^https?:$\",\"i\"),i=0;i<o.length;i++)o[i].style.display=\"none\";for(i=0;i<a.length;i++)s=a[i],e.source===s.contentWindow&&(s.removeAttribute(\"style\"),\"height\"===t.message?(1e3<(r=parseInt(t.value,10))?r=1e3:~~r<200&&(r=200),s.height=r):\"link\"===t.message&&(r=new URL(s.getAttribute(\"src\")),n=new URL(t.value),c.test(n.protocol))&&n.host===r.host&&l.activeElement===s&&(d.top.location.href=t.value))}},d.addEventListener(\"message\",d.wp.receiveEmbedMessage,!1),l.addEventListener(\"DOMContentLoaded\",function(){for(var e,t,s=l.querySelectorAll(\"iframe.wp-embedded-content\"),r=0;r<s.length;r++)(t=(e=s[r]).getAttribute(\"data-secret\"))||(t=Math.random().toString(36).substring(2,12),e.src+=\"#?secret=\"+t,e.setAttribute(\"data-secret\",t)),e.contentWindow.postMessage({message:\"ready\",secret:t},\"*\")},!1)))}(window,document);\n\/* ]]> *\/\n<\/script>\n","thumbnail_url":"https:\/\/institutfrancais.sk\/wp-content\/uploads\/2026\/01\/ZAZ_2000x1000_Bratislava_.jpg","thumbnail_width":2000,"thumbnail_height":1000,"description":"ZAZ encha\u00eene les concerts \u00e0 guichets ferm\u00e9s, elle chantera \u00e0 Bratislava en janvier La chanteuse ZAZ prouve une fois de plus qu\u2019elle compte parmi les plus grandes stars de la musique fran\u00e7aise. Sa tourn\u00e9e europ\u00e9enne actuelle affiche complet concert apr\u00e8s concert \u2013 y compris l\u2019\u00e9tape pragoise \u2013 et Bratislava figure elle aussi parmi les villes [&hellip;]"}

Francúzsky inštitút na Slovensku

🎶 Concert de ZAZ à Bratislava – Gagnez des billets ! - Francúzsky inštitút na Slovensku

<blockquote class="wp-embedded-content" data-secret="9HNJ6tJHij"><a href="https://institutfrancais.sk/fr/podujatie/koncert-zaz/">🎶 Concert de ZAZ à Bratislava – Gagnez des billets !</a></blockquote><iframe sandbox="allow-scripts" security="restricted" src="https://institutfrancais.sk/fr/podujatie/koncert-zaz/embed/#?secret=9HNJ6tJHij" width="600" height="338" title="« 🎶 Concert de ZAZ à Bratislava – Gagnez des billets ! » &#8212; Francúzsky inštitút na Slovensku" data-secret="9HNJ6tJHij" frameborder="0" marginwidth="0" marginheight="0" scrolling="no" class="wp-embedded-content"></iframe><script type="text/javascript">
/* <![CDATA[ */
/*! This file is auto-generated */
!function(d,l){"use strict";l.querySelector&&d.addEventListener&&"undefined"!=typeof URL&&(d.wp=d.wp||{},d.wp.receiveEmbedMessage||(d.wp.receiveEmbedMessage=function(e){var t=e.data;if((t||t.secret||t.message||t.value)&&!/[^a-zA-Z0-9]/.test(t.secret)){for(var s,r,n,a=l.querySelectorAll('iframe[data-secret="'+t.secret+'"]'),o=l.querySelectorAll('blockquote[data-secret="'+t.secret+'"]'),c=new RegExp("^https?:$","i"),i=0;i<o.length;i++)o[i].style.display="none";for(i=0;i<a.length;i++)s=a[i],e.source===s.contentWindow&&(s.removeAttribute("style"),"height"===t.message?(1e3<(r=parseInt(t.value,10))?r=1e3:~~r<200&&(r=200),s.height=r):"link"===t.message&&(r=new URL(s.getAttribute("src")),n=new URL(t.value),c.test(n.protocol))&&n.host===r.host&&l.activeElement===s&&(d.top.location.href=t.value))}},d.addEventListener("message",d.wp.receiveEmbedMessage,!1),l.addEventListener("DOMContentLoaded",function(){for(var e,t,s=l.querySelectorAll("iframe.wp-embedded-content"),r=0;r<s.length;r++)(t=(e=s[r]).getAttribute("data-secret"))||(t=Math.random().toString(36).substring(2,12),e.src+="#?secret="+t,e.setAttribute("data-secret",t)),e.contentWindow.postMessage({message:"ready",secret:t},"*")},!1)))}(window,document);
/* ]]> */
</script>

ZAZ enchaîne les concerts à guichets fermés, elle chantera à Bratislava en janvier La chanteuse ZAZ prouve une fois de plus qu’elle compte parmi les plus grandes stars de la musique française. Sa tournée européenne actuelle affiche complet concert après concert – y compris l’étape pragoise – et Bratislava figure elle aussi parmi les villes [&hellip;]
