{"version":"1.0","provider_name":"Franc\u00fazsky in\u0161tit\u00fat na Slovensku","provider_url":"https:\/\/institutfrancais.sk\/fr\/","author_name":"Silvia Litva Polak","author_url":"https:\/\/institutfrancais.sk\/fr\/author\/silvia\/","title":"21 juin - La f\u00eate de la musique \u00e0 Bratislava - Franc\u00fazsky in\u0161tit\u00fat na Slovensku","type":"rich","width":600,"height":338,"html":"<blockquote class=\"wp-embedded-content\" data-secret=\"WeFfqrhc9J\"><a href=\"https:\/\/institutfrancais.sk\/fr\/podujatie\/la-fete-de-la-musique-a-bratislava\/\">21 juin &#8211;&nbsp;La f\u00eate de la musique \u00e0 Bratislava<\/a><\/blockquote><iframe sandbox=\"allow-scripts\" security=\"restricted\" src=\"https:\/\/institutfrancais.sk\/fr\/podujatie\/la-fete-de-la-musique-a-bratislava\/embed\/#?secret=WeFfqrhc9J\" width=\"600\" height=\"338\" title=\"\u00ab\u00a021 juin &#8211;&nbsp;La f\u00eate de la musique \u00e0 Bratislava\u00a0\u00bb &#8212; Franc\u00fazsky in\u0161tit\u00fat na Slovensku\" data-secret=\"WeFfqrhc9J\" frameborder=\"0\" marginwidth=\"0\" marginheight=\"0\" scrolling=\"no\" class=\"wp-embedded-content\"><\/iframe><script type=\"text\/javascript\">\n\/* <![CDATA[ *\/\n\/*! This file is auto-generated *\/\n!function(d,l){\"use strict\";l.querySelector&&d.addEventListener&&\"undefined\"!=typeof URL&&(d.wp=d.wp||{},d.wp.receiveEmbedMessage||(d.wp.receiveEmbedMessage=function(e){var t=e.data;if((t||t.secret||t.message||t.value)&&!\/[^a-zA-Z0-9]\/.test(t.secret)){for(var s,r,n,a=l.querySelectorAll('iframe[data-secret=\"'+t.secret+'\"]'),o=l.querySelectorAll('blockquote[data-secret=\"'+t.secret+'\"]'),c=new RegExp(\"^https?:$\",\"i\"),i=0;i<o.length;i++)o[i].style.display=\"none\";for(i=0;i<a.length;i++)s=a[i],e.source===s.contentWindow&&(s.removeAttribute(\"style\"),\"height\"===t.message?(1e3<(r=parseInt(t.value,10))?r=1e3:~~r<200&&(r=200),s.height=r):\"link\"===t.message&&(r=new URL(s.getAttribute(\"src\")),n=new URL(t.value),c.test(n.protocol))&&n.host===r.host&&l.activeElement===s&&(d.top.location.href=t.value))}},d.addEventListener(\"message\",d.wp.receiveEmbedMessage,!1),l.addEventListener(\"DOMContentLoaded\",function(){for(var e,t,s=l.querySelectorAll(\"iframe.wp-embedded-content\"),r=0;r<s.length;r++)(t=(e=s[r]).getAttribute(\"data-secret\"))||(t=Math.random().toString(36).substring(2,12),e.src+=\"#?secret=\"+t,e.setAttribute(\"data-secret\",t)),e.contentWindow.postMessage({message:\"ready\",secret:t},\"*\")},!1)))}(window,document);\n\/* ]]> *\/\n<\/script>\n","thumbnail_url":"https:\/\/institutfrancais.sk\/wp-content\/uploads\/2021\/06\/FDLM-web-ok.jpg","thumbnail_width":1920,"thumbnail_height":1002,"description":"Une tr\u00e9pidante tradition trouvant des \u00e9chos \u00e0 travers le monde entier ! Sur fond de renouveau culturel apr\u00e8s de longs mois de confinement, l\u2019Institut fran\u00e7ais de Slovaquie est heureux de c\u00e9l\u00e9brer la F\u00eate de la musique entre innovation et tradition. La f\u00eate de la musique 2021 est un renouveau qui correspond au solstice d&rsquo;\u00e9t\u00e9, c\u2019est [&hellip;]"}

Francúzsky inštitút na Slovensku

21 juin - La fête de la musique à Bratislava - Francúzsky inštitút na Slovensku

<blockquote class="wp-embedded-content" data-secret="WeFfqrhc9J"><a href="https://institutfrancais.sk/fr/podujatie/la-fete-de-la-musique-a-bratislava/">21 juin &#8211;&nbsp;La fête de la musique à Bratislava</a></blockquote><iframe sandbox="allow-scripts" security="restricted" src="https://institutfrancais.sk/fr/podujatie/la-fete-de-la-musique-a-bratislava/embed/#?secret=WeFfqrhc9J" width="600" height="338" title="« 21 juin &#8211;&nbsp;La fête de la musique à Bratislava » &#8212; Francúzsky inštitút na Slovensku" data-secret="WeFfqrhc9J" frameborder="0" marginwidth="0" marginheight="0" scrolling="no" class="wp-embedded-content"></iframe><script type="text/javascript">
/* <![CDATA[ */
/*! This file is auto-generated */
!function(d,l){"use strict";l.querySelector&&d.addEventListener&&"undefined"!=typeof URL&&(d.wp=d.wp||{},d.wp.receiveEmbedMessage||(d.wp.receiveEmbedMessage=function(e){var t=e.data;if((t||t.secret||t.message||t.value)&&!/[^a-zA-Z0-9]/.test(t.secret)){for(var s,r,n,a=l.querySelectorAll('iframe[data-secret="'+t.secret+'"]'),o=l.querySelectorAll('blockquote[data-secret="'+t.secret+'"]'),c=new RegExp("^https?:$","i"),i=0;i<o.length;i++)o[i].style.display="none";for(i=0;i<a.length;i++)s=a[i],e.source===s.contentWindow&&(s.removeAttribute("style"),"height"===t.message?(1e3<(r=parseInt(t.value,10))?r=1e3:~~r<200&&(r=200),s.height=r):"link"===t.message&&(r=new URL(s.getAttribute("src")),n=new URL(t.value),c.test(n.protocol))&&n.host===r.host&&l.activeElement===s&&(d.top.location.href=t.value))}},d.addEventListener("message",d.wp.receiveEmbedMessage,!1),l.addEventListener("DOMContentLoaded",function(){for(var e,t,s=l.querySelectorAll("iframe.wp-embedded-content"),r=0;r<s.length;r++)(t=(e=s[r]).getAttribute("data-secret"))||(t=Math.random().toString(36).substring(2,12),e.src+="#?secret="+t,e.setAttribute("data-secret",t)),e.contentWindow.postMessage({message:"ready",secret:t},"*")},!1)))}(window,document);
/* ]]> */
</script>

Une trépidante tradition trouvant des échos à travers le monde entier ! Sur fond de renouveau culturel après de longs mois de confinement, l’Institut français de Slovaquie est heureux de célébrer la Fête de la musique entre innovation et tradition. La fête de la musique 2021 est un renouveau qui correspond au solstice d&rsquo;été, c’est [&hellip;]
