{"version":"1.0","provider_name":"Franc\u00fazsky in\u0161tit\u00fat na Slovensku","provider_url":"https:\/\/institutfrancais.sk\/fr\/","author_name":"Silvia Litva Polak","author_url":"https:\/\/institutfrancais.sk\/fr\/author\/silvia\/","title":"L\u2019ap\u00e9ro du Caf\u00e9 Fran\u00e7ais [Simone de Beauvoir] - Franc\u00fazsky in\u0161tit\u00fat na Slovensku","type":"rich","width":600,"height":338,"html":"<blockquote class=\"wp-embedded-content\" data-secret=\"Vdes1bSSBV\"><a href=\"https:\/\/institutfrancais.sk\/fr\/podujatie\/lapero-du-cafe-francais-simone-de-beauvoir\/\">L\u2019ap\u00e9ro du Caf\u00e9 Fran\u00e7ais [Simone de Beauvoir]<\/a><\/blockquote><iframe sandbox=\"allow-scripts\" security=\"restricted\" src=\"https:\/\/institutfrancais.sk\/fr\/podujatie\/lapero-du-cafe-francais-simone-de-beauvoir\/embed\/#?secret=Vdes1bSSBV\" width=\"600\" height=\"338\" title=\"\u00ab\u00a0L\u2019ap\u00e9ro du Caf\u00e9 Fran\u00e7ais [Simone de Beauvoir]\u00a0\u00bb &#8212; Franc\u00fazsky in\u0161tit\u00fat na Slovensku\" data-secret=\"Vdes1bSSBV\" frameborder=\"0\" marginwidth=\"0\" marginheight=\"0\" scrolling=\"no\" class=\"wp-embedded-content\"><\/iframe><script type=\"text\/javascript\">\n\/* <![CDATA[ *\/\n\/*! This file is auto-generated *\/\n!function(d,l){\"use strict\";l.querySelector&&d.addEventListener&&\"undefined\"!=typeof URL&&(d.wp=d.wp||{},d.wp.receiveEmbedMessage||(d.wp.receiveEmbedMessage=function(e){var t=e.data;if((t||t.secret||t.message||t.value)&&!\/[^a-zA-Z0-9]\/.test(t.secret)){for(var s,r,n,a=l.querySelectorAll('iframe[data-secret=\"'+t.secret+'\"]'),o=l.querySelectorAll('blockquote[data-secret=\"'+t.secret+'\"]'),c=new RegExp(\"^https?:$\",\"i\"),i=0;i<o.length;i++)o[i].style.display=\"none\";for(i=0;i<a.length;i++)s=a[i],e.source===s.contentWindow&&(s.removeAttribute(\"style\"),\"height\"===t.message?(1e3<(r=parseInt(t.value,10))?r=1e3:~~r<200&&(r=200),s.height=r):\"link\"===t.message&&(r=new URL(s.getAttribute(\"src\")),n=new URL(t.value),c.test(n.protocol))&&n.host===r.host&&l.activeElement===s&&(d.top.location.href=t.value))}},d.addEventListener(\"message\",d.wp.receiveEmbedMessage,!1),l.addEventListener(\"DOMContentLoaded\",function(){for(var e,t,s=l.querySelectorAll(\"iframe.wp-embedded-content\"),r=0;r<s.length;r++)(t=(e=s[r]).getAttribute(\"data-secret\"))||(t=Math.random().toString(36).substring(2,12),e.src+=\"#?secret=\"+t,e.setAttribute(\"data-secret\",t)),e.contentWindow.postMessage({message:\"ready\",secret:t},\"*\")},!1)))}(window,document);\n\/* ]]> *\/\n<\/script>\n","thumbnail_url":"https:\/\/institutfrancais.sk\/wp-content\/uploads\/2021\/03\/9334876056_c112cc4f4a_o.jpg","thumbnail_width":800,"thumbnail_height":533,"description":"Ev\u00e8nement Date : jeudi 18 mars et samedi 20 mars, 19h &#8211;&nbsp;20hLieu : sur Zoom Organis\u00e9 par Stanica-Zariecie, L\u2019ap\u00e9ro du caf\u00e9 fran\u00e7ais, c\u2019est un hommage \u00e0 ces espaces de socialisation et de cr\u00e9ation qui nous sont chers, devenus &#8211;&nbsp;malheureusement &#8211;&nbsp;trop rares \u00e0 l\u2019\u00e9preuve du COVID. Pour philosopher, d\u00e9battre, \u00e9changer et se d\u00e9couvrir. Organisateurs \u00a9 Photo [&hellip;]"}

Francúzsky inštitút na Slovensku

L’apéro du Café Français [Simone de Beauvoir] - Francúzsky inštitút na Slovensku

<blockquote class="wp-embedded-content" data-secret="Vdes1bSSBV"><a href="https://institutfrancais.sk/fr/podujatie/lapero-du-cafe-francais-simone-de-beauvoir/">L’apéro du Café Français [Simone de Beauvoir]</a></blockquote><iframe sandbox="allow-scripts" security="restricted" src="https://institutfrancais.sk/fr/podujatie/lapero-du-cafe-francais-simone-de-beauvoir/embed/#?secret=Vdes1bSSBV" width="600" height="338" title="« L’apéro du Café Français [Simone de Beauvoir] » &#8212; Francúzsky inštitút na Slovensku" data-secret="Vdes1bSSBV" frameborder="0" marginwidth="0" marginheight="0" scrolling="no" class="wp-embedded-content"></iframe><script type="text/javascript">
/* <![CDATA[ */
/*! This file is auto-generated */
!function(d,l){"use strict";l.querySelector&&d.addEventListener&&"undefined"!=typeof URL&&(d.wp=d.wp||{},d.wp.receiveEmbedMessage||(d.wp.receiveEmbedMessage=function(e){var t=e.data;if((t||t.secret||t.message||t.value)&&!/[^a-zA-Z0-9]/.test(t.secret)){for(var s,r,n,a=l.querySelectorAll('iframe[data-secret="'+t.secret+'"]'),o=l.querySelectorAll('blockquote[data-secret="'+t.secret+'"]'),c=new RegExp("^https?:$","i"),i=0;i<o.length;i++)o[i].style.display="none";for(i=0;i<a.length;i++)s=a[i],e.source===s.contentWindow&&(s.removeAttribute("style"),"height"===t.message?(1e3<(r=parseInt(t.value,10))?r=1e3:~~r<200&&(r=200),s.height=r):"link"===t.message&&(r=new URL(s.getAttribute("src")),n=new URL(t.value),c.test(n.protocol))&&n.host===r.host&&l.activeElement===s&&(d.top.location.href=t.value))}},d.addEventListener("message",d.wp.receiveEmbedMessage,!1),l.addEventListener("DOMContentLoaded",function(){for(var e,t,s=l.querySelectorAll("iframe.wp-embedded-content"),r=0;r<s.length;r++)(t=(e=s[r]).getAttribute("data-secret"))||(t=Math.random().toString(36).substring(2,12),e.src+="#?secret="+t,e.setAttribute("data-secret",t)),e.contentWindow.postMessage({message:"ready",secret:t},"*")},!1)))}(window,document);
/* ]]> */
</script>

Evènement Date : jeudi 18 mars et samedi 20 mars, 19h &#8211;&nbsp;20hLieu : sur Zoom Organisé par Stanica-Zariecie, L’apéro du café français, c’est un hommage à ces espaces de socialisation et de création qui nous sont chers, devenus &#8211;&nbsp;malheureusement &#8211;&nbsp;trop rares à l’épreuve du COVID. Pour philosopher, débattre, échanger et se découvrir. Organisateurs © Photo [&hellip;]
