{"version":"1.0","provider_name":"Franc\u00fazsky in\u0161tit\u00fat na Slovensku","provider_url":"https:\/\/institutfrancais.sk\/fr\/","author_name":"Silvia Litva Polak","author_url":"https:\/\/institutfrancais.sk\/fr\/author\/silvia\/","title":"\"Lisez-vous le belge ?\" \u2013 Belgitude en Slovaquie\u00a0 - Franc\u00fazsky in\u0161tit\u00fat na Slovensku","type":"rich","width":600,"height":338,"html":"<blockquote class=\"wp-embedded-content\" data-secret=\"2iF4jn0agm\"><a href=\"https:\/\/institutfrancais.sk\/fr\/podujatie\/lisez-vous-le-belge-belgitude-en-slovaquie\/\">\u00ab\u00a0Lisez-vous le belge ?\u00a0\u00bb \u2013 Belgitude en Slovaquie\u00a0<\/a><\/blockquote><iframe sandbox=\"allow-scripts\" security=\"restricted\" src=\"https:\/\/institutfrancais.sk\/fr\/podujatie\/lisez-vous-le-belge-belgitude-en-slovaquie\/embed\/#?secret=2iF4jn0agm\" width=\"600\" height=\"338\" title=\"\u00ab\u00a0\u00ab\u00a0Lisez-vous le belge ?\u00a0\u00bb \u2013 Belgitude en Slovaquie\u00a0\u00a0\u00bb &#8212; Franc\u00fazsky in\u0161tit\u00fat na Slovensku\" data-secret=\"2iF4jn0agm\" frameborder=\"0\" marginwidth=\"0\" marginheight=\"0\" scrolling=\"no\" class=\"wp-embedded-content\"><\/iframe><script type=\"text\/javascript\">\n\/* <![CDATA[ *\/\n\/*! This file is auto-generated *\/\n!function(d,l){\"use strict\";l.querySelector&&d.addEventListener&&\"undefined\"!=typeof URL&&(d.wp=d.wp||{},d.wp.receiveEmbedMessage||(d.wp.receiveEmbedMessage=function(e){var t=e.data;if((t||t.secret||t.message||t.value)&&!\/[^a-zA-Z0-9]\/.test(t.secret)){for(var s,r,n,a=l.querySelectorAll('iframe[data-secret=\"'+t.secret+'\"]'),o=l.querySelectorAll('blockquote[data-secret=\"'+t.secret+'\"]'),c=new RegExp(\"^https?:$\",\"i\"),i=0;i<o.length;i++)o[i].style.display=\"none\";for(i=0;i<a.length;i++)s=a[i],e.source===s.contentWindow&&(s.removeAttribute(\"style\"),\"height\"===t.message?(1e3<(r=parseInt(t.value,10))?r=1e3:~~r<200&&(r=200),s.height=r):\"link\"===t.message&&(r=new URL(s.getAttribute(\"src\")),n=new URL(t.value),c.test(n.protocol))&&n.host===r.host&&l.activeElement===s&&(d.top.location.href=t.value))}},d.addEventListener(\"message\",d.wp.receiveEmbedMessage,!1),l.addEventListener(\"DOMContentLoaded\",function(){for(var e,t,s=l.querySelectorAll(\"iframe.wp-embedded-content\"),r=0;r<s.length;r++)(t=(e=s[r]).getAttribute(\"data-secret\"))||(t=Math.random().toString(36).substring(2,12),e.src+=\"#?secret=\"+t,e.setAttribute(\"data-secret\",t)),e.contentWindow.postMessage({message:\"ready\",secret:t},\"*\")},!1)))}(window,document);\n\/* ]]> *\/\n<\/script>\n","thumbnail_url":"https:\/\/institutfrancais.sk\/wp-content\/uploads\/2025\/02\/Instagram-post-Lisez-vous-le-belge-Univerzitna-kniznica-v-Bratislave-UKB.png","thumbnail_width":1080,"thumbnail_height":1080,"description":"Coin lecture \u00ab&nbsp;Lisez-vous le belge&nbsp;?&nbsp;\u00bbLe petit coin de belgitude \u00e0 la Biblioth\u00e8que universitaire de Bratislava Le Coin lecture \u00ab Lisez-vous le belge ? \u00bb est un espace d\u00e9di\u00e9 \u00e0 la d\u00e9couverte de la litt\u00e9rature belge francophone \u00e0 la Biblioth\u00e8que universitaire de Bratislava.Cet espace met en avant la richesse et la diversit\u00e9 des auteurs belges \u00e0 [&hellip;]"}

Francúzsky inštitút na Slovensku

"Lisez-vous le belge ?" – Belgitude en Slovaquie  - Francúzsky inštitút na Slovensku

<blockquote class="wp-embedded-content" data-secret="2iF4jn0agm"><a href="https://institutfrancais.sk/fr/podujatie/lisez-vous-le-belge-belgitude-en-slovaquie/">« Lisez-vous le belge ? » – Belgitude en Slovaquie </a></blockquote><iframe sandbox="allow-scripts" security="restricted" src="https://institutfrancais.sk/fr/podujatie/lisez-vous-le-belge-belgitude-en-slovaquie/embed/#?secret=2iF4jn0agm" width="600" height="338" title="« « Lisez-vous le belge ? » – Belgitude en Slovaquie  » &#8212; Francúzsky inštitút na Slovensku" data-secret="2iF4jn0agm" frameborder="0" marginwidth="0" marginheight="0" scrolling="no" class="wp-embedded-content"></iframe><script type="text/javascript">
/* <![CDATA[ */
/*! This file is auto-generated */
!function(d,l){"use strict";l.querySelector&&d.addEventListener&&"undefined"!=typeof URL&&(d.wp=d.wp||{},d.wp.receiveEmbedMessage||(d.wp.receiveEmbedMessage=function(e){var t=e.data;if((t||t.secret||t.message||t.value)&&!/[^a-zA-Z0-9]/.test(t.secret)){for(var s,r,n,a=l.querySelectorAll('iframe[data-secret="'+t.secret+'"]'),o=l.querySelectorAll('blockquote[data-secret="'+t.secret+'"]'),c=new RegExp("^https?:$","i"),i=0;i<o.length;i++)o[i].style.display="none";for(i=0;i<a.length;i++)s=a[i],e.source===s.contentWindow&&(s.removeAttribute("style"),"height"===t.message?(1e3<(r=parseInt(t.value,10))?r=1e3:~~r<200&&(r=200),s.height=r):"link"===t.message&&(r=new URL(s.getAttribute("src")),n=new URL(t.value),c.test(n.protocol))&&n.host===r.host&&l.activeElement===s&&(d.top.location.href=t.value))}},d.addEventListener("message",d.wp.receiveEmbedMessage,!1),l.addEventListener("DOMContentLoaded",function(){for(var e,t,s=l.querySelectorAll("iframe.wp-embedded-content"),r=0;r<s.length;r++)(t=(e=s[r]).getAttribute("data-secret"))||(t=Math.random().toString(36).substring(2,12),e.src+="#?secret="+t,e.setAttribute("data-secret",t)),e.contentWindow.postMessage({message:"ready",secret:t},"*")},!1)))}(window,document);
/* ]]> */
</script>

Coin lecture «&nbsp;Lisez-vous le belge&nbsp;?&nbsp;»Le petit coin de belgitude à la Bibliothèque universitaire de Bratislava Le Coin lecture « Lisez-vous le belge ? » est un espace dédié à la découverte de la littérature belge francophone à la Bibliothèque universitaire de Bratislava.Cet espace met en avant la richesse et la diversité des auteurs belges à [&hellip;]
