{"version":"1.0","provider_name":"Franc\u00fazsky in\u0161tit\u00fat na Slovensku","provider_url":"https:\/\/institutfrancais.sk\/fr\/","author_name":"Silvia Litva Polak","author_url":"https:\/\/institutfrancais.sk\/fr\/author\/silvia\/","title":"Marie-Antoinette : R\u00e9cital de harpe d\u2019Elisabeth Plank - Franc\u00fazsky in\u0161tit\u00fat na Slovensku","type":"rich","width":600,"height":338,"html":"<blockquote class=\"wp-embedded-content\" data-secret=\"d3ackZJuxC\"><a href=\"https:\/\/institutfrancais.sk\/fr\/podujatie\/marie-antoinette-harfovy-recital-elisabeth-plank\/\">Marie-Antoinette : R\u00e9cital de harpe d\u2019Elisabeth Plank<\/a><\/blockquote><iframe sandbox=\"allow-scripts\" security=\"restricted\" src=\"https:\/\/institutfrancais.sk\/fr\/podujatie\/marie-antoinette-harfovy-recital-elisabeth-plank\/embed\/#?secret=d3ackZJuxC\" width=\"600\" height=\"338\" title=\"\u00ab\u00a0Marie-Antoinette : R\u00e9cital de harpe d\u2019Elisabeth Plank\u00a0\u00bb &#8212; Franc\u00fazsky in\u0161tit\u00fat na Slovensku\" data-secret=\"d3ackZJuxC\" frameborder=\"0\" marginwidth=\"0\" marginheight=\"0\" scrolling=\"no\" class=\"wp-embedded-content\"><\/iframe><script type=\"text\/javascript\">\n\/* <![CDATA[ *\/\n\/*! This file is auto-generated *\/\n!function(d,l){\"use strict\";l.querySelector&&d.addEventListener&&\"undefined\"!=typeof URL&&(d.wp=d.wp||{},d.wp.receiveEmbedMessage||(d.wp.receiveEmbedMessage=function(e){var t=e.data;if((t||t.secret||t.message||t.value)&&!\/[^a-zA-Z0-9]\/.test(t.secret)){for(var s,r,n,a=l.querySelectorAll('iframe[data-secret=\"'+t.secret+'\"]'),o=l.querySelectorAll('blockquote[data-secret=\"'+t.secret+'\"]'),c=new RegExp(\"^https?:$\",\"i\"),i=0;i<o.length;i++)o[i].style.display=\"none\";for(i=0;i<a.length;i++)s=a[i],e.source===s.contentWindow&&(s.removeAttribute(\"style\"),\"height\"===t.message?(1e3<(r=parseInt(t.value,10))?r=1e3:~~r<200&&(r=200),s.height=r):\"link\"===t.message&&(r=new URL(s.getAttribute(\"src\")),n=new URL(t.value),c.test(n.protocol))&&n.host===r.host&&l.activeElement===s&&(d.top.location.href=t.value))}},d.addEventListener(\"message\",d.wp.receiveEmbedMessage,!1),l.addEventListener(\"DOMContentLoaded\",function(){for(var e,t,s=l.querySelectorAll(\"iframe.wp-embedded-content\"),r=0;r<s.length;r++)(t=(e=s[r]).getAttribute(\"data-secret\"))||(t=Math.random().toString(36).substring(2,12),e.src+=\"#?secret=\"+t,e.setAttribute(\"data-secret\",t)),e.contentWindow.postMessage({message:\"ready\",secret:t},\"*\")},!1)))}(window,document);\n\/* ]]> *\/\n<\/script>\n","thumbnail_url":"https:\/\/institutfrancais.sk\/wp-content\/uploads\/2025\/09\/harfa2.jpg","thumbnail_width":1050,"thumbnail_height":480,"description":"Marie-Antoinette a&nbsp;grandi \u00e0 Vienne dans un environnement o\u00f9 la musique et la danse faisaient partie int\u00e9grante de son \u00e9ducation. Parmi ses instruments pr\u00e9f\u00e9r\u00e9s figurait la harpe. Lorsqu\u2019elle arriva en 1770 \u00e0 la cour de France comme jeune fianc\u00e9e de quatorze ans, elle apporta avec elle non seulement des compositeurs autrichiens, mais aussi un amour de [&hellip;]"}

Francúzsky inštitút na Slovensku

Marie-Antoinette : Récital de harpe d’Elisabeth Plank - Francúzsky inštitút na Slovensku

<blockquote class="wp-embedded-content" data-secret="d3ackZJuxC"><a href="https://institutfrancais.sk/fr/podujatie/marie-antoinette-harfovy-recital-elisabeth-plank/">Marie-Antoinette : Récital de harpe d’Elisabeth Plank</a></blockquote><iframe sandbox="allow-scripts" security="restricted" src="https://institutfrancais.sk/fr/podujatie/marie-antoinette-harfovy-recital-elisabeth-plank/embed/#?secret=d3ackZJuxC" width="600" height="338" title="« Marie-Antoinette : Récital de harpe d’Elisabeth Plank » &#8212; Francúzsky inštitút na Slovensku" data-secret="d3ackZJuxC" frameborder="0" marginwidth="0" marginheight="0" scrolling="no" class="wp-embedded-content"></iframe><script type="text/javascript">
/* <![CDATA[ */
/*! This file is auto-generated */
!function(d,l){"use strict";l.querySelector&&d.addEventListener&&"undefined"!=typeof URL&&(d.wp=d.wp||{},d.wp.receiveEmbedMessage||(d.wp.receiveEmbedMessage=function(e){var t=e.data;if((t||t.secret||t.message||t.value)&&!/[^a-zA-Z0-9]/.test(t.secret)){for(var s,r,n,a=l.querySelectorAll('iframe[data-secret="'+t.secret+'"]'),o=l.querySelectorAll('blockquote[data-secret="'+t.secret+'"]'),c=new RegExp("^https?:$","i"),i=0;i<o.length;i++)o[i].style.display="none";for(i=0;i<a.length;i++)s=a[i],e.source===s.contentWindow&&(s.removeAttribute("style"),"height"===t.message?(1e3<(r=parseInt(t.value,10))?r=1e3:~~r<200&&(r=200),s.height=r):"link"===t.message&&(r=new URL(s.getAttribute("src")),n=new URL(t.value),c.test(n.protocol))&&n.host===r.host&&l.activeElement===s&&(d.top.location.href=t.value))}},d.addEventListener("message",d.wp.receiveEmbedMessage,!1),l.addEventListener("DOMContentLoaded",function(){for(var e,t,s=l.querySelectorAll("iframe.wp-embedded-content"),r=0;r<s.length;r++)(t=(e=s[r]).getAttribute("data-secret"))||(t=Math.random().toString(36).substring(2,12),e.src+="#?secret="+t,e.setAttribute("data-secret",t)),e.contentWindow.postMessage({message:"ready",secret:t},"*")},!1)))}(window,document);
/* ]]> */
</script>

Marie-Antoinette a&nbsp;grandi à Vienne dans un environnement où la musique et la danse faisaient partie intégrante de son éducation. Parmi ses instruments préférés figurait la harpe. Lorsqu’elle arriva en 1770 à la cour de France comme jeune fiancée de quatorze ans, elle apporta avec elle non seulement des compositeurs autrichiens, mais aussi un amour de [&hellip;]
