{"version":"1.0","provider_name":"Franc\u00fazsky in\u0161tit\u00fat na Slovensku","provider_url":"https:\/\/institutfrancais.sk\/fr\/","author_name":"Camille Masson","author_url":"https:\/\/institutfrancais.sk\/fr\/author\/camille\/","title":"Projection dans le cadre de la Francophonie :\u00a0La Guerre du Roi - Franc\u00fazsky in\u0161tit\u00fat na Slovensku","type":"rich","width":600,"height":338,"html":"<blockquote class=\"wp-embedded-content\" data-secret=\"U2gv8L2Ayi\"><a href=\"https:\/\/institutfrancais.sk\/fr\/podujatie\/premietanie-v-ramci-frankofonie-kralova-vojna\/\">Projection dans le cadre de la Francophonie :\u00a0La Guerre du Roi<\/a><\/blockquote><iframe sandbox=\"allow-scripts\" security=\"restricted\" src=\"https:\/\/institutfrancais.sk\/fr\/podujatie\/premietanie-v-ramci-frankofonie-kralova-vojna\/embed\/#?secret=U2gv8L2Ayi\" width=\"600\" height=\"338\" title=\"\u00ab\u00a0Projection dans le cadre de la Francophonie :\u00a0La Guerre du Roi\u00a0\u00bb &#8212; Franc\u00fazsky in\u0161tit\u00fat na Slovensku\" data-secret=\"U2gv8L2Ayi\" frameborder=\"0\" marginwidth=\"0\" marginheight=\"0\" scrolling=\"no\" class=\"wp-embedded-content\"><\/iframe><script type=\"text\/javascript\">\n\/* <![CDATA[ *\/\n\/*! This file is auto-generated *\/\n!function(d,l){\"use strict\";l.querySelector&&d.addEventListener&&\"undefined\"!=typeof URL&&(d.wp=d.wp||{},d.wp.receiveEmbedMessage||(d.wp.receiveEmbedMessage=function(e){var t=e.data;if((t||t.secret||t.message||t.value)&&!\/[^a-zA-Z0-9]\/.test(t.secret)){for(var s,r,n,a=l.querySelectorAll('iframe[data-secret=\"'+t.secret+'\"]'),o=l.querySelectorAll('blockquote[data-secret=\"'+t.secret+'\"]'),c=new RegExp(\"^https?:$\",\"i\"),i=0;i<o.length;i++)o[i].style.display=\"none\";for(i=0;i<a.length;i++)s=a[i],e.source===s.contentWindow&&(s.removeAttribute(\"style\"),\"height\"===t.message?(1e3<(r=parseInt(t.value,10))?r=1e3:~~r<200&&(r=200),s.height=r):\"link\"===t.message&&(r=new URL(s.getAttribute(\"src\")),n=new URL(t.value),c.test(n.protocol))&&n.host===r.host&&l.activeElement===s&&(d.top.location.href=t.value))}},d.addEventListener(\"message\",d.wp.receiveEmbedMessage,!1),l.addEventListener(\"DOMContentLoaded\",function(){for(var e,t,s=l.querySelectorAll(\"iframe.wp-embedded-content\"),r=0;r<s.length;r++)(t=(e=s[r]).getAttribute(\"data-secret\"))||(t=Math.random().toString(36).substring(2,12),e.src+=\"#?secret=\"+t,e.setAttribute(\"data-secret\",t)),e.contentWindow.postMessage({message:\"ready\",secret:t},\"*\")},!1)))}(window,document);\n\/* ]]> *\/\n<\/script>\n","thumbnail_url":"https:\/\/institutfrancais.sk\/wp-content\/uploads\/2025\/04\/Snimka-obrazovky-2025-04-11-o-17.19.08.png","thumbnail_width":826,"thumbnail_height":1468,"description":"Dans le cadre de la c\u00e9l\u00e9bration de la Francophonie \u2013 qui ne se limite pas au mois de mars mais se vit tout au long de l\u2019ann\u00e9e \u2013 l\u2019Ambassade de Roumanie en Slovaquie, en partenariat avec l\u2019Institut fran\u00e7ais de Slovaquie, projette le film documentaire\u00a0La Guerre du Roi, le\u00a0mardi 15 avril \u00e0 17h30, dans la galerie [&hellip;]"}

Francúzsky inštitút na Slovensku

Projection dans le cadre de la Francophonie : La Guerre du Roi - Francúzsky inštitút na Slovensku

<blockquote class="wp-embedded-content" data-secret="U2gv8L2Ayi"><a href="https://institutfrancais.sk/fr/podujatie/premietanie-v-ramci-frankofonie-kralova-vojna/">Projection dans le cadre de la Francophonie : La Guerre du Roi</a></blockquote><iframe sandbox="allow-scripts" security="restricted" src="https://institutfrancais.sk/fr/podujatie/premietanie-v-ramci-frankofonie-kralova-vojna/embed/#?secret=U2gv8L2Ayi" width="600" height="338" title="« Projection dans le cadre de la Francophonie : La Guerre du Roi » &#8212; Francúzsky inštitút na Slovensku" data-secret="U2gv8L2Ayi" frameborder="0" marginwidth="0" marginheight="0" scrolling="no" class="wp-embedded-content"></iframe><script type="text/javascript">
/* <![CDATA[ */
/*! This file is auto-generated */
!function(d,l){"use strict";l.querySelector&&d.addEventListener&&"undefined"!=typeof URL&&(d.wp=d.wp||{},d.wp.receiveEmbedMessage||(d.wp.receiveEmbedMessage=function(e){var t=e.data;if((t||t.secret||t.message||t.value)&&!/[^a-zA-Z0-9]/.test(t.secret)){for(var s,r,n,a=l.querySelectorAll('iframe[data-secret="'+t.secret+'"]'),o=l.querySelectorAll('blockquote[data-secret="'+t.secret+'"]'),c=new RegExp("^https?:$","i"),i=0;i<o.length;i++)o[i].style.display="none";for(i=0;i<a.length;i++)s=a[i],e.source===s.contentWindow&&(s.removeAttribute("style"),"height"===t.message?(1e3<(r=parseInt(t.value,10))?r=1e3:~~r<200&&(r=200),s.height=r):"link"===t.message&&(r=new URL(s.getAttribute("src")),n=new URL(t.value),c.test(n.protocol))&&n.host===r.host&&l.activeElement===s&&(d.top.location.href=t.value))}},d.addEventListener("message",d.wp.receiveEmbedMessage,!1),l.addEventListener("DOMContentLoaded",function(){for(var e,t,s=l.querySelectorAll("iframe.wp-embedded-content"),r=0;r<s.length;r++)(t=(e=s[r]).getAttribute("data-secret"))||(t=Math.random().toString(36).substring(2,12),e.src+="#?secret="+t,e.setAttribute("data-secret",t)),e.contentWindow.postMessage({message:"ready",secret:t},"*")},!1)))}(window,document);
/* ]]> */
</script>

Dans le cadre de la célébration de la Francophonie – qui ne se limite pas au mois de mars mais se vit tout au long de l’année – l’Ambassade de Roumanie en Slovaquie, en partenariat avec l’Institut français de Slovaquie, projette le film documentaire La Guerre du Roi, le mardi 15 avril à 17h30, dans la galerie [&hellip;]
