{"version":"1.0","provider_name":"Franc\u00fazsky in\u0161tit\u00fat na Slovensku","provider_url":"https:\/\/institutfrancais.sk\/fr\/","author_name":"Silvia Litva Polak","author_url":"https:\/\/institutfrancais.sk\/fr\/author\/silvia\/","title":"Les reportages sur la Francophonie avec l'Alliance Fran\u00e7aise de Bansk\u00e1 Bystrica - Franc\u00fazsky in\u0161tit\u00fat na Slovensku","type":"rich","width":600,"height":338,"html":"<blockquote class=\"wp-embedded-content\" data-secret=\"hQ7OuDjUHQ\"><a href=\"https:\/\/institutfrancais.sk\/fr\/podujatie\/reportage-radio\/\">Les reportages sur la Francophonie avec l&rsquo;Alliance Fran\u00e7aise de Bansk\u00e1 Bystrica<\/a><\/blockquote><iframe sandbox=\"allow-scripts\" security=\"restricted\" src=\"https:\/\/institutfrancais.sk\/fr\/podujatie\/reportage-radio\/embed\/#?secret=hQ7OuDjUHQ\" width=\"600\" height=\"338\" title=\"\u00ab\u00a0Les reportages sur la Francophonie avec l&rsquo;Alliance Fran\u00e7aise de Bansk\u00e1 Bystrica\u00a0\u00bb &#8212; Franc\u00fazsky in\u0161tit\u00fat na Slovensku\" data-secret=\"hQ7OuDjUHQ\" frameborder=\"0\" marginwidth=\"0\" marginheight=\"0\" scrolling=\"no\" class=\"wp-embedded-content\"><\/iframe><script type=\"text\/javascript\">\n\/* <![CDATA[ *\/\n\/*! This file is auto-generated *\/\n!function(d,l){\"use strict\";l.querySelector&&d.addEventListener&&\"undefined\"!=typeof URL&&(d.wp=d.wp||{},d.wp.receiveEmbedMessage||(d.wp.receiveEmbedMessage=function(e){var t=e.data;if((t||t.secret||t.message||t.value)&&!\/[^a-zA-Z0-9]\/.test(t.secret)){for(var s,r,n,a=l.querySelectorAll('iframe[data-secret=\"'+t.secret+'\"]'),o=l.querySelectorAll('blockquote[data-secret=\"'+t.secret+'\"]'),c=new RegExp(\"^https?:$\",\"i\"),i=0;i<o.length;i++)o[i].style.display=\"none\";for(i=0;i<a.length;i++)s=a[i],e.source===s.contentWindow&&(s.removeAttribute(\"style\"),\"height\"===t.message?(1e3<(r=parseInt(t.value,10))?r=1e3:~~r<200&&(r=200),s.height=r):\"link\"===t.message&&(r=new URL(s.getAttribute(\"src\")),n=new URL(t.value),c.test(n.protocol))&&n.host===r.host&&l.activeElement===s&&(d.top.location.href=t.value))}},d.addEventListener(\"message\",d.wp.receiveEmbedMessage,!1),l.addEventListener(\"DOMContentLoaded\",function(){for(var e,t,s=l.querySelectorAll(\"iframe.wp-embedded-content\"),r=0;r<s.length;r++)(t=(e=s[r]).getAttribute(\"data-secret\"))||(t=Math.random().toString(36).substring(2,12),e.src+=\"#?secret=\"+t,e.setAttribute(\"data-secret\",t)),e.contentWindow.postMessage({message:\"ready\",secret:t},\"*\")},!1)))}(window,document);\n\/* ]]> *\/\n<\/script>\n","thumbnail_url":"https:\/\/institutfrancais.sk\/wp-content\/uploads\/2022\/02\/Emission-Radio-Photo-AFBB-scaled.jpg","thumbnail_width":2560,"thumbnail_height":1846,"description":"Pr\u00e9sentation de la francophonie \u00e0 Bansk\u00e1 Bystrica, avec la journaliste Silvia Hoffmannov\u00e1 de R\u00e1dio Regina Stred et plusieurs acteurs de l&rsquo;Alliance fran\u00e7aise. Premi\u00e8re diffusion le 03.03 de 10h05 \u00e0 10h30. Elvis Mashike Sukisa, n\u00e9 en R\u00e9publique D\u00e9mocratique du Congo, a&nbsp;jou\u00e9 en Ukraine, \u00e0 Zvolen, \u00e0 Liberec et \u00e9volue maintenant \u00e0 \u017dilina. L&rsquo;Alliance ira le rencontrer [&hellip;]"}

Francúzsky inštitút na Slovensku

Les reportages sur la Francophonie avec l'Alliance Française de Banská Bystrica - Francúzsky inštitút na Slovensku

<blockquote class="wp-embedded-content" data-secret="hQ7OuDjUHQ"><a href="https://institutfrancais.sk/fr/podujatie/reportage-radio/">Les reportages sur la Francophonie avec l&rsquo;Alliance Française de Banská Bystrica</a></blockquote><iframe sandbox="allow-scripts" security="restricted" src="https://institutfrancais.sk/fr/podujatie/reportage-radio/embed/#?secret=hQ7OuDjUHQ" width="600" height="338" title="« Les reportages sur la Francophonie avec l&rsquo;Alliance Française de Banská Bystrica » &#8212; Francúzsky inštitút na Slovensku" data-secret="hQ7OuDjUHQ" frameborder="0" marginwidth="0" marginheight="0" scrolling="no" class="wp-embedded-content"></iframe><script type="text/javascript">
/* <![CDATA[ */
/*! This file is auto-generated */
!function(d,l){"use strict";l.querySelector&&d.addEventListener&&"undefined"!=typeof URL&&(d.wp=d.wp||{},d.wp.receiveEmbedMessage||(d.wp.receiveEmbedMessage=function(e){var t=e.data;if((t||t.secret||t.message||t.value)&&!/[^a-zA-Z0-9]/.test(t.secret)){for(var s,r,n,a=l.querySelectorAll('iframe[data-secret="'+t.secret+'"]'),o=l.querySelectorAll('blockquote[data-secret="'+t.secret+'"]'),c=new RegExp("^https?:$","i"),i=0;i<o.length;i++)o[i].style.display="none";for(i=0;i<a.length;i++)s=a[i],e.source===s.contentWindow&&(s.removeAttribute("style"),"height"===t.message?(1e3<(r=parseInt(t.value,10))?r=1e3:~~r<200&&(r=200),s.height=r):"link"===t.message&&(r=new URL(s.getAttribute("src")),n=new URL(t.value),c.test(n.protocol))&&n.host===r.host&&l.activeElement===s&&(d.top.location.href=t.value))}},d.addEventListener("message",d.wp.receiveEmbedMessage,!1),l.addEventListener("DOMContentLoaded",function(){for(var e,t,s=l.querySelectorAll("iframe.wp-embedded-content"),r=0;r<s.length;r++)(t=(e=s[r]).getAttribute("data-secret"))||(t=Math.random().toString(36).substring(2,12),e.src+="#?secret="+t,e.setAttribute("data-secret",t)),e.contentWindow.postMessage({message:"ready",secret:t},"*")},!1)))}(window,document);
/* ]]> */
</script>

Présentation de la francophonie à Banská Bystrica, avec la journaliste Silvia Hoffmannová de Rádio Regina Stred et plusieurs acteurs de l&rsquo;Alliance française. Première diffusion le 03.03 de 10h05 à 10h30. Elvis Mashike Sukisa, né en République Démocratique du Congo, a&nbsp;joué en Ukraine, à Zvolen, à Liberec et évolue maintenant à Žilina. L&rsquo;Alliance ira le rencontrer [&hellip;]
