{"version":"1.0","provider_name":"Franc\u00fazsky in\u0161tit\u00fat na Slovensku","provider_url":"https:\/\/institutfrancais.sk\/fr\/","author_name":"Silvia Litva Polak","author_url":"https:\/\/institutfrancais.sk\/fr\/author\/silvia\/","title":"Soir\u00e9e fran\u00e7aise au festival Convergence - Franc\u00fazsky in\u0161tit\u00fat na Slovensku","type":"rich","width":600,"height":338,"html":"<blockquote class=\"wp-embedded-content\" data-secret=\"m2mw30OZqS\"><a href=\"https:\/\/institutfrancais.sk\/fr\/podujatie\/soiree-francaise-au-festival-konvergencie\/\">Soir\u00e9e fran\u00e7aise au festival Convergence<\/a><\/blockquote><iframe sandbox=\"allow-scripts\" security=\"restricted\" src=\"https:\/\/institutfrancais.sk\/fr\/podujatie\/soiree-francaise-au-festival-konvergencie\/embed\/#?secret=m2mw30OZqS\" width=\"600\" height=\"338\" title=\"\u00ab\u00a0Soir\u00e9e fran\u00e7aise au festival Convergence\u00a0\u00bb &#8212; Franc\u00fazsky in\u0161tit\u00fat na Slovensku\" data-secret=\"m2mw30OZqS\" frameborder=\"0\" marginwidth=\"0\" marginheight=\"0\" scrolling=\"no\" class=\"wp-embedded-content\"><\/iframe><script type=\"text\/javascript\">\n\/* <![CDATA[ *\/\n\/*! This file is auto-generated *\/\n!function(d,l){\"use strict\";l.querySelector&&d.addEventListener&&\"undefined\"!=typeof URL&&(d.wp=d.wp||{},d.wp.receiveEmbedMessage||(d.wp.receiveEmbedMessage=function(e){var t=e.data;if((t||t.secret||t.message||t.value)&&!\/[^a-zA-Z0-9]\/.test(t.secret)){for(var s,r,n,a=l.querySelectorAll('iframe[data-secret=\"'+t.secret+'\"]'),o=l.querySelectorAll('blockquote[data-secret=\"'+t.secret+'\"]'),c=new RegExp(\"^https?:$\",\"i\"),i=0;i<o.length;i++)o[i].style.display=\"none\";for(i=0;i<a.length;i++)s=a[i],e.source===s.contentWindow&&(s.removeAttribute(\"style\"),\"height\"===t.message?(1e3<(r=parseInt(t.value,10))?r=1e3:~~r<200&&(r=200),s.height=r):\"link\"===t.message&&(r=new URL(s.getAttribute(\"src\")),n=new URL(t.value),c.test(n.protocol))&&n.host===r.host&&l.activeElement===s&&(d.top.location.href=t.value))}},d.addEventListener(\"message\",d.wp.receiveEmbedMessage,!1),l.addEventListener(\"DOMContentLoaded\",function(){for(var e,t,s=l.querySelectorAll(\"iframe.wp-embedded-content\"),r=0;r<s.length;r++)(t=(e=s[r]).getAttribute(\"data-secret\"))||(t=Math.random().toString(36).substring(2,12),e.src+=\"#?secret=\"+t,e.setAttribute(\"data-secret\",t)),e.contentWindow.postMessage({message:\"ready\",secret:t},\"*\")},!1)))}(window,document);\n\/* ]]> *\/\n<\/script>\n","thumbnail_url":"https:\/\/institutfrancais.sk\/wp-content\/uploads\/2022\/09\/295981394_10163286345156959_8412545378483242275_n.jpg","thumbnail_width":1920,"thumbnail_height":1005,"description":"Debussy \/ Ravel \/ Franck Pr\u00e9lude \u00e0 l&rsquo;apr\u00e8s-midi d&rsquo;un faune de Debussy est l&rsquo;une des \u0153uvres embl\u00e9matiques de la musique du XXe si\u00e8cle. Apr\u00e8s la c\u00e9l\u00e8bre composition orchestrale inspir\u00e9e du po\u00e8me de St\u00e9phane Mallarm\u00e9, le compositeur en cr\u00e9e \u00e9galement une d\u00e9licate version pour deux pianos en 1895, qui sera entendue au festival Konvergencie, interpr\u00e9t\u00e9e par [&hellip;]"}

Francúzsky inštitút na Slovensku

Soirée française au festival Convergence - Francúzsky inštitút na Slovensku

<blockquote class="wp-embedded-content" data-secret="m2mw30OZqS"><a href="https://institutfrancais.sk/fr/podujatie/soiree-francaise-au-festival-konvergencie/">Soirée française au festival Convergence</a></blockquote><iframe sandbox="allow-scripts" security="restricted" src="https://institutfrancais.sk/fr/podujatie/soiree-francaise-au-festival-konvergencie/embed/#?secret=m2mw30OZqS" width="600" height="338" title="« Soirée française au festival Convergence » &#8212; Francúzsky inštitút na Slovensku" data-secret="m2mw30OZqS" frameborder="0" marginwidth="0" marginheight="0" scrolling="no" class="wp-embedded-content"></iframe><script type="text/javascript">
/* <![CDATA[ */
/*! This file is auto-generated */
!function(d,l){"use strict";l.querySelector&&d.addEventListener&&"undefined"!=typeof URL&&(d.wp=d.wp||{},d.wp.receiveEmbedMessage||(d.wp.receiveEmbedMessage=function(e){var t=e.data;if((t||t.secret||t.message||t.value)&&!/[^a-zA-Z0-9]/.test(t.secret)){for(var s,r,n,a=l.querySelectorAll('iframe[data-secret="'+t.secret+'"]'),o=l.querySelectorAll('blockquote[data-secret="'+t.secret+'"]'),c=new RegExp("^https?:$","i"),i=0;i<o.length;i++)o[i].style.display="none";for(i=0;i<a.length;i++)s=a[i],e.source===s.contentWindow&&(s.removeAttribute("style"),"height"===t.message?(1e3<(r=parseInt(t.value,10))?r=1e3:~~r<200&&(r=200),s.height=r):"link"===t.message&&(r=new URL(s.getAttribute("src")),n=new URL(t.value),c.test(n.protocol))&&n.host===r.host&&l.activeElement===s&&(d.top.location.href=t.value))}},d.addEventListener("message",d.wp.receiveEmbedMessage,!1),l.addEventListener("DOMContentLoaded",function(){for(var e,t,s=l.querySelectorAll("iframe.wp-embedded-content"),r=0;r<s.length;r++)(t=(e=s[r]).getAttribute("data-secret"))||(t=Math.random().toString(36).substring(2,12),e.src+="#?secret="+t,e.setAttribute("data-secret",t)),e.contentWindow.postMessage({message:"ready",secret:t},"*")},!1)))}(window,document);
/* ]]> */
</script>

Debussy / Ravel / Franck Prélude à l&rsquo;après-midi d&rsquo;un faune de Debussy est l&rsquo;une des œuvres emblématiques de la musique du XXe siècle. Après la célèbre composition orchestrale inspirée du poème de Stéphane Mallarmé, le compositeur en crée également une délicate version pour deux pianos en 1895, qui sera entendue au festival Konvergencie, interprétée par [&hellip;]
