{"version":"1.0","provider_name":"Franc\u00fazsky in\u0161tit\u00fat na Slovensku","provider_url":"https:\/\/institutfrancais.sk\/fr\/","author_name":"Silvia Litva Polak","author_url":"https:\/\/institutfrancais.sk\/fr\/author\/silvia\/","title":"D\u00e9claration conjointe sur les droits des LGBTI+ - Franc\u00fazsky in\u0161tit\u00fat na Slovensku","type":"rich","width":600,"height":338,"html":"<blockquote class=\"wp-embedded-content\" data-secret=\"nosywpKG6M\"><a href=\"https:\/\/institutfrancais.sk\/fr\/spolocne-vyhlasenie-o-pravach-lgbt\/\">D\u00e9claration conjointe sur les droits des LGBTI+<\/a><\/blockquote><iframe sandbox=\"allow-scripts\" security=\"restricted\" src=\"https:\/\/institutfrancais.sk\/fr\/spolocne-vyhlasenie-o-pravach-lgbt\/embed\/#?secret=nosywpKG6M\" width=\"600\" height=\"338\" title=\"\u00ab\u00a0D\u00e9claration conjointe sur les droits des LGBTI+\u00a0\u00bb &#8212; Franc\u00fazsky in\u0161tit\u00fat na Slovensku\" data-secret=\"nosywpKG6M\" frameborder=\"0\" marginwidth=\"0\" marginheight=\"0\" scrolling=\"no\" class=\"wp-embedded-content\"><\/iframe><script type=\"text\/javascript\">\n\/* <![CDATA[ *\/\n\/*! This file is auto-generated *\/\n!function(d,l){\"use strict\";l.querySelector&&d.addEventListener&&\"undefined\"!=typeof URL&&(d.wp=d.wp||{},d.wp.receiveEmbedMessage||(d.wp.receiveEmbedMessage=function(e){var t=e.data;if((t||t.secret||t.message||t.value)&&!\/[^a-zA-Z0-9]\/.test(t.secret)){for(var s,r,n,a=l.querySelectorAll('iframe[data-secret=\"'+t.secret+'\"]'),o=l.querySelectorAll('blockquote[data-secret=\"'+t.secret+'\"]'),c=new RegExp(\"^https?:$\",\"i\"),i=0;i<o.length;i++)o[i].style.display=\"none\";for(i=0;i<a.length;i++)s=a[i],e.source===s.contentWindow&&(s.removeAttribute(\"style\"),\"height\"===t.message?(1e3<(r=parseInt(t.value,10))?r=1e3:~~r<200&&(r=200),s.height=r):\"link\"===t.message&&(r=new URL(s.getAttribute(\"src\")),n=new URL(t.value),c.test(n.protocol))&&n.host===r.host&&l.activeElement===s&&(d.top.location.href=t.value))}},d.addEventListener(\"message\",d.wp.receiveEmbedMessage,!1),l.addEventListener(\"DOMContentLoaded\",function(){for(var e,t,s=l.querySelectorAll(\"iframe.wp-embedded-content\"),r=0;r<s.length;r++)(t=(e=s[r]).getAttribute(\"data-secret\"))||(t=Math.random().toString(36).substring(2,12),e.src+=\"#?secret=\"+t,e.setAttribute(\"data-secret\",t)),e.contentWindow.postMessage({message:\"ready\",secret:t},\"*\")},!1)))}(window,document);\n\/* ]]> *\/\n<\/script>\n","thumbnail_url":"https:\/\/institutfrancais.sk\/wp-content\/uploads\/2021\/07\/LGBTI-flag-scaled.jpg","thumbnail_width":2560,"thumbnail_height":1902,"description":"En tant qu&rsquo;amis et partenaires internationaux de la Slovaquie, nous sommes unis pour r\u00e9affirmer que toutes les personnes, quelle que soit leur orientation sexuelle ou leur identit\u00e9 de genre, doivent pouvoir jouir pleinement de leurs droits de l&rsquo;homme et de leurs libert\u00e9s fondamentales.\u00a0 Ensemble, nous c\u00e9l\u00e9brons la Bratislava Pride le 24 juillet et la Kosice [&hellip;]"}

Francúzsky inštitút na Slovensku

Déclaration conjointe sur les droits des LGBTI+ - Francúzsky inštitút na Slovensku

<blockquote class="wp-embedded-content" data-secret="nosywpKG6M"><a href="https://institutfrancais.sk/fr/spolocne-vyhlasenie-o-pravach-lgbt/">Déclaration conjointe sur les droits des LGBTI+</a></blockquote><iframe sandbox="allow-scripts" security="restricted" src="https://institutfrancais.sk/fr/spolocne-vyhlasenie-o-pravach-lgbt/embed/#?secret=nosywpKG6M" width="600" height="338" title="« Déclaration conjointe sur les droits des LGBTI+ » &#8212; Francúzsky inštitút na Slovensku" data-secret="nosywpKG6M" frameborder="0" marginwidth="0" marginheight="0" scrolling="no" class="wp-embedded-content"></iframe><script type="text/javascript">
/* <![CDATA[ */
/*! This file is auto-generated */
!function(d,l){"use strict";l.querySelector&&d.addEventListener&&"undefined"!=typeof URL&&(d.wp=d.wp||{},d.wp.receiveEmbedMessage||(d.wp.receiveEmbedMessage=function(e){var t=e.data;if((t||t.secret||t.message||t.value)&&!/[^a-zA-Z0-9]/.test(t.secret)){for(var s,r,n,a=l.querySelectorAll('iframe[data-secret="'+t.secret+'"]'),o=l.querySelectorAll('blockquote[data-secret="'+t.secret+'"]'),c=new RegExp("^https?:$","i"),i=0;i<o.length;i++)o[i].style.display="none";for(i=0;i<a.length;i++)s=a[i],e.source===s.contentWindow&&(s.removeAttribute("style"),"height"===t.message?(1e3<(r=parseInt(t.value,10))?r=1e3:~~r<200&&(r=200),s.height=r):"link"===t.message&&(r=new URL(s.getAttribute("src")),n=new URL(t.value),c.test(n.protocol))&&n.host===r.host&&l.activeElement===s&&(d.top.location.href=t.value))}},d.addEventListener("message",d.wp.receiveEmbedMessage,!1),l.addEventListener("DOMContentLoaded",function(){for(var e,t,s=l.querySelectorAll("iframe.wp-embedded-content"),r=0;r<s.length;r++)(t=(e=s[r]).getAttribute("data-secret"))||(t=Math.random().toString(36).substring(2,12),e.src+="#?secret="+t,e.setAttribute("data-secret",t)),e.contentWindow.postMessage({message:"ready",secret:t},"*")},!1)))}(window,document);
/* ]]> */
</script>

En tant qu&rsquo;amis et partenaires internationaux de la Slovaquie, nous sommes unis pour réaffirmer que toutes les personnes, quelle que soit leur orientation sexuelle ou leur identité de genre, doivent pouvoir jouir pleinement de leurs droits de l&rsquo;homme et de leurs libertés fondamentales.  Ensemble, nous célébrons la Bratislava Pride le 24 juillet et la Kosice [&hellip;]
