{"id":13054,"date":"2020-10-10T12:41:20","date_gmt":"2020-10-10T10:41:20","guid":{"rendered":"https:\/\/institutfrancais.sk\/podujatie\/o-knihach-pri-kave-november\/"},"modified":"2020-10-12T13:01:06","modified_gmt":"2020-10-12T11:01:06","slug":"cafe-bouquins-novembre","status":"publish","type":"podujatie","link":"https:\/\/institutfrancais.sk\/fr\/podujatie\/cafe-bouquins-novembre\/","title":{"rendered":"Caf\u00e9 Bouquins"},"content":{"rendered":"\n<p>Nous sommes ravis de vous retrouver \u00e0 l\u2019occasion du prochain Caf\u00e9 Bouquins pour partager nos coups de coeur litt\u00e9raires autour d\u2019un petit caf\u00e9 ou d\u2019un th\u00e9.<\/p>\n\n\n\n<p>L\u2019\u00e9v\u00e8nement est anim\u00e9 par les b\u00e9n\u00e9voles de&nbsp;<strong><a rel=\"noreferrer noopener\" href=\"https:\/\/www.facebook.com\/bratislavaccueil\/\" target=\"_blank\">Bratislava Accueil<\/a><\/strong>&nbsp;!<br><\/p>\n\n\n<div class=\"space sm\"><\/div>\n\n\n<h2 class=\"wp-block-heading\">En raison des mesures de pr\u00e9caution du COVID-19, veuillez vous inscrire SVP&nbsp;\u00e0 l\u2019\u00e9v\u00e9nement \u00e0 l\u2019avance. <\/h2>\n\n\n<div class=\"space xs\"><\/div>\n\n\n<p> <strong><a href=\"mailto:cafe-bouquins@institutfrancais.sk\">cafe-bouquins@institutfrancais.sk<\/a><\/strong> \/ 02\u00a059\u00a034\u00a077\u00a060 <\/p>\n\n\n<div class=\"space sm\"><\/div>\n\n<\/div><iframe loading=\"lazy\" src=\"https:\/\/www.google.com\/maps\/embed?pb=!1m18!1m12!1m3!1d2662.2735746915087!2d17.10532635165492!3d48.14353077912193!2m3!1f0!2f0!3f0!3m2!1i1024!2i768!4f13.1!3m3!1m2!1s0x476c8942d3867d0f%3A0xf92cfa7be90ee73!2zRnJhbmPDunpza3kgaW7FoXRpdMO6dA!5e0!3m2!1ssk!2ssk!4v1575902399794!5m2!1ssk!2ssk\" width=\"100%\" height=\"558\" frameborder=\"0\" class=\"gmap-iframe\" allowfullscreen=\"\"><\/iframe><div class=\"wrap narrow-wrap\">","protected":false},"featured_media":1469,"template":"","typ-podujatia":[58],"acf":[],"yoast_head":"<!-- This site is optimized with the Yoast SEO plugin v24.5 - https:\/\/yoast.com\/wordpress\/plugins\/seo\/ -->\n<title>Caf\u00e9 Bouquins - Franc\u00fazsky in\u0161tit\u00fat na Slovensku<\/title>\n<meta name=\"description\" content=\"Aj vy sa pr\u00ed\u010fte porozpr\u00e1va\u0165 o va\u0161ich kni\u017en\u00fdch srdcovk\u00e1ch po franc\u00fazsky s dobrovo\u013en\u00edkmi z ob\u010dianskeho zdru\u017eenia Bratislava Accueil.\" \/>\n<meta name=\"robots\" content=\"index, follow, max-snippet:-1, max-image-preview:large, max-video-preview:-1\" \/>\n<link rel=\"canonical\" href=\"https:\/\/institutfrancais.sk\/fr\/podujatie\/cafe-bouquins-novembre\/\" \/>\n<meta property=\"og:locale\" content=\"fr_FR\" \/>\n<meta property=\"og:type\" content=\"article\" \/>\n<meta property=\"og:title\" content=\"Caf\u00e9 Bouquins - Franc\u00fazsky in\u0161tit\u00fat na Slovensku\" \/>\n<meta property=\"og:description\" content=\"Aj vy sa pr\u00ed\u010fte porozpr\u00e1va\u0165 o va\u0161ich kni\u017en\u00fdch srdcovk\u00e1ch po franc\u00fazsky s dobrovo\u013en\u00edkmi z ob\u010dianskeho zdru\u017eenia Bratislava Accueil.\" \/>\n<meta property=\"og:url\" content=\"https:\/\/institutfrancais.sk\/fr\/podujatie\/cafe-bouquins-novembre\/\" \/>\n<meta property=\"og:site_name\" content=\"Franc\u00fazsky in\u0161tit\u00fat na Slovensku\" \/>\n<meta property=\"article:modified_time\" content=\"2020-10-12T11:01:06+00:00\" \/>\n<meta property=\"og:image\" content=\"https:\/\/institutfrancais.sk\/wp-content\/uploads\/2020\/01\/O-knih\u00e1ch-pri-k\u00e1ve-1024x632.png\" \/>\n\t<meta property=\"og:image:width\" content=\"1024\" \/>\n\t<meta property=\"og:image:height\" content=\"632\" \/>\n\t<meta property=\"og:image:type\" content=\"image\/png\" \/>\n<meta name=\"twitter:card\" content=\"summary_large_image\" \/>\n<script type=\"application\/ld+json\" class=\"yoast-schema-graph\">{\"@context\":\"https:\/\/schema.org\",\"@graph\":[{\"@type\":\"WebPage\",\"@id\":\"https:\/\/institutfrancais.sk\/fr\/podujatie\/cafe-bouquins-novembre\/\",\"url\":\"https:\/\/institutfrancais.sk\/fr\/podujatie\/cafe-bouquins-novembre\/\",\"name\":\"Caf\u00e9 Bouquins - Franc\u00fazsky in\u0161tit\u00fat na Slovensku\",\"isPartOf\":{\"@id\":\"https:\/\/institutfrancais.sk\/fr\/#website\"},\"primaryImageOfPage\":{\"@id\":\"https:\/\/institutfrancais.sk\/fr\/podujatie\/cafe-bouquins-novembre\/#primaryimage\"},\"image\":{\"@id\":\"https:\/\/institutfrancais.sk\/fr\/podujatie\/cafe-bouquins-novembre\/#primaryimage\"},\"thumbnailUrl\":\"https:\/\/institutfrancais.sk\/wp-content\/uploads\/2020\/01\/O-knih\u00e1ch-pri-k\u00e1ve.png\",\"datePublished\":\"2020-10-10T10:41:20+00:00\",\"dateModified\":\"2020-10-12T11:01:06+00:00\",\"description\":\"Aj vy sa pr\u00ed\u010fte porozpr\u00e1va\u0165 o va\u0161ich kni\u017en\u00fdch srdcovk\u00e1ch po franc\u00fazsky s dobrovo\u013en\u00edkmi z ob\u010dianskeho zdru\u017eenia Bratislava Accueil.\",\"breadcrumb\":{\"@id\":\"https:\/\/institutfrancais.sk\/fr\/podujatie\/cafe-bouquins-novembre\/#breadcrumb\"},\"inLanguage\":\"fr-FR\",\"potentialAction\":[{\"@type\":\"ReadAction\",\"target\":[\"https:\/\/institutfrancais.sk\/fr\/podujatie\/cafe-bouquins-novembre\/\"]}]},{\"@type\":\"ImageObject\",\"inLanguage\":\"fr-FR\",\"@id\":\"https:\/\/institutfrancais.sk\/fr\/podujatie\/cafe-bouquins-novembre\/#primaryimage\",\"url\":\"https:\/\/institutfrancais.sk\/wp-content\/uploads\/2020\/01\/O-knih\u00e1ch-pri-k\u00e1ve.png\",\"contentUrl\":\"https:\/\/institutfrancais.sk\/wp-content\/uploads\/2020\/01\/O-knih\u00e1ch-pri-k\u00e1ve.png\",\"width\":1584,\"height\":978},{\"@type\":\"BreadcrumbList\",\"@id\":\"https:\/\/institutfrancais.sk\/fr\/podujatie\/cafe-bouquins-novembre\/#breadcrumb\",\"itemListElement\":[{\"@type\":\"ListItem\",\"position\":1,\"name\":\"Home\",\"item\":\"https:\/\/institutfrancais.sk\/fr\/\"},{\"@type\":\"ListItem\",\"position\":2,\"name\":\"Events\",\"item\":\"https:\/\/institutfrancais.sk\/fr\/podujatie\/\"},{\"@type\":\"ListItem\",\"position\":3,\"name\":\"Caf\u00e9 Bouquins\"}]},{\"@type\":\"WebSite\",\"@id\":\"https:\/\/institutfrancais.sk\/fr\/#website\",\"url\":\"https:\/\/institutfrancais.sk\/fr\/\",\"name\":\"Franc\u00fazsky in\u0161tit\u00fat na Slovensku\",\"description\":\"Franc\u00fazsky in\u0161tit\u00fat na Slovensku\",\"potentialAction\":[{\"@type\":\"SearchAction\",\"target\":{\"@type\":\"EntryPoint\",\"urlTemplate\":\"https:\/\/institutfrancais.sk\/fr\/?s={search_term_string}\"},\"query-input\":{\"@type\":\"PropertyValueSpecification\",\"valueRequired\":true,\"valueName\":\"search_term_string\"}}],\"inLanguage\":\"fr-FR\"}]}<\/script>\n<!-- \/ Yoast SEO plugin. -->","yoast_head_json":{"title":"Caf\u00e9 Bouquins - Franc\u00fazsky in\u0161tit\u00fat na Slovensku","description":"Aj vy sa pr\u00ed\u010fte porozpr\u00e1va\u0165 o va\u0161ich kni\u017en\u00fdch srdcovk\u00e1ch po franc\u00fazsky s dobrovo\u013en\u00edkmi z ob\u010dianskeho zdru\u017eenia Bratislava Accueil.","robots":{"index":"index","follow":"follow","max-snippet":"max-snippet:-1","max-image-preview":"max-image-preview:large","max-video-preview":"max-video-preview:-1"},"canonical":"https:\/\/institutfrancais.sk\/fr\/podujatie\/cafe-bouquins-novembre\/","og_locale":"fr_FR","og_type":"article","og_title":"Caf\u00e9 Bouquins - Franc\u00fazsky in\u0161tit\u00fat na Slovensku","og_description":"Aj vy sa pr\u00ed\u010fte porozpr\u00e1va\u0165 o va\u0161ich kni\u017en\u00fdch srdcovk\u00e1ch po franc\u00fazsky s dobrovo\u013en\u00edkmi z ob\u010dianskeho zdru\u017eenia Bratislava Accueil.","og_url":"https:\/\/institutfrancais.sk\/fr\/podujatie\/cafe-bouquins-novembre\/","og_site_name":"Franc\u00fazsky in\u0161tit\u00fat na Slovensku","article_modified_time":"2020-10-12T11:01:06+00:00","og_image":[{"width":1024,"height":632,"url":"https:\/\/institutfrancais.sk\/wp-content\/uploads\/2020\/01\/O-knih\u00e1ch-pri-k\u00e1ve-1024x632.png","type":"image\/png"}],"twitter_card":"summary_large_image","schema":{"@context":"https:\/\/schema.org","@graph":[{"@type":"WebPage","@id":"https:\/\/institutfrancais.sk\/fr\/podujatie\/cafe-bouquins-novembre\/","url":"https:\/\/institutfrancais.sk\/fr\/podujatie\/cafe-bouquins-novembre\/","name":"Caf\u00e9 Bouquins - Franc\u00fazsky in\u0161tit\u00fat na Slovensku","isPartOf":{"@id":"https:\/\/institutfrancais.sk\/fr\/#website"},"primaryImageOfPage":{"@id":"https:\/\/institutfrancais.sk\/fr\/podujatie\/cafe-bouquins-novembre\/#primaryimage"},"image":{"@id":"https:\/\/institutfrancais.sk\/fr\/podujatie\/cafe-bouquins-novembre\/#primaryimage"},"thumbnailUrl":"https:\/\/institutfrancais.sk\/wp-content\/uploads\/2020\/01\/O-knih\u00e1ch-pri-k\u00e1ve.png","datePublished":"2020-10-10T10:41:20+00:00","dateModified":"2020-10-12T11:01:06+00:00","description":"Aj vy sa pr\u00ed\u010fte porozpr\u00e1va\u0165 o va\u0161ich kni\u017en\u00fdch srdcovk\u00e1ch po franc\u00fazsky s dobrovo\u013en\u00edkmi z ob\u010dianskeho zdru\u017eenia Bratislava Accueil.","breadcrumb":{"@id":"https:\/\/institutfrancais.sk\/fr\/podujatie\/cafe-bouquins-novembre\/#breadcrumb"},"inLanguage":"fr-FR","potentialAction":[{"@type":"ReadAction","target":["https:\/\/institutfrancais.sk\/fr\/podujatie\/cafe-bouquins-novembre\/"]}]},{"@type":"ImageObject","inLanguage":"fr-FR","@id":"https:\/\/institutfrancais.sk\/fr\/podujatie\/cafe-bouquins-novembre\/#primaryimage","url":"https:\/\/institutfrancais.sk\/wp-content\/uploads\/2020\/01\/O-knih\u00e1ch-pri-k\u00e1ve.png","contentUrl":"https:\/\/institutfrancais.sk\/wp-content\/uploads\/2020\/01\/O-knih\u00e1ch-pri-k\u00e1ve.png","width":1584,"height":978},{"@type":"BreadcrumbList","@id":"https:\/\/institutfrancais.sk\/fr\/podujatie\/cafe-bouquins-novembre\/#breadcrumb","itemListElement":[{"@type":"ListItem","position":1,"name":"Home","item":"https:\/\/institutfrancais.sk\/fr\/"},{"@type":"ListItem","position":2,"name":"Events","item":"https:\/\/institutfrancais.sk\/fr\/podujatie\/"},{"@type":"ListItem","position":3,"name":"Caf\u00e9 Bouquins"}]},{"@type":"WebSite","@id":"https:\/\/institutfrancais.sk\/fr\/#website","url":"https:\/\/institutfrancais.sk\/fr\/","name":"Franc\u00fazsky in\u0161tit\u00fat na Slovensku","description":"Franc\u00fazsky in\u0161tit\u00fat na Slovensku","potentialAction":[{"@type":"SearchAction","target":{"@type":"EntryPoint","urlTemplate":"https:\/\/institutfrancais.sk\/fr\/?s={search_term_string}"},"query-input":{"@type":"PropertyValueSpecification","valueRequired":true,"valueName":"search_term_string"}}],"inLanguage":"fr-FR"}]}},"_links":{"self":[{"href":"https:\/\/institutfrancais.sk\/fr\/wp-json\/wp\/v2\/podujatie\/13054"}],"collection":[{"href":"https:\/\/institutfrancais.sk\/fr\/wp-json\/wp\/v2\/podujatie"}],"about":[{"href":"https:\/\/institutfrancais.sk\/fr\/wp-json\/wp\/v2\/types\/podujatie"}],"wp:featuredmedia":[{"embeddable":true,"href":"https:\/\/institutfrancais.sk\/fr\/wp-json\/wp\/v2\/media\/1469"}],"wp:attachment":[{"href":"https:\/\/institutfrancais.sk\/fr\/wp-json\/wp\/v2\/media?parent=13054"}],"wp:term":[{"taxonomy":"typ-podujatia","embeddable":true,"href":"https:\/\/institutfrancais.sk\/fr\/wp-json\/wp\/v2\/typ-podujatia?post=13054"}],"curies":[{"name":"wp","href":"https:\/\/api.w.org\/{rel}","templated":true}]}}

Café Bouquins

<p>Nous sommes ravis de vous retrouver à l’occasion du prochain Café Bouquins pour partager nos coups de coeur littéraires autour d’un petit café ou d’un thé.</p>



<p>L’évènement est animé par les bénévoles de&nbsp;<strong><a rel="noreferrer noopener" href="https://www.facebook.com/bratislavaccueil/" target="_blank">Bratislava Accueil</a></strong>&nbsp;!<br></p>


<div class="space sm"></div>


<h2 class="wp-block-heading">En raison des mesures de précaution du COVID-19, veuillez vous inscrire SVP&nbsp;à l’événement à l’avance. </h2>


<div class="space xs"></div>


<p> <strong><a href="mailto:cafe-bouquins@institutfrancais.sk">cafe-bouquins@institutfrancais.sk</a></strong> / 02 59 34 77 60 </p>


<div class="space sm"></div>

</div><iframe loading="lazy" src="https://www.google.com/maps/embed?pb=!1m18!1m12!1m3!1d2662.2735746915087!2d17.10532635165492!3d48.14353077912193!2m3!1f0!2f0!3f0!3m2!1i1024!2i768!4f13.1!3m3!1m2!1s0x476c8942d3867d0f%3A0xf92cfa7be90ee73!2zRnJhbmPDunpza3kgaW7FoXRpdMO6dA!5e0!3m2!1ssk!2ssk!4v1575902399794!5m2!1ssk!2ssk" width="100%" height="558" frameborder="0" class="gmap-iframe" allowfullscreen=""></iframe><div class="wrap narrow-wrap">

<!-- This site is optimized with the Yoast SEO plugin v24.5 - https://yoast.com/wordpress/plugins/seo/ -->
<title>Café Bouquins - Francúzsky inštitút na Slovensku</title>
<meta name="description" content="Aj vy sa príďte porozprávať o vašich knižných srdcovkách po francúzsky s dobrovoľníkmi z občianskeho združenia Bratislava Accueil." />
<meta name="robots" content="index, follow, max-snippet:-1, max-image-preview:large, max-video-preview:-1" />
<link rel="canonical" href="https://institutfrancais.sk/fr/podujatie/cafe-bouquins-novembre/" />
<meta property="og:locale" content="fr_FR" />
<meta property="og:type" content="article" />
<meta property="og:title" content="Café Bouquins - Francúzsky inštitút na Slovensku" />
<meta property="og:description" content="Aj vy sa príďte porozprávať o vašich knižných srdcovkách po francúzsky s dobrovoľníkmi z občianskeho združenia Bratislava Accueil." />
<meta property="og:url" content="https://institutfrancais.sk/fr/podujatie/cafe-bouquins-novembre/" />
<meta property="og:site_name" content="Francúzsky inštitút na Slovensku" />
<meta property="article:modified_time" content="2020-10-12T11:01:06+00:00" />
<meta property="og:image" content="https://institutfrancais.sk/wp-content/uploads/2020/01/O-knihách-pri-káve-1024x632.png" />
	<meta property="og:image:width" content="1024" />
	<meta property="og:image:height" content="632" />
	<meta property="og:image:type" content="image/png" />
<meta name="twitter:card" content="summary_large_image" />
<script type="application/ld+json" class="yoast-schema-graph">{"@context":"https://schema.org","@graph":[{"@type":"WebPage","@id":"https://institutfrancais.sk/fr/podujatie/cafe-bouquins-novembre/","url":"https://institutfrancais.sk/fr/podujatie/cafe-bouquins-novembre/","name":"Café Bouquins - Francúzsky inštitút na Slovensku","isPartOf":{"@id":"https://institutfrancais.sk/fr/#website"},"primaryImageOfPage":{"@id":"https://institutfrancais.sk/fr/podujatie/cafe-bouquins-novembre/#primaryimage"},"image":{"@id":"https://institutfrancais.sk/fr/podujatie/cafe-bouquins-novembre/#primaryimage"},"thumbnailUrl":"https://institutfrancais.sk/wp-content/uploads/2020/01/O-knihách-pri-káve.png","datePublished":"2020-10-10T10:41:20+00:00","dateModified":"2020-10-12T11:01:06+00:00","description":"Aj vy sa príďte porozprávať o vašich knižných srdcovkách po francúzsky s dobrovoľníkmi z občianskeho združenia Bratislava Accueil.","breadcrumb":{"@id":"https://institutfrancais.sk/fr/podujatie/cafe-bouquins-novembre/#breadcrumb"},"inLanguage":"fr-FR","potentialAction":[{"@type":"ReadAction","target":["https://institutfrancais.sk/fr/podujatie/cafe-bouquins-novembre/"]}]},{"@type":"ImageObject","inLanguage":"fr-FR","@id":"https://institutfrancais.sk/fr/podujatie/cafe-bouquins-novembre/#primaryimage","url":"https://institutfrancais.sk/wp-content/uploads/2020/01/O-knihách-pri-káve.png","contentUrl":"https://institutfrancais.sk/wp-content/uploads/2020/01/O-knihách-pri-káve.png","width":1584,"height":978},{"@type":"BreadcrumbList","@id":"https://institutfrancais.sk/fr/podujatie/cafe-bouquins-novembre/#breadcrumb","itemListElement":[{"@type":"ListItem","position":1,"name":"Home","item":"https://institutfrancais.sk/fr/"},{"@type":"ListItem","position":2,"name":"Events","item":"https://institutfrancais.sk/fr/podujatie/"},{"@type":"ListItem","position":3,"name":"Café Bouquins"}]},{"@type":"WebSite","@id":"https://institutfrancais.sk/fr/#website","url":"https://institutfrancais.sk/fr/","name":"Francúzsky inštitút na Slovensku","description":"Francúzsky inštitút na Slovensku","potentialAction":[{"@type":"SearchAction","target":{"@type":"EntryPoint","urlTemplate":"https://institutfrancais.sk/fr/?s={search_term_string}"},"query-input":{"@type":"PropertyValueSpecification","valueRequired":true,"valueName":"search_term_string"}}],"inLanguage":"fr-FR"}]}</script>
<!-- / Yoast SEO plugin. -->

Café Bouquins - Francúzsky inštitút na Slovensku

Aj vy sa príďte porozprávať o vašich knižných srdcovkách po francúzsky s dobrovoľníkmi z občianskeho združenia Bratislava Accueil.

Francúzsky inštitút na Slovensku

https://institutfrancais.sk/wp-content/uploads/2020/01/O-knihách-pri-káve-1024x632.png

https://institutfrancais.sk/wp-content/uploads/2020/01/O-knihách-pri-káve.png
