{"id":13057,"date":"2022-09-28T15:22:00","date_gmt":"2022-09-28T13:22:00","guid":{"rendered":"https:\/\/institutfrancais.sk\/podujatie\/o-knihach-pri-kave-december\/"},"modified":"2022-10-07T15:24:35","modified_gmt":"2022-10-07T13:24:35","slug":"cafe-bouquins-bratislava-accueil","status":"publish","type":"podujatie","link":"https:\/\/institutfrancais.sk\/fr\/podujatie\/cafe-bouquins-bratislava-accueil\/","title":{"rendered":"Caf\u00e9 Bouquins de Bratislava Accueil"},"content":{"rendered":"\n<p>Si vous aimez lire et \u00e9changer autour de vos lectures, ce rendez-vous est pour vous ! L\u2019\u00e9v\u00e8nement est organis\u00e9 et anim\u00e9 par les b\u00e9n\u00e9voles de&nbsp;<strong><a rel=\"noreferrer noopener\" href=\"https:\/\/www.facebook.com\/bratislavaccueil\/\" target=\"_blank\">Bratislava Accueil<\/a><\/strong>. N\u2019h\u00e9sitez pas \u00e0 contacter l&rsquo;association pour signaler votre venue : <strong><a href=\"mailto:bratislavaccueil@hotmail.com\">bratislavaccueil@hotmail.com<\/a><\/strong>.<\/p>\n\n\n<div class=\"space sm\"><\/div>\n\n<\/div><iframe loading=\"lazy\" src=\"https:\/\/www.google.com\/maps\/embed?pb=!1m18!1m12!1m3!1d2661.9068777045213!2d17.1226044!3d48.150600499999996!2m3!1f0!2f0!3f0!3m2!1i1024!2i768!4f13.1!3m3!1m2!1s0x476c891208f19253%3A0xeb4f596c92497cde!2sEspresso%20Perfetto%20Bratislava%2C%20s.r.o.!5e0!3m2!1ssk!2ssk!4v1662731861363!5m2!1ssk!2ssk\" width=\"100%\" height=\"558\" frameborder=\"0\" class=\"gmap-iframe\" allowfullscreen=\"\"><\/iframe><div class=\"wrap narrow-wrap\">","protected":false},"featured_media":1469,"template":"","typ-podujatia":[58,98,271],"acf":[],"yoast_head":"<!-- This site is optimized with the Yoast SEO plugin v24.5 - https:\/\/yoast.com\/wordpress\/plugins\/seo\/ -->\n<title>Caf\u00e9 Bouquins de Bratislava Accueil - Franc\u00fazsky in\u0161tit\u00fat na Slovensku<\/title>\n<meta name=\"description\" content=\"Nous sommes ravis de vous retrouver \u00e0 l\u2019occasion du prochain Caf\u00e9 Bouquins pour partager nos coups de coeur litt\u00e9raires autour d\u2019un petit caf\u00e9 ou d\u2019un th\u00e9.\" \/>\n<meta name=\"robots\" content=\"index, follow, max-snippet:-1, max-image-preview:large, max-video-preview:-1\" \/>\n<link rel=\"canonical\" href=\"https:\/\/institutfrancais.sk\/fr\/podujatie\/cafe-bouquins-bratislava-accueil\/\" \/>\n<meta property=\"og:locale\" content=\"fr_FR\" \/>\n<meta property=\"og:type\" content=\"article\" \/>\n<meta property=\"og:title\" content=\"Caf\u00e9 Bouquins de Bratislava Accueil - Franc\u00fazsky in\u0161tit\u00fat na Slovensku\" \/>\n<meta property=\"og:description\" content=\"Nous sommes ravis de vous retrouver \u00e0 l\u2019occasion du prochain Caf\u00e9 Bouquins pour partager nos coups de coeur litt\u00e9raires autour d\u2019un petit caf\u00e9 ou d\u2019un th\u00e9.\" \/>\n<meta property=\"og:url\" content=\"https:\/\/institutfrancais.sk\/fr\/podujatie\/cafe-bouquins-bratislava-accueil\/\" \/>\n<meta property=\"og:site_name\" content=\"Franc\u00fazsky in\u0161tit\u00fat na Slovensku\" \/>\n<meta property=\"article:modified_time\" content=\"2022-10-07T13:24:35+00:00\" \/>\n<meta property=\"og:image\" content=\"https:\/\/institutfrancais.sk\/wp-content\/uploads\/2020\/01\/O-knih\u00e1ch-pri-k\u00e1ve-1024x632.png\" \/>\n\t<meta property=\"og:image:width\" content=\"1024\" \/>\n\t<meta property=\"og:image:height\" content=\"632\" \/>\n\t<meta property=\"og:image:type\" content=\"image\/png\" \/>\n<meta name=\"twitter:card\" content=\"summary_large_image\" \/>\n<meta name=\"twitter:label1\" content=\"Dur\u00e9e de lecture estim\u00e9e\" \/>\n\t<meta name=\"twitter:data1\" content=\"1 minute\" \/>\n<script type=\"application\/ld+json\" class=\"yoast-schema-graph\">{\"@context\":\"https:\/\/schema.org\",\"@graph\":[{\"@type\":\"WebPage\",\"@id\":\"https:\/\/institutfrancais.sk\/fr\/podujatie\/cafe-bouquins-bratislava-accueil\/\",\"url\":\"https:\/\/institutfrancais.sk\/fr\/podujatie\/cafe-bouquins-bratislava-accueil\/\",\"name\":\"Caf\u00e9 Bouquins de Bratislava Accueil - Franc\u00fazsky in\u0161tit\u00fat na Slovensku\",\"isPartOf\":{\"@id\":\"https:\/\/institutfrancais.sk\/fr\/#website\"},\"primaryImageOfPage\":{\"@id\":\"https:\/\/institutfrancais.sk\/fr\/podujatie\/cafe-bouquins-bratislava-accueil\/#primaryimage\"},\"image\":{\"@id\":\"https:\/\/institutfrancais.sk\/fr\/podujatie\/cafe-bouquins-bratislava-accueil\/#primaryimage\"},\"thumbnailUrl\":\"https:\/\/institutfrancais.sk\/wp-content\/uploads\/2020\/01\/O-knih\u00e1ch-pri-k\u00e1ve.png\",\"datePublished\":\"2022-09-28T13:22:00+00:00\",\"dateModified\":\"2022-10-07T13:24:35+00:00\",\"description\":\"Nous sommes ravis de vous retrouver \u00e0 l\u2019occasion du prochain Caf\u00e9 Bouquins pour partager nos coups de coeur litt\u00e9raires autour d\u2019un petit caf\u00e9 ou d\u2019un th\u00e9.\",\"breadcrumb\":{\"@id\":\"https:\/\/institutfrancais.sk\/fr\/podujatie\/cafe-bouquins-bratislava-accueil\/#breadcrumb\"},\"inLanguage\":\"fr-FR\",\"potentialAction\":[{\"@type\":\"ReadAction\",\"target\":[\"https:\/\/institutfrancais.sk\/fr\/podujatie\/cafe-bouquins-bratislava-accueil\/\"]}]},{\"@type\":\"ImageObject\",\"inLanguage\":\"fr-FR\",\"@id\":\"https:\/\/institutfrancais.sk\/fr\/podujatie\/cafe-bouquins-bratislava-accueil\/#primaryimage\",\"url\":\"https:\/\/institutfrancais.sk\/wp-content\/uploads\/2020\/01\/O-knih\u00e1ch-pri-k\u00e1ve.png\",\"contentUrl\":\"https:\/\/institutfrancais.sk\/wp-content\/uploads\/2020\/01\/O-knih\u00e1ch-pri-k\u00e1ve.png\",\"width\":1584,\"height\":978},{\"@type\":\"BreadcrumbList\",\"@id\":\"https:\/\/institutfrancais.sk\/fr\/podujatie\/cafe-bouquins-bratislava-accueil\/#breadcrumb\",\"itemListElement\":[{\"@type\":\"ListItem\",\"position\":1,\"name\":\"Home\",\"item\":\"https:\/\/institutfrancais.sk\/fr\/\"},{\"@type\":\"ListItem\",\"position\":2,\"name\":\"Events\",\"item\":\"https:\/\/institutfrancais.sk\/fr\/podujatie\/\"},{\"@type\":\"ListItem\",\"position\":3,\"name\":\"Caf\u00e9 Bouquins de Bratislava Accueil\"}]},{\"@type\":\"WebSite\",\"@id\":\"https:\/\/institutfrancais.sk\/fr\/#website\",\"url\":\"https:\/\/institutfrancais.sk\/fr\/\",\"name\":\"Franc\u00fazsky in\u0161tit\u00fat na Slovensku\",\"description\":\"Franc\u00fazsky in\u0161tit\u00fat na Slovensku\",\"potentialAction\":[{\"@type\":\"SearchAction\",\"target\":{\"@type\":\"EntryPoint\",\"urlTemplate\":\"https:\/\/institutfrancais.sk\/fr\/?s={search_term_string}\"},\"query-input\":{\"@type\":\"PropertyValueSpecification\",\"valueRequired\":true,\"valueName\":\"search_term_string\"}}],\"inLanguage\":\"fr-FR\"}]}<\/script>\n<!-- \/ Yoast SEO plugin. -->","yoast_head_json":{"title":"Caf\u00e9 Bouquins de Bratislava Accueil - Franc\u00fazsky in\u0161tit\u00fat na Slovensku","description":"Nous sommes ravis de vous retrouver \u00e0 l\u2019occasion du prochain Caf\u00e9 Bouquins pour partager nos coups de coeur litt\u00e9raires autour d\u2019un petit caf\u00e9 ou d\u2019un th\u00e9.","robots":{"index":"index","follow":"follow","max-snippet":"max-snippet:-1","max-image-preview":"max-image-preview:large","max-video-preview":"max-video-preview:-1"},"canonical":"https:\/\/institutfrancais.sk\/fr\/podujatie\/cafe-bouquins-bratislava-accueil\/","og_locale":"fr_FR","og_type":"article","og_title":"Caf\u00e9 Bouquins de Bratislava Accueil - Franc\u00fazsky in\u0161tit\u00fat na Slovensku","og_description":"Nous sommes ravis de vous retrouver \u00e0 l\u2019occasion du prochain Caf\u00e9 Bouquins pour partager nos coups de coeur litt\u00e9raires autour d\u2019un petit caf\u00e9 ou d\u2019un th\u00e9.","og_url":"https:\/\/institutfrancais.sk\/fr\/podujatie\/cafe-bouquins-bratislava-accueil\/","og_site_name":"Franc\u00fazsky in\u0161tit\u00fat na Slovensku","article_modified_time":"2022-10-07T13:24:35+00:00","og_image":[{"width":1024,"height":632,"url":"https:\/\/institutfrancais.sk\/wp-content\/uploads\/2020\/01\/O-knih\u00e1ch-pri-k\u00e1ve-1024x632.png","type":"image\/png"}],"twitter_card":"summary_large_image","twitter_misc":{"Dur\u00e9e de lecture estim\u00e9e":"1 minute"},"schema":{"@context":"https:\/\/schema.org","@graph":[{"@type":"WebPage","@id":"https:\/\/institutfrancais.sk\/fr\/podujatie\/cafe-bouquins-bratislava-accueil\/","url":"https:\/\/institutfrancais.sk\/fr\/podujatie\/cafe-bouquins-bratislava-accueil\/","name":"Caf\u00e9 Bouquins de Bratislava Accueil - Franc\u00fazsky in\u0161tit\u00fat na Slovensku","isPartOf":{"@id":"https:\/\/institutfrancais.sk\/fr\/#website"},"primaryImageOfPage":{"@id":"https:\/\/institutfrancais.sk\/fr\/podujatie\/cafe-bouquins-bratislava-accueil\/#primaryimage"},"image":{"@id":"https:\/\/institutfrancais.sk\/fr\/podujatie\/cafe-bouquins-bratislava-accueil\/#primaryimage"},"thumbnailUrl":"https:\/\/institutfrancais.sk\/wp-content\/uploads\/2020\/01\/O-knih\u00e1ch-pri-k\u00e1ve.png","datePublished":"2022-09-28T13:22:00+00:00","dateModified":"2022-10-07T13:24:35+00:00","description":"Nous sommes ravis de vous retrouver \u00e0 l\u2019occasion du prochain Caf\u00e9 Bouquins pour partager nos coups de coeur litt\u00e9raires autour d\u2019un petit caf\u00e9 ou d\u2019un th\u00e9.","breadcrumb":{"@id":"https:\/\/institutfrancais.sk\/fr\/podujatie\/cafe-bouquins-bratislava-accueil\/#breadcrumb"},"inLanguage":"fr-FR","potentialAction":[{"@type":"ReadAction","target":["https:\/\/institutfrancais.sk\/fr\/podujatie\/cafe-bouquins-bratislava-accueil\/"]}]},{"@type":"ImageObject","inLanguage":"fr-FR","@id":"https:\/\/institutfrancais.sk\/fr\/podujatie\/cafe-bouquins-bratislava-accueil\/#primaryimage","url":"https:\/\/institutfrancais.sk\/wp-content\/uploads\/2020\/01\/O-knih\u00e1ch-pri-k\u00e1ve.png","contentUrl":"https:\/\/institutfrancais.sk\/wp-content\/uploads\/2020\/01\/O-knih\u00e1ch-pri-k\u00e1ve.png","width":1584,"height":978},{"@type":"BreadcrumbList","@id":"https:\/\/institutfrancais.sk\/fr\/podujatie\/cafe-bouquins-bratislava-accueil\/#breadcrumb","itemListElement":[{"@type":"ListItem","position":1,"name":"Home","item":"https:\/\/institutfrancais.sk\/fr\/"},{"@type":"ListItem","position":2,"name":"Events","item":"https:\/\/institutfrancais.sk\/fr\/podujatie\/"},{"@type":"ListItem","position":3,"name":"Caf\u00e9 Bouquins de Bratislava Accueil"}]},{"@type":"WebSite","@id":"https:\/\/institutfrancais.sk\/fr\/#website","url":"https:\/\/institutfrancais.sk\/fr\/","name":"Franc\u00fazsky in\u0161tit\u00fat na Slovensku","description":"Franc\u00fazsky in\u0161tit\u00fat na Slovensku","potentialAction":[{"@type":"SearchAction","target":{"@type":"EntryPoint","urlTemplate":"https:\/\/institutfrancais.sk\/fr\/?s={search_term_string}"},"query-input":{"@type":"PropertyValueSpecification","valueRequired":true,"valueName":"search_term_string"}}],"inLanguage":"fr-FR"}]}},"_links":{"self":[{"href":"https:\/\/institutfrancais.sk\/fr\/wp-json\/wp\/v2\/podujatie\/13057"}],"collection":[{"href":"https:\/\/institutfrancais.sk\/fr\/wp-json\/wp\/v2\/podujatie"}],"about":[{"href":"https:\/\/institutfrancais.sk\/fr\/wp-json\/wp\/v2\/types\/podujatie"}],"wp:featuredmedia":[{"embeddable":true,"href":"https:\/\/institutfrancais.sk\/fr\/wp-json\/wp\/v2\/media\/1469"}],"wp:attachment":[{"href":"https:\/\/institutfrancais.sk\/fr\/wp-json\/wp\/v2\/media?parent=13057"}],"wp:term":[{"taxonomy":"typ-podujatia","embeddable":true,"href":"https:\/\/institutfrancais.sk\/fr\/wp-json\/wp\/v2\/typ-podujatia?post=13057"}],"curies":[{"name":"wp","href":"https:\/\/api.w.org\/{rel}","templated":true}]}}

Café Bouquins de Bratislava Accueil

<p>Si vous aimez lire et échanger autour de vos lectures, ce rendez-vous est pour vous ! L’évènement est organisé et animé par les bénévoles de&nbsp;<strong><a rel="noreferrer noopener" href="https://www.facebook.com/bratislavaccueil/" target="_blank">Bratislava Accueil</a></strong>. N’hésitez pas à contacter l&rsquo;association pour signaler votre venue : <strong><a href="mailto:bratislavaccueil@hotmail.com">bratislavaccueil@hotmail.com</a></strong>.</p>


<div class="space sm"></div>

</div><iframe loading="lazy" src="https://www.google.com/maps/embed?pb=!1m18!1m12!1m3!1d2661.9068777045213!2d17.1226044!3d48.150600499999996!2m3!1f0!2f0!3f0!3m2!1i1024!2i768!4f13.1!3m3!1m2!1s0x476c891208f19253%3A0xeb4f596c92497cde!2sEspresso%20Perfetto%20Bratislava%2C%20s.r.o.!5e0!3m2!1ssk!2ssk!4v1662731861363!5m2!1ssk!2ssk" width="100%" height="558" frameborder="0" class="gmap-iframe" allowfullscreen=""></iframe><div class="wrap narrow-wrap">

<!-- This site is optimized with the Yoast SEO plugin v24.5 - https://yoast.com/wordpress/plugins/seo/ -->
<title>Café Bouquins de Bratislava Accueil - Francúzsky inštitút na Slovensku</title>
<meta name="description" content="Nous sommes ravis de vous retrouver à l’occasion du prochain Café Bouquins pour partager nos coups de coeur littéraires autour d’un petit café ou d’un thé." />
<meta name="robots" content="index, follow, max-snippet:-1, max-image-preview:large, max-video-preview:-1" />
<link rel="canonical" href="https://institutfrancais.sk/fr/podujatie/cafe-bouquins-bratislava-accueil/" />
<meta property="og:locale" content="fr_FR" />
<meta property="og:type" content="article" />
<meta property="og:title" content="Café Bouquins de Bratislava Accueil - Francúzsky inštitút na Slovensku" />
<meta property="og:description" content="Nous sommes ravis de vous retrouver à l’occasion du prochain Café Bouquins pour partager nos coups de coeur littéraires autour d’un petit café ou d’un thé." />
<meta property="og:url" content="https://institutfrancais.sk/fr/podujatie/cafe-bouquins-bratislava-accueil/" />
<meta property="og:site_name" content="Francúzsky inštitút na Slovensku" />
<meta property="article:modified_time" content="2022-10-07T13:24:35+00:00" />
<meta property="og:image" content="https://institutfrancais.sk/wp-content/uploads/2020/01/O-knihách-pri-káve-1024x632.png" />
	<meta property="og:image:width" content="1024" />
	<meta property="og:image:height" content="632" />
	<meta property="og:image:type" content="image/png" />
<meta name="twitter:card" content="summary_large_image" />
<meta name="twitter:label1" content="Durée de lecture estimée" />
	<meta name="twitter:data1" content="1 minute" />
<script type="application/ld+json" class="yoast-schema-graph">{"@context":"https://schema.org","@graph":[{"@type":"WebPage","@id":"https://institutfrancais.sk/fr/podujatie/cafe-bouquins-bratislava-accueil/","url":"https://institutfrancais.sk/fr/podujatie/cafe-bouquins-bratislava-accueil/","name":"Café Bouquins de Bratislava Accueil - Francúzsky inštitút na Slovensku","isPartOf":{"@id":"https://institutfrancais.sk/fr/#website"},"primaryImageOfPage":{"@id":"https://institutfrancais.sk/fr/podujatie/cafe-bouquins-bratislava-accueil/#primaryimage"},"image":{"@id":"https://institutfrancais.sk/fr/podujatie/cafe-bouquins-bratislava-accueil/#primaryimage"},"thumbnailUrl":"https://institutfrancais.sk/wp-content/uploads/2020/01/O-knihách-pri-káve.png","datePublished":"2022-09-28T13:22:00+00:00","dateModified":"2022-10-07T13:24:35+00:00","description":"Nous sommes ravis de vous retrouver à l’occasion du prochain Café Bouquins pour partager nos coups de coeur littéraires autour d’un petit café ou d’un thé.","breadcrumb":{"@id":"https://institutfrancais.sk/fr/podujatie/cafe-bouquins-bratislava-accueil/#breadcrumb"},"inLanguage":"fr-FR","potentialAction":[{"@type":"ReadAction","target":["https://institutfrancais.sk/fr/podujatie/cafe-bouquins-bratislava-accueil/"]}]},{"@type":"ImageObject","inLanguage":"fr-FR","@id":"https://institutfrancais.sk/fr/podujatie/cafe-bouquins-bratislava-accueil/#primaryimage","url":"https://institutfrancais.sk/wp-content/uploads/2020/01/O-knihách-pri-káve.png","contentUrl":"https://institutfrancais.sk/wp-content/uploads/2020/01/O-knihách-pri-káve.png","width":1584,"height":978},{"@type":"BreadcrumbList","@id":"https://institutfrancais.sk/fr/podujatie/cafe-bouquins-bratislava-accueil/#breadcrumb","itemListElement":[{"@type":"ListItem","position":1,"name":"Home","item":"https://institutfrancais.sk/fr/"},{"@type":"ListItem","position":2,"name":"Events","item":"https://institutfrancais.sk/fr/podujatie/"},{"@type":"ListItem","position":3,"name":"Café Bouquins de Bratislava Accueil"}]},{"@type":"WebSite","@id":"https://institutfrancais.sk/fr/#website","url":"https://institutfrancais.sk/fr/","name":"Francúzsky inštitút na Slovensku","description":"Francúzsky inštitút na Slovensku","potentialAction":[{"@type":"SearchAction","target":{"@type":"EntryPoint","urlTemplate":"https://institutfrancais.sk/fr/?s={search_term_string}"},"query-input":{"@type":"PropertyValueSpecification","valueRequired":true,"valueName":"search_term_string"}}],"inLanguage":"fr-FR"}]}</script>
<!-- / Yoast SEO plugin. -->

Café Bouquins de Bratislava Accueil - Francúzsky inštitút na Slovensku

Nous sommes ravis de vous retrouver à l’occasion du prochain Café Bouquins pour partager nos coups de coeur littéraires autour d’un petit café ou d’un thé.

Francúzsky inštitút na Slovensku

https://institutfrancais.sk/wp-content/uploads/2020/01/O-knihách-pri-káve-1024x632.png

https://institutfrancais.sk/wp-content/uploads/2020/01/O-knihách-pri-káve.png
