{"id":13081,"date":"2020-10-12T14:52:48","date_gmt":"2020-10-12T12:52:48","guid":{"rendered":"https:\/\/institutfrancais.sk\/podujatie\/rozpravky-v-mediateke\/"},"modified":"2020-10-12T15:00:05","modified_gmt":"2020-10-12T13:00:05","slug":"les-contes-a-la-mediatheque","status":"publish","type":"podujatie","link":"https:\/\/institutfrancais.sk\/fr\/podujatie\/les-contes-a-la-mediatheque\/","title":{"rendered":"Les contes \u00e0 la m\u00e9diath\u00e8que"},"content":{"rendered":"\n<p>Nous invitons tous les enfants \u00e2g\u00e9s de 3 \u00e0 7 ans (accompagn\u00e9s de leurs parents) \u00e0 une heure de contes anim\u00e9e en fran\u00e7ais dans la m\u00e9diath\u00e8que de l&rsquo;Institut fran\u00e7ais, qui a&nbsp;lieu une fois par mois, toujours le vendredi. Venez-nous rejoindre notre aventure ! &nbsp;<\/p>\n\n\n\n<p><strong>Les animatrices<\/strong><\/p>\n\n\n\n<ul><li>Klaudia Trochanov\u00e1 (\u00e9tudiante \u00e0 l&rsquo;universit\u00e9) <\/li><li>Val\u00e9rie Sistac (professeure et documentaliste \u00e0 l&rsquo;Ecole fran\u00e7aise de Bratislava) <\/li><li>Floriane Permal (b\u00e9n\u00e9vole \u00e0 l&rsquo;Ecole fran\u00e7aise de Bratislava )<\/li><\/ul>\n\n\n<div class=\"space sm\"><\/div>\n\n\n<h2 class=\"wp-block-heading\">En raison des mesures de pr\u00e9caution du COVID-19, veuillez vous inscrire SVP\u00a0\u00e0 l\u2019\u00e9v\u00e9nement \u00e0 l\u2019avance. <\/h2>\n\n\n<div class=\"space xs\"><\/div>\n\n\n<p> <strong><a href=\"mailto:biblio@institutfrancais.sk\">biblio@institutfrancais.sk<\/a> <\/strong>| 02 \/ 59&nbsp;34&nbsp;77&nbsp;60 <\/p>\n\n\n<div class=\"space sm\"><\/div>\n\n<\/div><iframe loading=\"lazy\" src=\"https:\/\/www.google.com\/maps\/embed?pb=!1m18!1m12!1m3!1d2662.2735746915087!2d17.10532635165492!3d48.14353077912193!2m3!1f0!2f0!3f0!3m2!1i1024!2i768!4f13.1!3m3!1m2!1s0x476c8942d3867d0f%3A0xf92cfa7be90ee73!2zRnJhbmPDunpza3kgaW7FoXRpdMO6dA!5e0!3m2!1ssk!2ssk!4v1575902399794!5m2!1ssk!2ssk\" width=\"100%\" height=\"558\" frameborder=\"0\" class=\"gmap-iframe\" allowfullscreen=\"\"><\/iframe><div class=\"wrap narrow-wrap\">","protected":false},"featured_media":13079,"template":"","typ-podujatia":[193,184,58,98],"acf":[],"yoast_head":"<!-- This site is optimized with the Yoast SEO plugin v24.5 - https:\/\/yoast.com\/wordpress\/plugins\/seo\/ -->\n<title>Les contes \u00e0 la m\u00e9diath\u00e8que - Franc\u00fazsky in\u0161tit\u00fat na Slovensku<\/title>\n<meta name=\"robots\" content=\"index, follow, max-snippet:-1, max-image-preview:large, max-video-preview:-1\" \/>\n<link rel=\"canonical\" href=\"https:\/\/institutfrancais.sk\/fr\/podujatie\/les-contes-a-la-mediatheque\/\" \/>\n<meta property=\"og:locale\" content=\"fr_FR\" \/>\n<meta property=\"og:type\" content=\"article\" \/>\n<meta property=\"og:title\" content=\"Les contes \u00e0 la m\u00e9diath\u00e8que - Franc\u00fazsky in\u0161tit\u00fat na Slovensku\" \/>\n<meta property=\"og:description\" content=\"Nous invitons tous les enfants \u00e2g\u00e9s de 3 \u00e0 7 ans (accompagn\u00e9s de leurs parents) \u00e0 une heure de contes anim\u00e9e en fran\u00e7ais dans la m\u00e9diath\u00e8que de l&rsquo;Institut fran\u00e7ais, qui a&nbsp;lieu une fois par mois, toujours le vendredi. Venez-nous rejoindre notre aventure ! &nbsp; Les animatrices Klaudia Trochanov\u00e1 (\u00e9tudiante \u00e0 l&rsquo;universit\u00e9) Val\u00e9rie Sistac (professeure et [&hellip;]\" \/>\n<meta property=\"og:url\" content=\"https:\/\/institutfrancais.sk\/fr\/podujatie\/les-contes-a-la-mediatheque\/\" \/>\n<meta property=\"og:site_name\" content=\"Franc\u00fazsky in\u0161tit\u00fat na Slovensku\" \/>\n<meta property=\"article:modified_time\" content=\"2020-10-12T13:00:05+00:00\" \/>\n<meta property=\"og:image\" content=\"https:\/\/institutfrancais.sk\/wp-content\/uploads\/2020\/10\/les-contes-visu-1024x573.png\" \/>\n\t<meta property=\"og:image:width\" content=\"1024\" \/>\n\t<meta property=\"og:image:height\" content=\"573\" \/>\n\t<meta property=\"og:image:type\" content=\"image\/png\" \/>\n<meta name=\"twitter:card\" content=\"summary_large_image\" \/>\n<script type=\"application\/ld+json\" class=\"yoast-schema-graph\">{\"@context\":\"https:\/\/schema.org\",\"@graph\":[{\"@type\":\"WebPage\",\"@id\":\"https:\/\/institutfrancais.sk\/fr\/podujatie\/les-contes-a-la-mediatheque\/\",\"url\":\"https:\/\/institutfrancais.sk\/fr\/podujatie\/les-contes-a-la-mediatheque\/\",\"name\":\"Les contes \u00e0 la m\u00e9diath\u00e8que - Franc\u00fazsky in\u0161tit\u00fat na Slovensku\",\"isPartOf\":{\"@id\":\"https:\/\/institutfrancais.sk\/fr\/#website\"},\"primaryImageOfPage\":{\"@id\":\"https:\/\/institutfrancais.sk\/fr\/podujatie\/les-contes-a-la-mediatheque\/#primaryimage\"},\"image\":{\"@id\":\"https:\/\/institutfrancais.sk\/fr\/podujatie\/les-contes-a-la-mediatheque\/#primaryimage\"},\"thumbnailUrl\":\"https:\/\/institutfrancais.sk\/wp-content\/uploads\/2020\/10\/les-contes-visu.png\",\"datePublished\":\"2020-10-12T12:52:48+00:00\",\"dateModified\":\"2020-10-12T13:00:05+00:00\",\"breadcrumb\":{\"@id\":\"https:\/\/institutfrancais.sk\/fr\/podujatie\/les-contes-a-la-mediatheque\/#breadcrumb\"},\"inLanguage\":\"fr-FR\",\"potentialAction\":[{\"@type\":\"ReadAction\",\"target\":[\"https:\/\/institutfrancais.sk\/fr\/podujatie\/les-contes-a-la-mediatheque\/\"]}]},{\"@type\":\"ImageObject\",\"inLanguage\":\"fr-FR\",\"@id\":\"https:\/\/institutfrancais.sk\/fr\/podujatie\/les-contes-a-la-mediatheque\/#primaryimage\",\"url\":\"https:\/\/institutfrancais.sk\/wp-content\/uploads\/2020\/10\/les-contes-visu.png\",\"contentUrl\":\"https:\/\/institutfrancais.sk\/wp-content\/uploads\/2020\/10\/les-contes-visu.png\",\"width\":1874,\"height\":1048},{\"@type\":\"BreadcrumbList\",\"@id\":\"https:\/\/institutfrancais.sk\/fr\/podujatie\/les-contes-a-la-mediatheque\/#breadcrumb\",\"itemListElement\":[{\"@type\":\"ListItem\",\"position\":1,\"name\":\"Home\",\"item\":\"https:\/\/institutfrancais.sk\/fr\/\"},{\"@type\":\"ListItem\",\"position\":2,\"name\":\"Events\",\"item\":\"https:\/\/institutfrancais.sk\/fr\/podujatie\/\"},{\"@type\":\"ListItem\",\"position\":3,\"name\":\"Les contes \u00e0 la m\u00e9diath\u00e8que\"}]},{\"@type\":\"WebSite\",\"@id\":\"https:\/\/institutfrancais.sk\/fr\/#website\",\"url\":\"https:\/\/institutfrancais.sk\/fr\/\",\"name\":\"Franc\u00fazsky in\u0161tit\u00fat na Slovensku\",\"description\":\"Franc\u00fazsky in\u0161tit\u00fat na Slovensku\",\"potentialAction\":[{\"@type\":\"SearchAction\",\"target\":{\"@type\":\"EntryPoint\",\"urlTemplate\":\"https:\/\/institutfrancais.sk\/fr\/?s={search_term_string}\"},\"query-input\":{\"@type\":\"PropertyValueSpecification\",\"valueRequired\":true,\"valueName\":\"search_term_string\"}}],\"inLanguage\":\"fr-FR\"}]}<\/script>\n<!-- \/ Yoast SEO plugin. -->","yoast_head_json":{"title":"Les contes \u00e0 la m\u00e9diath\u00e8que - Franc\u00fazsky in\u0161tit\u00fat na Slovensku","robots":{"index":"index","follow":"follow","max-snippet":"max-snippet:-1","max-image-preview":"max-image-preview:large","max-video-preview":"max-video-preview:-1"},"canonical":"https:\/\/institutfrancais.sk\/fr\/podujatie\/les-contes-a-la-mediatheque\/","og_locale":"fr_FR","og_type":"article","og_title":"Les contes \u00e0 la m\u00e9diath\u00e8que - Franc\u00fazsky in\u0161tit\u00fat na Slovensku","og_description":"Nous invitons tous les enfants \u00e2g\u00e9s de 3 \u00e0 7 ans (accompagn\u00e9s de leurs parents) \u00e0 une heure de contes anim\u00e9e en fran\u00e7ais dans la m\u00e9diath\u00e8que de l&rsquo;Institut fran\u00e7ais, qui a&nbsp;lieu une fois par mois, toujours le vendredi. Venez-nous rejoindre notre aventure ! &nbsp; Les animatrices Klaudia Trochanov\u00e1 (\u00e9tudiante \u00e0 l&rsquo;universit\u00e9) Val\u00e9rie Sistac (professeure et [&hellip;]","og_url":"https:\/\/institutfrancais.sk\/fr\/podujatie\/les-contes-a-la-mediatheque\/","og_site_name":"Franc\u00fazsky in\u0161tit\u00fat na Slovensku","article_modified_time":"2020-10-12T13:00:05+00:00","og_image":[{"width":1024,"height":573,"url":"https:\/\/institutfrancais.sk\/wp-content\/uploads\/2020\/10\/les-contes-visu-1024x573.png","type":"image\/png"}],"twitter_card":"summary_large_image","schema":{"@context":"https:\/\/schema.org","@graph":[{"@type":"WebPage","@id":"https:\/\/institutfrancais.sk\/fr\/podujatie\/les-contes-a-la-mediatheque\/","url":"https:\/\/institutfrancais.sk\/fr\/podujatie\/les-contes-a-la-mediatheque\/","name":"Les contes \u00e0 la m\u00e9diath\u00e8que - Franc\u00fazsky in\u0161tit\u00fat na Slovensku","isPartOf":{"@id":"https:\/\/institutfrancais.sk\/fr\/#website"},"primaryImageOfPage":{"@id":"https:\/\/institutfrancais.sk\/fr\/podujatie\/les-contes-a-la-mediatheque\/#primaryimage"},"image":{"@id":"https:\/\/institutfrancais.sk\/fr\/podujatie\/les-contes-a-la-mediatheque\/#primaryimage"},"thumbnailUrl":"https:\/\/institutfrancais.sk\/wp-content\/uploads\/2020\/10\/les-contes-visu.png","datePublished":"2020-10-12T12:52:48+00:00","dateModified":"2020-10-12T13:00:05+00:00","breadcrumb":{"@id":"https:\/\/institutfrancais.sk\/fr\/podujatie\/les-contes-a-la-mediatheque\/#breadcrumb"},"inLanguage":"fr-FR","potentialAction":[{"@type":"ReadAction","target":["https:\/\/institutfrancais.sk\/fr\/podujatie\/les-contes-a-la-mediatheque\/"]}]},{"@type":"ImageObject","inLanguage":"fr-FR","@id":"https:\/\/institutfrancais.sk\/fr\/podujatie\/les-contes-a-la-mediatheque\/#primaryimage","url":"https:\/\/institutfrancais.sk\/wp-content\/uploads\/2020\/10\/les-contes-visu.png","contentUrl":"https:\/\/institutfrancais.sk\/wp-content\/uploads\/2020\/10\/les-contes-visu.png","width":1874,"height":1048},{"@type":"BreadcrumbList","@id":"https:\/\/institutfrancais.sk\/fr\/podujatie\/les-contes-a-la-mediatheque\/#breadcrumb","itemListElement":[{"@type":"ListItem","position":1,"name":"Home","item":"https:\/\/institutfrancais.sk\/fr\/"},{"@type":"ListItem","position":2,"name":"Events","item":"https:\/\/institutfrancais.sk\/fr\/podujatie\/"},{"@type":"ListItem","position":3,"name":"Les contes \u00e0 la m\u00e9diath\u00e8que"}]},{"@type":"WebSite","@id":"https:\/\/institutfrancais.sk\/fr\/#website","url":"https:\/\/institutfrancais.sk\/fr\/","name":"Franc\u00fazsky in\u0161tit\u00fat na Slovensku","description":"Franc\u00fazsky in\u0161tit\u00fat na Slovensku","potentialAction":[{"@type":"SearchAction","target":{"@type":"EntryPoint","urlTemplate":"https:\/\/institutfrancais.sk\/fr\/?s={search_term_string}"},"query-input":{"@type":"PropertyValueSpecification","valueRequired":true,"valueName":"search_term_string"}}],"inLanguage":"fr-FR"}]}},"_links":{"self":[{"href":"https:\/\/institutfrancais.sk\/fr\/wp-json\/wp\/v2\/podujatie\/13081"}],"collection":[{"href":"https:\/\/institutfrancais.sk\/fr\/wp-json\/wp\/v2\/podujatie"}],"about":[{"href":"https:\/\/institutfrancais.sk\/fr\/wp-json\/wp\/v2\/types\/podujatie"}],"wp:featuredmedia":[{"embeddable":true,"href":"https:\/\/institutfrancais.sk\/fr\/wp-json\/wp\/v2\/media\/13079"}],"wp:attachment":[{"href":"https:\/\/institutfrancais.sk\/fr\/wp-json\/wp\/v2\/media?parent=13081"}],"wp:term":[{"taxonomy":"typ-podujatia","embeddable":true,"href":"https:\/\/institutfrancais.sk\/fr\/wp-json\/wp\/v2\/typ-podujatia?post=13081"}],"curies":[{"name":"wp","href":"https:\/\/api.w.org\/{rel}","templated":true}]}}

Les contes à la médiathèque

<p>Nous invitons tous les enfants âgés de 3 à 7 ans (accompagnés de leurs parents) à une heure de contes animée en français dans la médiathèque de l&rsquo;Institut français, qui a&nbsp;lieu une fois par mois, toujours le vendredi. Venez-nous rejoindre notre aventure ! &nbsp;</p>



<p><strong>Les animatrices</strong></p>



<ul><li>Klaudia Trochanová (étudiante à l&rsquo;université) </li><li>Valérie Sistac (professeure et documentaliste à l&rsquo;Ecole française de Bratislava) </li><li>Floriane Permal (bénévole à l&rsquo;Ecole française de Bratislava )</li></ul>


<div class="space sm"></div>


<h2 class="wp-block-heading">En raison des mesures de précaution du COVID-19, veuillez vous inscrire SVP à l’événement à l’avance. </h2>


<div class="space xs"></div>


<p> <strong><a href="mailto:biblio@institutfrancais.sk">biblio@institutfrancais.sk</a> </strong>| 02 / 59&nbsp;34&nbsp;77&nbsp;60 </p>


<div class="space sm"></div>

</div><iframe loading="lazy" src="https://www.google.com/maps/embed?pb=!1m18!1m12!1m3!1d2662.2735746915087!2d17.10532635165492!3d48.14353077912193!2m3!1f0!2f0!3f0!3m2!1i1024!2i768!4f13.1!3m3!1m2!1s0x476c8942d3867d0f%3A0xf92cfa7be90ee73!2zRnJhbmPDunpza3kgaW7FoXRpdMO6dA!5e0!3m2!1ssk!2ssk!4v1575902399794!5m2!1ssk!2ssk" width="100%" height="558" frameborder="0" class="gmap-iframe" allowfullscreen=""></iframe><div class="wrap narrow-wrap">

<!-- This site is optimized with the Yoast SEO plugin v24.5 - https://yoast.com/wordpress/plugins/seo/ -->
<title>Les contes à la médiathèque - Francúzsky inštitút na Slovensku</title>
<meta name="robots" content="index, follow, max-snippet:-1, max-image-preview:large, max-video-preview:-1" />
<link rel="canonical" href="https://institutfrancais.sk/fr/podujatie/les-contes-a-la-mediatheque/" />
<meta property="og:locale" content="fr_FR" />
<meta property="og:type" content="article" />
<meta property="og:title" content="Les contes à la médiathèque - Francúzsky inštitút na Slovensku" />
<meta property="og:description" content="Nous invitons tous les enfants âgés de 3 à 7 ans (accompagnés de leurs parents) à une heure de contes animée en français dans la médiathèque de l&rsquo;Institut français, qui a&nbsp;lieu une fois par mois, toujours le vendredi. Venez-nous rejoindre notre aventure ! &nbsp; Les animatrices Klaudia Trochanová (étudiante à l&rsquo;université) Valérie Sistac (professeure et [&hellip;]" />
<meta property="og:url" content="https://institutfrancais.sk/fr/podujatie/les-contes-a-la-mediatheque/" />
<meta property="og:site_name" content="Francúzsky inštitút na Slovensku" />
<meta property="article:modified_time" content="2020-10-12T13:00:05+00:00" />
<meta property="og:image" content="https://institutfrancais.sk/wp-content/uploads/2020/10/les-contes-visu-1024x573.png" />
	<meta property="og:image:width" content="1024" />
	<meta property="og:image:height" content="573" />
	<meta property="og:image:type" content="image/png" />
<meta name="twitter:card" content="summary_large_image" />
<script type="application/ld+json" class="yoast-schema-graph">{"@context":"https://schema.org","@graph":[{"@type":"WebPage","@id":"https://institutfrancais.sk/fr/podujatie/les-contes-a-la-mediatheque/","url":"https://institutfrancais.sk/fr/podujatie/les-contes-a-la-mediatheque/","name":"Les contes à la médiathèque - Francúzsky inštitút na Slovensku","isPartOf":{"@id":"https://institutfrancais.sk/fr/#website"},"primaryImageOfPage":{"@id":"https://institutfrancais.sk/fr/podujatie/les-contes-a-la-mediatheque/#primaryimage"},"image":{"@id":"https://institutfrancais.sk/fr/podujatie/les-contes-a-la-mediatheque/#primaryimage"},"thumbnailUrl":"https://institutfrancais.sk/wp-content/uploads/2020/10/les-contes-visu.png","datePublished":"2020-10-12T12:52:48+00:00","dateModified":"2020-10-12T13:00:05+00:00","breadcrumb":{"@id":"https://institutfrancais.sk/fr/podujatie/les-contes-a-la-mediatheque/#breadcrumb"},"inLanguage":"fr-FR","potentialAction":[{"@type":"ReadAction","target":["https://institutfrancais.sk/fr/podujatie/les-contes-a-la-mediatheque/"]}]},{"@type":"ImageObject","inLanguage":"fr-FR","@id":"https://institutfrancais.sk/fr/podujatie/les-contes-a-la-mediatheque/#primaryimage","url":"https://institutfrancais.sk/wp-content/uploads/2020/10/les-contes-visu.png","contentUrl":"https://institutfrancais.sk/wp-content/uploads/2020/10/les-contes-visu.png","width":1874,"height":1048},{"@type":"BreadcrumbList","@id":"https://institutfrancais.sk/fr/podujatie/les-contes-a-la-mediatheque/#breadcrumb","itemListElement":[{"@type":"ListItem","position":1,"name":"Home","item":"https://institutfrancais.sk/fr/"},{"@type":"ListItem","position":2,"name":"Events","item":"https://institutfrancais.sk/fr/podujatie/"},{"@type":"ListItem","position":3,"name":"Les contes à la médiathèque"}]},{"@type":"WebSite","@id":"https://institutfrancais.sk/fr/#website","url":"https://institutfrancais.sk/fr/","name":"Francúzsky inštitút na Slovensku","description":"Francúzsky inštitút na Slovensku","potentialAction":[{"@type":"SearchAction","target":{"@type":"EntryPoint","urlTemplate":"https://institutfrancais.sk/fr/?s={search_term_string}"},"query-input":{"@type":"PropertyValueSpecification","valueRequired":true,"valueName":"search_term_string"}}],"inLanguage":"fr-FR"}]}</script>
<!-- / Yoast SEO plugin. -->

Les contes à la médiathèque - Francúzsky inštitút na Slovensku

Nous invitons tous les enfants âgés de 3 à 7 ans (accompagnés de leurs parents) à une heure de contes animée en français dans la médiathèque de l&rsquo;Institut français, qui a&nbsp;lieu une fois par mois, toujours le vendredi. Venez-nous rejoindre notre aventure ! &nbsp; Les animatrices Klaudia Trochanová (étudiante à l&rsquo;université) Valérie Sistac (professeure et [&hellip;]

Francúzsky inštitút na Slovensku
