{"id":13646,"date":"2020-11-03T14:58:22","date_gmt":"2020-11-03T13:58:22","guid":{"rendered":"https:\/\/institutfrancais.sk\/podujatie\/rendez-vous-pro-s-france-alumni\/"},"modified":"2020-11-10T20:13:33","modified_gmt":"2020-11-10T19:13:33","slug":"rendez-vous-pro-avec-un-alumni","status":"publish","type":"podujatie","link":"https:\/\/institutfrancais.sk\/fr\/podujatie\/rendez-vous-pro-avec-un-alumni\/","title":{"rendered":"\u00ab Rendez-vous Pro \u00bb avec un Alumni !"},"content":{"rendered":"\n<h3 class=\"wp-block-heading\">\u00catre \u00e9tudiant et choisir son futur m\u00e9tier n\u2019est pas chose facile.<\/h3>\n\n\n\n<p>C&rsquo;est pourquoi <strong>Campus France Slovaquie<\/strong> et <strong>France Alumni Slovaquie<\/strong> vous proposent plusieurs rencontres avec des dipl\u00f4m\u00e9s slovaques qui vous pr\u00e9senteront leur carri\u00e8re, vous parleront du march\u00e9 du travail, de leurs exp\u00e9riences \u00e0 l&rsquo;\u00e9tranger et de la mani\u00e8re dont leurs choix d&rsquo;\u00e9tudes ont influenc\u00e9 leur futur profesisonnel.<\/p>\n\n\n\n<p>Nos Alumni ont soit \u00e9tudi\u00e9 le fran\u00e7ais, soit effectu\u00e9 une partie de leurs \u00e9tudes en France. Ils pourront ainsi vous expliquer comment cette exp\u00e9rience \u00e9trang\u00e8re a&nbsp;affect\u00e9 leur \u00e9volution de carri\u00e8re et quels avantages elle leur a&nbsp;apport\u00e9s (comp\u00e9tences, salaires, etc.).<\/p>\n\n\n\n<p>Chacune des rencontres se concentrera sur un domaine diff\u00e9rent. La discussion aura lieu en ligne en slovaque. Une invitation vous sera envoy\u00e9e en fonction de votre inscription.<\/p>\n\n\n<div class=\"space sm\"><\/div>\n\n<div class=\"text-center\"><a href=\"https:\/\/forms.gle\/mtJ7aQacVD9G7opN9\" class=\"btn btn-black-invert\" target=\"blank\" rel=\"noreferrer noopener\">Inscrivez-vous<\/a><\/div>\n\n<div class=\"space sm\"><\/div>\n\n\n<figure class=\"wp-block-table is-style-regular\"><table><tbody><tr><td><strong>Date et horaires<\/strong><\/td><td><strong>Th\u00e8me<\/strong><\/td><td><strong>Alumni<\/strong><\/td><\/tr><tr><td>11\/11 \u00e0 14h<\/td><td>Physique<\/td><td>Miroslav Macko<\/td><\/tr><tr><td>11\/11 \u00e0 18h15<\/td><td>Architecture<\/td><td>J\u00falia Gensorov\u00e1<\/td><\/tr><tr><td>12\/11 \u00e0 16h<\/td><td>\u00c9conomie<\/td><td>Tom\u00e1\u0161 Jagelka &nbsp;&nbsp;&nbsp;<\/td><\/tr><tr><td>13\/11 \u00e0 11h<\/td><td>Droit<\/td><td>Alexandra Dubov\u00e1, Katar\u00edna \u010eura\u010dkov\u00e1, Zuzana Vys\u00fadilov\u00e1<\/td><\/tr><tr><td>13\/11 \u00e0 14h<\/td><td>Traduction, interpr\u00e9tariat<\/td><td>Roman Gajdo\u0161<\/td><\/tr><tr><td>16\/11&nbsp;\u00e0 18h<\/td><td>Psychologie<\/td><td>Ela Miniarikov\u00e1<\/td><\/tr><tr><td>18\/11 \u00e0 14h<\/td><td>Ing\u00e9nierie civile<\/td><td>Rudolf Mackovi\u010d<\/td><\/tr><tr><td>18\/11 \u00e0 17h30<\/td><td>Commerce international<\/td><td>Ivana Migazzi, Em\u00edlia Such\u00e1lov\u00e1<\/td><\/tr><tr><td>19\/11 \u00e0 14h<\/td><td>T\u00e9l\u00e9communications<\/td><td>\u013dubor Kontra<\/td><\/tr><tr><td>20\/11 \u00e0 15h30<\/td><td>P\u00e9dagogie<\/td><td>Bronislava Jedli\u010dkov\u00e1<\/td><\/tr><tr><td>24\/11 \u00e0 16h<\/td><td>Management et marketing<\/td><td>Zuzana Cibul\u010d\u00edkov\u00e1, Petra Kotuliakov\u00e1<\/td><\/tr><tr><td>24\/11 \u00e0 17h30<\/td><td>Math\u00e9matiques appliqu\u00e9es<\/td><td>Tom\u00e1\u0161 \u0160imovi\u010d<\/td><\/tr><\/tbody><\/table><\/figure>\n\n\n<div class=\"space sm\"><\/div>\n\n\n<h3 class=\"wp-block-heading\">A vous de d\u00e9cider quel domaine vous choisissez !<\/h3>\n\n\n<div class=\"space sm\"><\/div>","protected":false},"featured_media":13644,"template":"","typ-podujatia":[53],"acf":[],"yoast_head":"<!-- This site is optimized with the Yoast SEO plugin v24.5 - https:\/\/yoast.com\/wordpress\/plugins\/seo\/ -->\n<title>\u00ab Rendez-vous Pro \u00bb avec un Alumni ! - Franc\u00fazsky in\u0161tit\u00fat na Slovensku<\/title>\n<meta name=\"robots\" content=\"index, follow, max-snippet:-1, max-image-preview:large, max-video-preview:-1\" \/>\n<link rel=\"canonical\" href=\"https:\/\/institutfrancais.sk\/fr\/podujatie\/rendez-vous-pro-avec-un-alumni\/\" \/>\n<meta property=\"og:locale\" content=\"fr_FR\" \/>\n<meta property=\"og:type\" content=\"article\" \/>\n<meta property=\"og:title\" content=\"\u00ab Rendez-vous Pro \u00bb avec un Alumni ! - Franc\u00fazsky in\u0161tit\u00fat na Slovensku\" \/>\n<meta property=\"og:description\" content=\"\u00catre \u00e9tudiant et choisir son futur m\u00e9tier n\u2019est pas chose facile. C&rsquo;est pourquoi Campus France Slovaquie et France Alumni Slovaquie vous proposent plusieurs rencontres avec des dipl\u00f4m\u00e9s slovaques qui vous pr\u00e9senteront leur carri\u00e8re, vous parleront du march\u00e9 du travail, de leurs exp\u00e9riences \u00e0 l&rsquo;\u00e9tranger et de la mani\u00e8re dont leurs choix d&rsquo;\u00e9tudes ont influenc\u00e9 leur [&hellip;]\" \/>\n<meta property=\"og:url\" content=\"https:\/\/institutfrancais.sk\/fr\/podujatie\/rendez-vous-pro-avec-un-alumni\/\" \/>\n<meta property=\"og:site_name\" content=\"Franc\u00fazsky in\u0161tit\u00fat na Slovensku\" \/>\n<meta property=\"article:modified_time\" content=\"2020-11-10T19:13:33+00:00\" \/>\n<meta property=\"og:image\" content=\"https:\/\/institutfrancais.sk\/wp-content\/uploads\/2020\/11\/DIGITAL-VISUALS-banner-bleu.png\" \/>\n\t<meta property=\"og:image:width\" content=\"1920\" \/>\n\t<meta property=\"og:image:height\" content=\"1080\" \/>\n\t<meta property=\"og:image:type\" content=\"image\/png\" \/>\n<meta name=\"twitter:card\" content=\"summary_large_image\" \/>\n<meta name=\"twitter:label1\" content=\"Dur\u00e9e de lecture estim\u00e9e\" \/>\n\t<meta name=\"twitter:data1\" content=\"1 minute\" \/>\n<script type=\"application\/ld+json\" class=\"yoast-schema-graph\">{\"@context\":\"https:\/\/schema.org\",\"@graph\":[{\"@type\":\"WebPage\",\"@id\":\"https:\/\/institutfrancais.sk\/fr\/podujatie\/rendez-vous-pro-avec-un-alumni\/\",\"url\":\"https:\/\/institutfrancais.sk\/fr\/podujatie\/rendez-vous-pro-avec-un-alumni\/\",\"name\":\"\u00ab Rendez-vous Pro \u00bb avec un Alumni ! - Franc\u00fazsky in\u0161tit\u00fat na Slovensku\",\"isPartOf\":{\"@id\":\"https:\/\/institutfrancais.sk\/fr\/#website\"},\"primaryImageOfPage\":{\"@id\":\"https:\/\/institutfrancais.sk\/fr\/podujatie\/rendez-vous-pro-avec-un-alumni\/#primaryimage\"},\"image\":{\"@id\":\"https:\/\/institutfrancais.sk\/fr\/podujatie\/rendez-vous-pro-avec-un-alumni\/#primaryimage\"},\"thumbnailUrl\":\"https:\/\/institutfrancais.sk\/wp-content\/uploads\/2020\/11\/DIGITAL-VISUALS-banner-bleu.png\",\"datePublished\":\"2020-11-03T13:58:22+00:00\",\"dateModified\":\"2020-11-10T19:13:33+00:00\",\"breadcrumb\":{\"@id\":\"https:\/\/institutfrancais.sk\/fr\/podujatie\/rendez-vous-pro-avec-un-alumni\/#breadcrumb\"},\"inLanguage\":\"fr-FR\",\"potentialAction\":[{\"@type\":\"ReadAction\",\"target\":[\"https:\/\/institutfrancais.sk\/fr\/podujatie\/rendez-vous-pro-avec-un-alumni\/\"]}]},{\"@type\":\"ImageObject\",\"inLanguage\":\"fr-FR\",\"@id\":\"https:\/\/institutfrancais.sk\/fr\/podujatie\/rendez-vous-pro-avec-un-alumni\/#primaryimage\",\"url\":\"https:\/\/institutfrancais.sk\/wp-content\/uploads\/2020\/11\/DIGITAL-VISUALS-banner-bleu.png\",\"contentUrl\":\"https:\/\/institutfrancais.sk\/wp-content\/uploads\/2020\/11\/DIGITAL-VISUALS-banner-bleu.png\",\"width\":1920,\"height\":1080},{\"@type\":\"BreadcrumbList\",\"@id\":\"https:\/\/institutfrancais.sk\/fr\/podujatie\/rendez-vous-pro-avec-un-alumni\/#breadcrumb\",\"itemListElement\":[{\"@type\":\"ListItem\",\"position\":1,\"name\":\"Home\",\"item\":\"https:\/\/institutfrancais.sk\/fr\/\"},{\"@type\":\"ListItem\",\"position\":2,\"name\":\"Events\",\"item\":\"https:\/\/institutfrancais.sk\/fr\/podujatie\/\"},{\"@type\":\"ListItem\",\"position\":3,\"name\":\"\u00ab Rendez-vous Pro \u00bb avec un Alumni !\"}]},{\"@type\":\"WebSite\",\"@id\":\"https:\/\/institutfrancais.sk\/fr\/#website\",\"url\":\"https:\/\/institutfrancais.sk\/fr\/\",\"name\":\"Franc\u00fazsky in\u0161tit\u00fat na Slovensku\",\"description\":\"Franc\u00fazsky in\u0161tit\u00fat na Slovensku\",\"potentialAction\":[{\"@type\":\"SearchAction\",\"target\":{\"@type\":\"EntryPoint\",\"urlTemplate\":\"https:\/\/institutfrancais.sk\/fr\/?s={search_term_string}\"},\"query-input\":{\"@type\":\"PropertyValueSpecification\",\"valueRequired\":true,\"valueName\":\"search_term_string\"}}],\"inLanguage\":\"fr-FR\"}]}<\/script>\n<!-- \/ Yoast SEO plugin. -->","yoast_head_json":{"title":"\u00ab Rendez-vous Pro \u00bb avec un Alumni ! - Franc\u00fazsky in\u0161tit\u00fat na Slovensku","robots":{"index":"index","follow":"follow","max-snippet":"max-snippet:-1","max-image-preview":"max-image-preview:large","max-video-preview":"max-video-preview:-1"},"canonical":"https:\/\/institutfrancais.sk\/fr\/podujatie\/rendez-vous-pro-avec-un-alumni\/","og_locale":"fr_FR","og_type":"article","og_title":"\u00ab Rendez-vous Pro \u00bb avec un Alumni ! - Franc\u00fazsky in\u0161tit\u00fat na Slovensku","og_description":"\u00catre \u00e9tudiant et choisir son futur m\u00e9tier n\u2019est pas chose facile. C&rsquo;est pourquoi Campus France Slovaquie et France Alumni Slovaquie vous proposent plusieurs rencontres avec des dipl\u00f4m\u00e9s slovaques qui vous pr\u00e9senteront leur carri\u00e8re, vous parleront du march\u00e9 du travail, de leurs exp\u00e9riences \u00e0 l&rsquo;\u00e9tranger et de la mani\u00e8re dont leurs choix d&rsquo;\u00e9tudes ont influenc\u00e9 leur [&hellip;]","og_url":"https:\/\/institutfrancais.sk\/fr\/podujatie\/rendez-vous-pro-avec-un-alumni\/","og_site_name":"Franc\u00fazsky in\u0161tit\u00fat na Slovensku","article_modified_time":"2020-11-10T19:13:33+00:00","og_image":[{"width":1920,"height":1080,"url":"https:\/\/institutfrancais.sk\/wp-content\/uploads\/2020\/11\/DIGITAL-VISUALS-banner-bleu.png","type":"image\/png"}],"twitter_card":"summary_large_image","twitter_misc":{"Dur\u00e9e de lecture estim\u00e9e":"1 minute"},"schema":{"@context":"https:\/\/schema.org","@graph":[{"@type":"WebPage","@id":"https:\/\/institutfrancais.sk\/fr\/podujatie\/rendez-vous-pro-avec-un-alumni\/","url":"https:\/\/institutfrancais.sk\/fr\/podujatie\/rendez-vous-pro-avec-un-alumni\/","name":"\u00ab Rendez-vous Pro \u00bb avec un Alumni ! - Franc\u00fazsky in\u0161tit\u00fat na Slovensku","isPartOf":{"@id":"https:\/\/institutfrancais.sk\/fr\/#website"},"primaryImageOfPage":{"@id":"https:\/\/institutfrancais.sk\/fr\/podujatie\/rendez-vous-pro-avec-un-alumni\/#primaryimage"},"image":{"@id":"https:\/\/institutfrancais.sk\/fr\/podujatie\/rendez-vous-pro-avec-un-alumni\/#primaryimage"},"thumbnailUrl":"https:\/\/institutfrancais.sk\/wp-content\/uploads\/2020\/11\/DIGITAL-VISUALS-banner-bleu.png","datePublished":"2020-11-03T13:58:22+00:00","dateModified":"2020-11-10T19:13:33+00:00","breadcrumb":{"@id":"https:\/\/institutfrancais.sk\/fr\/podujatie\/rendez-vous-pro-avec-un-alumni\/#breadcrumb"},"inLanguage":"fr-FR","potentialAction":[{"@type":"ReadAction","target":["https:\/\/institutfrancais.sk\/fr\/podujatie\/rendez-vous-pro-avec-un-alumni\/"]}]},{"@type":"ImageObject","inLanguage":"fr-FR","@id":"https:\/\/institutfrancais.sk\/fr\/podujatie\/rendez-vous-pro-avec-un-alumni\/#primaryimage","url":"https:\/\/institutfrancais.sk\/wp-content\/uploads\/2020\/11\/DIGITAL-VISUALS-banner-bleu.png","contentUrl":"https:\/\/institutfrancais.sk\/wp-content\/uploads\/2020\/11\/DIGITAL-VISUALS-banner-bleu.png","width":1920,"height":1080},{"@type":"BreadcrumbList","@id":"https:\/\/institutfrancais.sk\/fr\/podujatie\/rendez-vous-pro-avec-un-alumni\/#breadcrumb","itemListElement":[{"@type":"ListItem","position":1,"name":"Home","item":"https:\/\/institutfrancais.sk\/fr\/"},{"@type":"ListItem","position":2,"name":"Events","item":"https:\/\/institutfrancais.sk\/fr\/podujatie\/"},{"@type":"ListItem","position":3,"name":"\u00ab Rendez-vous Pro \u00bb avec un Alumni !"}]},{"@type":"WebSite","@id":"https:\/\/institutfrancais.sk\/fr\/#website","url":"https:\/\/institutfrancais.sk\/fr\/","name":"Franc\u00fazsky in\u0161tit\u00fat na Slovensku","description":"Franc\u00fazsky in\u0161tit\u00fat na Slovensku","potentialAction":[{"@type":"SearchAction","target":{"@type":"EntryPoint","urlTemplate":"https:\/\/institutfrancais.sk\/fr\/?s={search_term_string}"},"query-input":{"@type":"PropertyValueSpecification","valueRequired":true,"valueName":"search_term_string"}}],"inLanguage":"fr-FR"}]}},"_links":{"self":[{"href":"https:\/\/institutfrancais.sk\/fr\/wp-json\/wp\/v2\/podujatie\/13646"}],"collection":[{"href":"https:\/\/institutfrancais.sk\/fr\/wp-json\/wp\/v2\/podujatie"}],"about":[{"href":"https:\/\/institutfrancais.sk\/fr\/wp-json\/wp\/v2\/types\/podujatie"}],"wp:featuredmedia":[{"embeddable":true,"href":"https:\/\/institutfrancais.sk\/fr\/wp-json\/wp\/v2\/media\/13644"}],"wp:attachment":[{"href":"https:\/\/institutfrancais.sk\/fr\/wp-json\/wp\/v2\/media?parent=13646"}],"wp:term":[{"taxonomy":"typ-podujatia","embeddable":true,"href":"https:\/\/institutfrancais.sk\/fr\/wp-json\/wp\/v2\/typ-podujatia?post=13646"}],"curies":[{"name":"wp","href":"https:\/\/api.w.org\/{rel}","templated":true}]}}

<h3 class="wp-block-heading">Être étudiant et choisir son futur métier n’est pas chose facile.</h3>



<p>C&rsquo;est pourquoi <strong>Campus France Slovaquie</strong> et <strong>France Alumni Slovaquie</strong> vous proposent plusieurs rencontres avec des diplômés slovaques qui vous présenteront leur carrière, vous parleront du marché du travail, de leurs expériences à l&rsquo;étranger et de la manière dont leurs choix d&rsquo;études ont influencé leur futur profesisonnel.</p>



<p>Nos Alumni ont soit étudié le français, soit effectué une partie de leurs études en France. Ils pourront ainsi vous expliquer comment cette expérience étrangère a&nbsp;affecté leur évolution de carrière et quels avantages elle leur a&nbsp;apportés (compétences, salaires, etc.).</p>



<p>Chacune des rencontres se concentrera sur un domaine différent. La discussion aura lieu en ligne en slovaque. Une invitation vous sera envoyée en fonction de votre inscription.</p>


<div class="space sm"></div>

<div class="text-center"><a href="https://forms.gle/mtJ7aQacVD9G7opN9" class="btn btn-black-invert" target="blank" rel="noreferrer noopener">Inscrivez-vous</a></div>

<div class="space sm"></div>


<figure class="wp-block-table is-style-regular"><table><tbody><tr><td><strong>Date et horaires</strong></td><td><strong>Thème</strong></td><td><strong>Alumni</strong></td></tr><tr><td>11/11 à 14h</td><td>Physique</td><td>Miroslav Macko</td></tr><tr><td>11/11 à 18h15</td><td>Architecture</td><td>Júlia Gensorová</td></tr><tr><td>12/11 à 16h</td><td>Économie</td><td>Tomáš Jagelka &nbsp;&nbsp;&nbsp;</td></tr><tr><td>13/11 à 11h</td><td>Droit</td><td>Alexandra Dubová, Katarína Ďuračková, Zuzana Vysúdilová</td></tr><tr><td>13/11 à 14h</td><td>Traduction, interprétariat</td><td>Roman Gajdoš</td></tr><tr><td>16/11&nbsp;à 18h</td><td>Psychologie</td><td>Ela Miniariková</td></tr><tr><td>18/11 à 14h</td><td>Ingénierie civile</td><td>Rudolf Mackovič</td></tr><tr><td>18/11 à 17h30</td><td>Commerce international</td><td>Ivana Migazzi, Emília Suchálová</td></tr><tr><td>19/11 à 14h</td><td>Télécommunications</td><td>Ľubor Kontra</td></tr><tr><td>20/11 à 15h30</td><td>Pédagogie</td><td>Bronislava Jedličková</td></tr><tr><td>24/11 à 16h</td><td>Management et marketing</td><td>Zuzana Cibulčíková, Petra Kotuliaková</td></tr><tr><td>24/11 à 17h30</td><td>Mathématiques appliquées</td><td>Tomáš Šimovič</td></tr></tbody></table></figure>


<div class="space sm"></div>


<h3 class="wp-block-heading">A vous de décider quel domaine vous choisissez !</h3>


<div class="space sm"></div>

<!-- This site is optimized with the Yoast SEO plugin v24.5 - https://yoast.com/wordpress/plugins/seo/ -->
<title>« Rendez-vous Pro » avec un Alumni ! - Francúzsky inštitút na Slovensku</title>
<meta name="robots" content="index, follow, max-snippet:-1, max-image-preview:large, max-video-preview:-1" />
<link rel="canonical" href="https://institutfrancais.sk/fr/podujatie/rendez-vous-pro-avec-un-alumni/" />
<meta property="og:locale" content="fr_FR" />
<meta property="og:type" content="article" />
<meta property="og:title" content="« Rendez-vous Pro » avec un Alumni ! - Francúzsky inštitút na Slovensku" />
<meta property="og:description" content="Être étudiant et choisir son futur métier n’est pas chose facile. C&rsquo;est pourquoi Campus France Slovaquie et France Alumni Slovaquie vous proposent plusieurs rencontres avec des diplômés slovaques qui vous présenteront leur carrière, vous parleront du marché du travail, de leurs expériences à l&rsquo;étranger et de la manière dont leurs choix d&rsquo;études ont influencé leur [&hellip;]" />
<meta property="og:url" content="https://institutfrancais.sk/fr/podujatie/rendez-vous-pro-avec-un-alumni/" />
<meta property="og:site_name" content="Francúzsky inštitút na Slovensku" />
<meta property="article:modified_time" content="2020-11-10T19:13:33+00:00" />
<meta property="og:image" content="https://institutfrancais.sk/wp-content/uploads/2020/11/DIGITAL-VISUALS-banner-bleu.png" />
	<meta property="og:image:width" content="1920" />
	<meta property="og:image:height" content="1080" />
	<meta property="og:image:type" content="image/png" />
<meta name="twitter:card" content="summary_large_image" />
<meta name="twitter:label1" content="Durée de lecture estimée" />
	<meta name="twitter:data1" content="1 minute" />
<script type="application/ld+json" class="yoast-schema-graph">{"@context":"https://schema.org","@graph":[{"@type":"WebPage","@id":"https://institutfrancais.sk/fr/podujatie/rendez-vous-pro-avec-un-alumni/","url":"https://institutfrancais.sk/fr/podujatie/rendez-vous-pro-avec-un-alumni/","name":"« Rendez-vous Pro » avec un Alumni ! - Francúzsky inštitút na Slovensku","isPartOf":{"@id":"https://institutfrancais.sk/fr/#website"},"primaryImageOfPage":{"@id":"https://institutfrancais.sk/fr/podujatie/rendez-vous-pro-avec-un-alumni/#primaryimage"},"image":{"@id":"https://institutfrancais.sk/fr/podujatie/rendez-vous-pro-avec-un-alumni/#primaryimage"},"thumbnailUrl":"https://institutfrancais.sk/wp-content/uploads/2020/11/DIGITAL-VISUALS-banner-bleu.png","datePublished":"2020-11-03T13:58:22+00:00","dateModified":"2020-11-10T19:13:33+00:00","breadcrumb":{"@id":"https://institutfrancais.sk/fr/podujatie/rendez-vous-pro-avec-un-alumni/#breadcrumb"},"inLanguage":"fr-FR","potentialAction":[{"@type":"ReadAction","target":["https://institutfrancais.sk/fr/podujatie/rendez-vous-pro-avec-un-alumni/"]}]},{"@type":"ImageObject","inLanguage":"fr-FR","@id":"https://institutfrancais.sk/fr/podujatie/rendez-vous-pro-avec-un-alumni/#primaryimage","url":"https://institutfrancais.sk/wp-content/uploads/2020/11/DIGITAL-VISUALS-banner-bleu.png","contentUrl":"https://institutfrancais.sk/wp-content/uploads/2020/11/DIGITAL-VISUALS-banner-bleu.png","width":1920,"height":1080},{"@type":"BreadcrumbList","@id":"https://institutfrancais.sk/fr/podujatie/rendez-vous-pro-avec-un-alumni/#breadcrumb","itemListElement":[{"@type":"ListItem","position":1,"name":"Home","item":"https://institutfrancais.sk/fr/"},{"@type":"ListItem","position":2,"name":"Events","item":"https://institutfrancais.sk/fr/podujatie/"},{"@type":"ListItem","position":3,"name":"« Rendez-vous Pro » avec un Alumni !"}]},{"@type":"WebSite","@id":"https://institutfrancais.sk/fr/#website","url":"https://institutfrancais.sk/fr/","name":"Francúzsky inštitút na Slovensku","description":"Francúzsky inštitút na Slovensku","potentialAction":[{"@type":"SearchAction","target":{"@type":"EntryPoint","urlTemplate":"https://institutfrancais.sk/fr/?s={search_term_string}"},"query-input":{"@type":"PropertyValueSpecification","valueRequired":true,"valueName":"search_term_string"}}],"inLanguage":"fr-FR"}]}</script>
<!-- / Yoast SEO plugin. -->

« Rendez-vous Pro » avec un Alumni ! - Francúzsky inštitút na Slovensku

Être étudiant et choisir son futur métier n’est pas chose facile. C&rsquo;est pourquoi Campus France Slovaquie et France Alumni Slovaquie vous proposent plusieurs rencontres avec des diplômés slovaques qui vous présenteront leur carrière, vous parleront du marché du travail, de leurs expériences à l&rsquo;étranger et de la manière dont leurs choix d&rsquo;études ont influencé leur [&hellip;]

Francúzsky inštitút na Slovensku
