{"id":19203,"date":"2021-08-30T18:07:50","date_gmt":"2021-08-30T16:07:50","guid":{"rendered":"https:\/\/institutfrancais.sk\/podujatie\/do-kin-prichadza-francuzska-komedia-pripitok\/"},"modified":"2021-10-04T12:06:58","modified_gmt":"2021-10-04T10:06:58","slug":"do-kin-prichadza-francuzska-komedia-pripitok","status":"publish","type":"podujatie","link":"https:\/\/institutfrancais.sk\/fr\/podujatie\/do-kin-prichadza-francuzska-komedia-pripitok\/","title":{"rendered":"La com\u00e9die fran\u00e7aise \u00ab\u00a0Le Discours\u00a0\u00bb arrive en Slovaquie"},"content":{"rendered":"\n<p>Adrien est coinc\u00e9. Coinc\u00e9 \u00e0 un d\u00eener de famille o\u00f9 papa ressort la m\u00eame anecdote que d\u2019habitude, maman ressert le sempiternel gigot et Sophie, sa soeur, \u00e9coute son futur mari comme s\u2019il \u00e9tait Einstein. Alors il attend. Il attend que Sonia r\u00e9ponde \u00e0 son sms, et mette fin \u00e0 la \u00ab pause \u00bb qu\u2019elle lui fait subir depuis un mois. Mais elle ne r\u00e9pond pas. Et pour couronner le tout, voil\u00e0 que Ludo, son futur beau-fr\u00e8re, lui demande de faire un discours au mariage\u2026 Oh putain, il ne l\u2019avait pas vu venir, celle-l\u00e0 ! L\u2019angoisse d\u2019Adrien vire \u00e0 la panique. Mais si ce discours \u00e9tait finalement la meilleure chose qui puisse lui arriver ?<\/p>\n\n\n<div class=\"space md\"><\/div>\n\n\n<p>De&nbsp;<a href=\"https:\/\/www.allocine.fr\/personne\/fichepersonne_gen_cpersonne=93737.html\">Laurent Tirard<\/a><br>Par&nbsp;<a href=\"https:\/\/www.allocine.fr\/personne\/fichepersonne_gen_cpersonne=93737.html\">Laurent Tirard<\/a>,&nbsp;<a href=\"https:\/\/www.allocine.fr\/personne\/fichepersonne_gen_cpersonne=886471.html\">Fabcaro<\/a><br>Avec&nbsp;<a href=\"https:\/\/www.allocine.fr\/personne\/fichepersonne_gen_cpersonne=253064.html\">Benjamin Lavernhe<\/a>,&nbsp;<a href=\"https:\/\/www.allocine.fr\/personne\/fichepersonne_gen_cpersonne=93105.html\">Sara Giraudeau<\/a>,&nbsp;<a href=\"https:\/\/www.allocine.fr\/personne\/fichepersonne_gen_cpersonne=237549.html\">Kyan Khojandi<\/a><\/p>\n\n\n\n<figure class=\"wp-block-embed is-type-video is-provider-youtube wp-block-embed-youtube wp-embed-aspect-16-9 wp-has-aspect-ratio\"><div class=\"wp-block-embed__wrapper\">\n<iframe loading=\"lazy\" title=\"Pr\u00edpitok (HD Trailer)\" width=\"500\" height=\"281\" src=\"https:\/\/www.youtube.com\/embed\/LCuywYWxdrg?feature=oembed\" frameborder=\"0\" allow=\"accelerometer; autoplay; clipboard-write; encrypted-media; gyroscope; picture-in-picture; web-share\" referrerpolicy=\"strict-origin-when-cross-origin\" allowfullscreen><\/iframe> \n<\/div><\/figure>\n\n\n<div class=\"space md\"><\/div>\n\n\n<h4 class=\"wp-block-heading\">La distribution du film est soutenue par l&rsquo;Association des cin\u00e9-clubs slovaques et les t\u00e9l\u00e9spectateurs le verront dans les cin\u00e9mas slovaques \u00e0 partir du 16 septembre. Vous pouvez trouver une liste des premi\u00e8res en cours sur le site <a href=\"http:\/\/www.asfk.sk\" target=\"_blank\" rel=\"noreferrer noopener\">www.asfk.sk<\/a>.<\/h4>\n\n\n<div class=\"space md\"><\/div>\n\n<a href=\"https:\/\/asfk.sk\/film\/pripitok\/\" class=\"btn\" target=\"blank\" rel=\"noreferrer noopener\">Plus d&rsquo;infos sur le film<\/a>\n\n<div class=\"space md\"><\/div>","protected":false},"featured_media":19201,"template":"","typ-podujatia":[52],"acf":[],"yoast_head":"<!-- This site is optimized with the Yoast SEO plugin v24.5 - https:\/\/yoast.com\/wordpress\/plugins\/seo\/ -->\n<title>La com\u00e9die fran\u00e7aise &quot;Le Discours&quot; arrive en Slovaquie - Franc\u00fazsky in\u0161tit\u00fat na Slovensku<\/title>\n<meta name=\"robots\" content=\"index, follow, max-snippet:-1, max-image-preview:large, max-video-preview:-1\" \/>\n<link rel=\"canonical\" href=\"https:\/\/institutfrancais.sk\/fr\/podujatie\/do-kin-prichadza-francuzska-komedia-pripitok\/\" \/>\n<meta property=\"og:locale\" content=\"fr_FR\" \/>\n<meta property=\"og:type\" content=\"article\" \/>\n<meta property=\"og:title\" content=\"La com\u00e9die fran\u00e7aise &quot;Le Discours&quot; arrive en Slovaquie - Franc\u00fazsky in\u0161tit\u00fat na Slovensku\" \/>\n<meta property=\"og:description\" content=\"Adrien est coinc\u00e9. Coinc\u00e9 \u00e0 un d\u00eener de famille o\u00f9 papa ressort la m\u00eame anecdote que d\u2019habitude, maman ressert le sempiternel gigot et Sophie, sa soeur, \u00e9coute son futur mari comme s\u2019il \u00e9tait Einstein. Alors il attend. Il attend que Sonia r\u00e9ponde \u00e0 son sms, et mette fin \u00e0 la \u00ab pause \u00bb qu\u2019elle lui [&hellip;]\" \/>\n<meta property=\"og:url\" content=\"https:\/\/institutfrancais.sk\/fr\/podujatie\/do-kin-prichadza-francuzska-komedia-pripitok\/\" \/>\n<meta property=\"og:site_name\" content=\"Franc\u00fazsky in\u0161tit\u00fat na Slovensku\" \/>\n<meta property=\"article:modified_time\" content=\"2021-10-04T10:06:58+00:00\" \/>\n<meta property=\"og:image\" content=\"https:\/\/institutfrancais.sk\/wp-content\/uploads\/2021\/09\/Photo-1-l-Les-Films-Sur-Mesure-Photo-Christophe-Brachet2-scaled-2.jpg\" \/>\n\t<meta property=\"og:image:width\" content=\"2048\" \/>\n\t<meta property=\"og:image:height\" content=\"1366\" \/>\n\t<meta property=\"og:image:type\" content=\"image\/jpeg\" \/>\n<meta name=\"twitter:card\" content=\"summary_large_image\" \/>\n<meta name=\"twitter:label1\" content=\"Dur\u00e9e de lecture estim\u00e9e\" \/>\n\t<meta name=\"twitter:data1\" content=\"1 minute\" \/>\n<script type=\"application\/ld+json\" class=\"yoast-schema-graph\">{\"@context\":\"https:\/\/schema.org\",\"@graph\":[{\"@type\":\"WebPage\",\"@id\":\"https:\/\/institutfrancais.sk\/fr\/podujatie\/do-kin-prichadza-francuzska-komedia-pripitok\/\",\"url\":\"https:\/\/institutfrancais.sk\/fr\/podujatie\/do-kin-prichadza-francuzska-komedia-pripitok\/\",\"name\":\"La com\u00e9die fran\u00e7aise \\\"Le Discours\\\" arrive en Slovaquie - Franc\u00fazsky in\u0161tit\u00fat na Slovensku\",\"isPartOf\":{\"@id\":\"https:\/\/institutfrancais.sk\/fr\/#website\"},\"primaryImageOfPage\":{\"@id\":\"https:\/\/institutfrancais.sk\/fr\/podujatie\/do-kin-prichadza-francuzska-komedia-pripitok\/#primaryimage\"},\"image\":{\"@id\":\"https:\/\/institutfrancais.sk\/fr\/podujatie\/do-kin-prichadza-francuzska-komedia-pripitok\/#primaryimage\"},\"thumbnailUrl\":\"https:\/\/institutfrancais.sk\/wp-content\/uploads\/2021\/09\/Photo-1-l-Les-Films-Sur-Mesure-Photo-Christophe-Brachet2-scaled-2.jpg\",\"datePublished\":\"2021-08-30T16:07:50+00:00\",\"dateModified\":\"2021-10-04T10:06:58+00:00\",\"breadcrumb\":{\"@id\":\"https:\/\/institutfrancais.sk\/fr\/podujatie\/do-kin-prichadza-francuzska-komedia-pripitok\/#breadcrumb\"},\"inLanguage\":\"fr-FR\",\"potentialAction\":[{\"@type\":\"ReadAction\",\"target\":[\"https:\/\/institutfrancais.sk\/fr\/podujatie\/do-kin-prichadza-francuzska-komedia-pripitok\/\"]}]},{\"@type\":\"ImageObject\",\"inLanguage\":\"fr-FR\",\"@id\":\"https:\/\/institutfrancais.sk\/fr\/podujatie\/do-kin-prichadza-francuzska-komedia-pripitok\/#primaryimage\",\"url\":\"https:\/\/institutfrancais.sk\/wp-content\/uploads\/2021\/09\/Photo-1-l-Les-Films-Sur-Mesure-Photo-Christophe-Brachet2-scaled-2.jpg\",\"contentUrl\":\"https:\/\/institutfrancais.sk\/wp-content\/uploads\/2021\/09\/Photo-1-l-Les-Films-Sur-Mesure-Photo-Christophe-Brachet2-scaled-2.jpg\",\"width\":2048,\"height\":1366},{\"@type\":\"BreadcrumbList\",\"@id\":\"https:\/\/institutfrancais.sk\/fr\/podujatie\/do-kin-prichadza-francuzska-komedia-pripitok\/#breadcrumb\",\"itemListElement\":[{\"@type\":\"ListItem\",\"position\":1,\"name\":\"Home\",\"item\":\"https:\/\/institutfrancais.sk\/fr\/\"},{\"@type\":\"ListItem\",\"position\":2,\"name\":\"Events\",\"item\":\"https:\/\/institutfrancais.sk\/fr\/podujatie\/\"},{\"@type\":\"ListItem\",\"position\":3,\"name\":\"La com\u00e9die fran\u00e7aise \u00ab\u00a0Le Discours\u00a0\u00bb arrive en Slovaquie\"}]},{\"@type\":\"WebSite\",\"@id\":\"https:\/\/institutfrancais.sk\/fr\/#website\",\"url\":\"https:\/\/institutfrancais.sk\/fr\/\",\"name\":\"Franc\u00fazsky in\u0161tit\u00fat na Slovensku\",\"description\":\"Franc\u00fazsky in\u0161tit\u00fat na Slovensku\",\"potentialAction\":[{\"@type\":\"SearchAction\",\"target\":{\"@type\":\"EntryPoint\",\"urlTemplate\":\"https:\/\/institutfrancais.sk\/fr\/?s={search_term_string}\"},\"query-input\":{\"@type\":\"PropertyValueSpecification\",\"valueRequired\":true,\"valueName\":\"search_term_string\"}}],\"inLanguage\":\"fr-FR\"}]}<\/script>\n<!-- \/ Yoast SEO plugin. -->","yoast_head_json":{"title":"La com\u00e9die fran\u00e7aise \"Le Discours\" arrive en Slovaquie - Franc\u00fazsky in\u0161tit\u00fat na Slovensku","robots":{"index":"index","follow":"follow","max-snippet":"max-snippet:-1","max-image-preview":"max-image-preview:large","max-video-preview":"max-video-preview:-1"},"canonical":"https:\/\/institutfrancais.sk\/fr\/podujatie\/do-kin-prichadza-francuzska-komedia-pripitok\/","og_locale":"fr_FR","og_type":"article","og_title":"La com\u00e9die fran\u00e7aise \"Le Discours\" arrive en Slovaquie - Franc\u00fazsky in\u0161tit\u00fat na Slovensku","og_description":"Adrien est coinc\u00e9. Coinc\u00e9 \u00e0 un d\u00eener de famille o\u00f9 papa ressort la m\u00eame anecdote que d\u2019habitude, maman ressert le sempiternel gigot et Sophie, sa soeur, \u00e9coute son futur mari comme s\u2019il \u00e9tait Einstein. Alors il attend. Il attend que Sonia r\u00e9ponde \u00e0 son sms, et mette fin \u00e0 la \u00ab pause \u00bb qu\u2019elle lui [&hellip;]","og_url":"https:\/\/institutfrancais.sk\/fr\/podujatie\/do-kin-prichadza-francuzska-komedia-pripitok\/","og_site_name":"Franc\u00fazsky in\u0161tit\u00fat na Slovensku","article_modified_time":"2021-10-04T10:06:58+00:00","og_image":[{"width":2048,"height":1366,"url":"https:\/\/institutfrancais.sk\/wp-content\/uploads\/2021\/09\/Photo-1-l-Les-Films-Sur-Mesure-Photo-Christophe-Brachet2-scaled-2.jpg","type":"image\/jpeg"}],"twitter_card":"summary_large_image","twitter_misc":{"Dur\u00e9e de lecture estim\u00e9e":"1 minute"},"schema":{"@context":"https:\/\/schema.org","@graph":[{"@type":"WebPage","@id":"https:\/\/institutfrancais.sk\/fr\/podujatie\/do-kin-prichadza-francuzska-komedia-pripitok\/","url":"https:\/\/institutfrancais.sk\/fr\/podujatie\/do-kin-prichadza-francuzska-komedia-pripitok\/","name":"La com\u00e9die fran\u00e7aise \"Le Discours\" arrive en Slovaquie - Franc\u00fazsky in\u0161tit\u00fat na Slovensku","isPartOf":{"@id":"https:\/\/institutfrancais.sk\/fr\/#website"},"primaryImageOfPage":{"@id":"https:\/\/institutfrancais.sk\/fr\/podujatie\/do-kin-prichadza-francuzska-komedia-pripitok\/#primaryimage"},"image":{"@id":"https:\/\/institutfrancais.sk\/fr\/podujatie\/do-kin-prichadza-francuzska-komedia-pripitok\/#primaryimage"},"thumbnailUrl":"https:\/\/institutfrancais.sk\/wp-content\/uploads\/2021\/09\/Photo-1-l-Les-Films-Sur-Mesure-Photo-Christophe-Brachet2-scaled-2.jpg","datePublished":"2021-08-30T16:07:50+00:00","dateModified":"2021-10-04T10:06:58+00:00","breadcrumb":{"@id":"https:\/\/institutfrancais.sk\/fr\/podujatie\/do-kin-prichadza-francuzska-komedia-pripitok\/#breadcrumb"},"inLanguage":"fr-FR","potentialAction":[{"@type":"ReadAction","target":["https:\/\/institutfrancais.sk\/fr\/podujatie\/do-kin-prichadza-francuzska-komedia-pripitok\/"]}]},{"@type":"ImageObject","inLanguage":"fr-FR","@id":"https:\/\/institutfrancais.sk\/fr\/podujatie\/do-kin-prichadza-francuzska-komedia-pripitok\/#primaryimage","url":"https:\/\/institutfrancais.sk\/wp-content\/uploads\/2021\/09\/Photo-1-l-Les-Films-Sur-Mesure-Photo-Christophe-Brachet2-scaled-2.jpg","contentUrl":"https:\/\/institutfrancais.sk\/wp-content\/uploads\/2021\/09\/Photo-1-l-Les-Films-Sur-Mesure-Photo-Christophe-Brachet2-scaled-2.jpg","width":2048,"height":1366},{"@type":"BreadcrumbList","@id":"https:\/\/institutfrancais.sk\/fr\/podujatie\/do-kin-prichadza-francuzska-komedia-pripitok\/#breadcrumb","itemListElement":[{"@type":"ListItem","position":1,"name":"Home","item":"https:\/\/institutfrancais.sk\/fr\/"},{"@type":"ListItem","position":2,"name":"Events","item":"https:\/\/institutfrancais.sk\/fr\/podujatie\/"},{"@type":"ListItem","position":3,"name":"La com\u00e9die fran\u00e7aise \u00ab\u00a0Le Discours\u00a0\u00bb arrive en Slovaquie"}]},{"@type":"WebSite","@id":"https:\/\/institutfrancais.sk\/fr\/#website","url":"https:\/\/institutfrancais.sk\/fr\/","name":"Franc\u00fazsky in\u0161tit\u00fat na Slovensku","description":"Franc\u00fazsky in\u0161tit\u00fat na Slovensku","potentialAction":[{"@type":"SearchAction","target":{"@type":"EntryPoint","urlTemplate":"https:\/\/institutfrancais.sk\/fr\/?s={search_term_string}"},"query-input":{"@type":"PropertyValueSpecification","valueRequired":true,"valueName":"search_term_string"}}],"inLanguage":"fr-FR"}]}},"_links":{"self":[{"href":"https:\/\/institutfrancais.sk\/fr\/wp-json\/wp\/v2\/podujatie\/19203"}],"collection":[{"href":"https:\/\/institutfrancais.sk\/fr\/wp-json\/wp\/v2\/podujatie"}],"about":[{"href":"https:\/\/institutfrancais.sk\/fr\/wp-json\/wp\/v2\/types\/podujatie"}],"wp:featuredmedia":[{"embeddable":true,"href":"https:\/\/institutfrancais.sk\/fr\/wp-json\/wp\/v2\/media\/19201"}],"wp:attachment":[{"href":"https:\/\/institutfrancais.sk\/fr\/wp-json\/wp\/v2\/media?parent=19203"}],"wp:term":[{"taxonomy":"typ-podujatia","embeddable":true,"href":"https:\/\/institutfrancais.sk\/fr\/wp-json\/wp\/v2\/typ-podujatia?post=19203"}],"curies":[{"name":"wp","href":"https:\/\/api.w.org\/{rel}","templated":true}]}}

La comédie française « Le Discours » arrive en Slovaquie

<p>Adrien est coincé. Coincé à un dîner de famille où papa ressort la même anecdote que d’habitude, maman ressert le sempiternel gigot et Sophie, sa soeur, écoute son futur mari comme s’il était Einstein. Alors il attend. Il attend que Sonia réponde à son sms, et mette fin à la « pause » qu’elle lui fait subir depuis un mois. Mais elle ne répond pas. Et pour couronner le tout, voilà que Ludo, son futur beau-frère, lui demande de faire un discours au mariage… Oh putain, il ne l’avait pas vu venir, celle-là ! L’angoisse d’Adrien vire à la panique. Mais si ce discours était finalement la meilleure chose qui puisse lui arriver ?</p>


<div class="space md"></div>


<p>De&nbsp;<a href="https://www.allocine.fr/personne/fichepersonne_gen_cpersonne=93737.html">Laurent Tirard</a><br>Par&nbsp;<a href="https://www.allocine.fr/personne/fichepersonne_gen_cpersonne=93737.html">Laurent Tirard</a>,&nbsp;<a href="https://www.allocine.fr/personne/fichepersonne_gen_cpersonne=886471.html">Fabcaro</a><br>Avec&nbsp;<a href="https://www.allocine.fr/personne/fichepersonne_gen_cpersonne=253064.html">Benjamin Lavernhe</a>,&nbsp;<a href="https://www.allocine.fr/personne/fichepersonne_gen_cpersonne=93105.html">Sara Giraudeau</a>,&nbsp;<a href="https://www.allocine.fr/personne/fichepersonne_gen_cpersonne=237549.html">Kyan Khojandi</a></p>



<figure class="wp-block-embed is-type-video is-provider-youtube wp-block-embed-youtube wp-embed-aspect-16-9 wp-has-aspect-ratio"><div class="wp-block-embed__wrapper">
<iframe loading="lazy" title="Prípitok (HD Trailer)" width="500" height="281" src="https://www.youtube.com/embed/LCuywYWxdrg?feature=oembed" frameborder="0" allow="accelerometer; autoplay; clipboard-write; encrypted-media; gyroscope; picture-in-picture; web-share" referrerpolicy="strict-origin-when-cross-origin" allowfullscreen></iframe> 
</div></figure>


<div class="space md"></div>


<h4 class="wp-block-heading">La distribution du film est soutenue par l&rsquo;Association des ciné-clubs slovaques et les téléspectateurs le verront dans les cinémas slovaques à partir du 16 septembre. Vous pouvez trouver une liste des premières en cours sur le site <a href="http://www.asfk.sk" target="_blank" rel="noreferrer noopener">www.asfk.sk</a>.</h4>


<div class="space md"></div>

<a href="https://asfk.sk/film/pripitok/" class="btn" target="blank" rel="noreferrer noopener">Plus d&rsquo;infos sur le film</a>

<div class="space md"></div>

<!-- This site is optimized with the Yoast SEO plugin v24.5 - https://yoast.com/wordpress/plugins/seo/ -->
<title>La comédie française &quot;Le Discours&quot; arrive en Slovaquie - Francúzsky inštitút na Slovensku</title>
<meta name="robots" content="index, follow, max-snippet:-1, max-image-preview:large, max-video-preview:-1" />
<link rel="canonical" href="https://institutfrancais.sk/fr/podujatie/do-kin-prichadza-francuzska-komedia-pripitok/" />
<meta property="og:locale" content="fr_FR" />
<meta property="og:type" content="article" />
<meta property="og:title" content="La comédie française &quot;Le Discours&quot; arrive en Slovaquie - Francúzsky inštitút na Slovensku" />
<meta property="og:description" content="Adrien est coincé. Coincé à un dîner de famille où papa ressort la même anecdote que d’habitude, maman ressert le sempiternel gigot et Sophie, sa soeur, écoute son futur mari comme s’il était Einstein. Alors il attend. Il attend que Sonia réponde à son sms, et mette fin à la « pause » qu’elle lui [&hellip;]" />
<meta property="og:url" content="https://institutfrancais.sk/fr/podujatie/do-kin-prichadza-francuzska-komedia-pripitok/" />
<meta property="og:site_name" content="Francúzsky inštitút na Slovensku" />
<meta property="article:modified_time" content="2021-10-04T10:06:58+00:00" />
<meta property="og:image" content="https://institutfrancais.sk/wp-content/uploads/2021/09/Photo-1-l-Les-Films-Sur-Mesure-Photo-Christophe-Brachet2-scaled-2.jpg" />
	<meta property="og:image:width" content="2048" />
	<meta property="og:image:height" content="1366" />
	<meta property="og:image:type" content="image/jpeg" />
<meta name="twitter:card" content="summary_large_image" />
<meta name="twitter:label1" content="Durée de lecture estimée" />
	<meta name="twitter:data1" content="1 minute" />
<script type="application/ld+json" class="yoast-schema-graph">{"@context":"https://schema.org","@graph":[{"@type":"WebPage","@id":"https://institutfrancais.sk/fr/podujatie/do-kin-prichadza-francuzska-komedia-pripitok/","url":"https://institutfrancais.sk/fr/podujatie/do-kin-prichadza-francuzska-komedia-pripitok/","name":"La comédie française \"Le Discours\" arrive en Slovaquie - Francúzsky inštitút na Slovensku","isPartOf":{"@id":"https://institutfrancais.sk/fr/#website"},"primaryImageOfPage":{"@id":"https://institutfrancais.sk/fr/podujatie/do-kin-prichadza-francuzska-komedia-pripitok/#primaryimage"},"image":{"@id":"https://institutfrancais.sk/fr/podujatie/do-kin-prichadza-francuzska-komedia-pripitok/#primaryimage"},"thumbnailUrl":"https://institutfrancais.sk/wp-content/uploads/2021/09/Photo-1-l-Les-Films-Sur-Mesure-Photo-Christophe-Brachet2-scaled-2.jpg","datePublished":"2021-08-30T16:07:50+00:00","dateModified":"2021-10-04T10:06:58+00:00","breadcrumb":{"@id":"https://institutfrancais.sk/fr/podujatie/do-kin-prichadza-francuzska-komedia-pripitok/#breadcrumb"},"inLanguage":"fr-FR","potentialAction":[{"@type":"ReadAction","target":["https://institutfrancais.sk/fr/podujatie/do-kin-prichadza-francuzska-komedia-pripitok/"]}]},{"@type":"ImageObject","inLanguage":"fr-FR","@id":"https://institutfrancais.sk/fr/podujatie/do-kin-prichadza-francuzska-komedia-pripitok/#primaryimage","url":"https://institutfrancais.sk/wp-content/uploads/2021/09/Photo-1-l-Les-Films-Sur-Mesure-Photo-Christophe-Brachet2-scaled-2.jpg","contentUrl":"https://institutfrancais.sk/wp-content/uploads/2021/09/Photo-1-l-Les-Films-Sur-Mesure-Photo-Christophe-Brachet2-scaled-2.jpg","width":2048,"height":1366},{"@type":"BreadcrumbList","@id":"https://institutfrancais.sk/fr/podujatie/do-kin-prichadza-francuzska-komedia-pripitok/#breadcrumb","itemListElement":[{"@type":"ListItem","position":1,"name":"Home","item":"https://institutfrancais.sk/fr/"},{"@type":"ListItem","position":2,"name":"Events","item":"https://institutfrancais.sk/fr/podujatie/"},{"@type":"ListItem","position":3,"name":"La comédie française « Le Discours » arrive en Slovaquie"}]},{"@type":"WebSite","@id":"https://institutfrancais.sk/fr/#website","url":"https://institutfrancais.sk/fr/","name":"Francúzsky inštitút na Slovensku","description":"Francúzsky inštitút na Slovensku","potentialAction":[{"@type":"SearchAction","target":{"@type":"EntryPoint","urlTemplate":"https://institutfrancais.sk/fr/?s={search_term_string}"},"query-input":{"@type":"PropertyValueSpecification","valueRequired":true,"valueName":"search_term_string"}}],"inLanguage":"fr-FR"}]}</script>
<!-- / Yoast SEO plugin. -->

La comédie française "Le Discours" arrive en Slovaquie - Francúzsky inštitút na Slovensku

Adrien est coincé. Coincé à un dîner de famille où papa ressort la même anecdote que d’habitude, maman ressert le sempiternel gigot et Sophie, sa soeur, écoute son futur mari comme s’il était Einstein. Alors il attend. Il attend que Sonia réponde à son sms, et mette fin à la « pause » qu’elle lui [&hellip;]

Francúzsky inštitút na Slovensku
