{"id":19819,"date":"2021-10-27T17:32:28","date_gmt":"2021-10-27T15:32:28","guid":{"rendered":"https:\/\/institutfrancais.sk\/?post_type=podujatie&#038;p=19819"},"modified":"2021-10-28T09:22:53","modified_gmt":"2021-10-28T07:22:53","slug":"mois-de-la-photographie-2021-avec-lexposition-du-photographe-francais-maxime-ballesteros","status":"publish","type":"podujatie","link":"https:\/\/institutfrancais.sk\/fr\/podujatie\/mois-de-la-photographie-2021-avec-lexposition-du-photographe-francais-maxime-ballesteros\/","title":{"rendered":"Mois de la photographie 2021 : Maxime Ballesteros"},"content":{"rendered":"\n<p>Les \u0153uvres de Maxime Ballesteros sont des lectures complexes de la soci\u00e9t\u00e9 contemporaine. Existant dans une sorte d&rsquo;espace cr\u00e9pusculaire de situations que nous reconnaissons mais ne comprenons pas, ils mettent en sc\u00e8ne des d\u00e9cors et des voyages qui semblent entrer dans un \u00e9tat suspendu de l&rsquo;esprit. La publication la plus r\u00e9cente de Ballesteros, \u00ab\u00a0Entre Chien et Loup\u00a0\u00bb a&nbsp;jou\u00e9 sur cette id\u00e9e avec le terme fran\u00e7ais pour la lumi\u00e8re sombre dans laquelle on ne savait peut-\u00eatre pas si on regardait un chien ou un loup. <\/p>\n\n\n\n<p>Le travail de Ballesteros existe fermement dans les visualisations des espaces liminaux, une sorte d&rsquo;arr\u00eat de repos psychologique entre le d\u00e9part et la destination. Ses protagonistes, pris dans l&rsquo;acte d&rsquo;actions franches \u2013 mais en quelque sorte saintes \u2013 r\u00e9sistent \u00e0 la remise en question de leur confiance. En m\u00eame temps, on ne peut s&#8217;emp\u00eacher de se demander comment ces \u00e9tranges circonstances se pr\u00e9sentent. Les th\u00e8mes de la domination, du d\u00e9sir, de l&rsquo;excitation et des attentes sont tous tr\u00e8s importants ;&nbsp;cependant, les sujets ne sont ni dans le plaisir ni dans la douleur \u2013 ils existent simplement, apparemment pris au d\u00e9pourvu dans les affres de circonstances absurdes. Pourtant, qu&rsquo;il soit mis en sc\u00e8ne ou non, le th\u00e9\u00e2tre de Ballesteros est charg\u00e9 d&rsquo;une sorte de mysticisme qui se heurte aux sc\u00e8nes d\u00e9peintes dans le film. \u00c0 travers une lentille sombre, la r\u00e9alit\u00e9 devient tordue, et le seuil entre le sacr\u00e9 et le profane devient de plus en plus flou. <\/p>\n\n\n\n<p>Ballesteros travaille exclusivement en analogique. Ses sujets r\u00e9v\u00e8lent des influences mani\u00e9ristes exag\u00e9r\u00e9es dans les membres et les projections allong\u00e9s. \u00c9tranges, maladroits, limpides et pourtant hautement \u00e9motifs, les sujets incarnent une sorte de langueur passive \u00e0 la fois \u00e9trangement touchante et inqui\u00e9tante. En tant que spectateur, nous aspirons \u00e0 une explication rationnelle de leur existence. Lorsque nous ne pouvons pas en trouver un, parfois nous l&rsquo;\u00e9vitons compl\u00e8tement. Mais le plus souvent, repouss\u00e9 et attir\u00e9, notre regard se traduit par un voyeurisme \u00e0 la fois invit\u00e9 et amus\u00e9.<\/p>\n\n\n\n<p class=\"has-text-align-right\">Maria Eve Lafontaine<\/p>\n\n\n\n<p>Plus sur <a href=\"http:\/\/www.maximeballestros.com\" target=\"_blank\" rel=\"noreferrer noopener\">www.maximeballestros.com<\/a><\/p>\n\n\n<div class=\"space md\"><\/div>","protected":false},"featured_media":19817,"template":"","typ-podujatia":[56,160],"acf":[],"yoast_head":"<!-- This site is optimized with the Yoast SEO plugin v24.5 - https:\/\/yoast.com\/wordpress\/plugins\/seo\/ -->\n<title>Mois de la photographie 2021 : Maxime Ballesteros - Franc\u00fazsky in\u0161tit\u00fat na Slovensku<\/title>\n<meta name=\"robots\" content=\"index, follow, max-snippet:-1, max-image-preview:large, max-video-preview:-1\" \/>\n<link rel=\"canonical\" href=\"https:\/\/institutfrancais.sk\/fr\/podujatie\/mois-de-la-photographie-2021-avec-lexposition-du-photographe-francais-maxime-ballesteros\/\" \/>\n<meta property=\"og:locale\" content=\"fr_FR\" \/>\n<meta property=\"og:type\" content=\"article\" \/>\n<meta property=\"og:title\" content=\"Mois de la photographie 2021 : Maxime Ballesteros - Franc\u00fazsky in\u0161tit\u00fat na Slovensku\" \/>\n<meta property=\"og:description\" content=\"Les \u0153uvres de Maxime Ballesteros sont des lectures complexes de la soci\u00e9t\u00e9 contemporaine. Existant dans une sorte d&rsquo;espace cr\u00e9pusculaire de situations que nous reconnaissons mais ne comprenons pas, ils mettent en sc\u00e8ne des d\u00e9cors et des voyages qui semblent entrer dans un \u00e9tat suspendu de l&rsquo;esprit. La publication la plus r\u00e9cente de Ballesteros, \u00ab\u00a0Entre Chien [&hellip;]\" \/>\n<meta property=\"og:url\" content=\"https:\/\/institutfrancais.sk\/fr\/podujatie\/mois-de-la-photographie-2021-avec-lexposition-du-photographe-francais-maxime-ballesteros\/\" \/>\n<meta property=\"og:site_name\" content=\"Franc\u00fazsky in\u0161tit\u00fat na Slovensku\" \/>\n<meta property=\"article:modified_time\" content=\"2021-10-28T07:22:53+00:00\" \/>\n<meta property=\"og:image\" content=\"https:\/\/institutfrancais.sk\/wp-content\/uploads\/2021\/10\/ballesteros.jpg\" \/>\n\t<meta property=\"og:image:width\" content=\"932\" \/>\n\t<meta property=\"og:image:height\" content=\"618\" \/>\n\t<meta property=\"og:image:type\" content=\"image\/jpeg\" \/>\n<meta name=\"twitter:card\" content=\"summary_large_image\" \/>\n<meta name=\"twitter:label1\" content=\"Dur\u00e9e de lecture estim\u00e9e\" \/>\n\t<meta name=\"twitter:data1\" content=\"2 minutes\" \/>\n<script type=\"application\/ld+json\" class=\"yoast-schema-graph\">{\"@context\":\"https:\/\/schema.org\",\"@graph\":[{\"@type\":\"WebPage\",\"@id\":\"https:\/\/institutfrancais.sk\/fr\/podujatie\/mois-de-la-photographie-2021-avec-lexposition-du-photographe-francais-maxime-ballesteros\/\",\"url\":\"https:\/\/institutfrancais.sk\/fr\/podujatie\/mois-de-la-photographie-2021-avec-lexposition-du-photographe-francais-maxime-ballesteros\/\",\"name\":\"Mois de la photographie 2021 : Maxime Ballesteros - Franc\u00fazsky in\u0161tit\u00fat na Slovensku\",\"isPartOf\":{\"@id\":\"https:\/\/institutfrancais.sk\/fr\/#website\"},\"primaryImageOfPage\":{\"@id\":\"https:\/\/institutfrancais.sk\/fr\/podujatie\/mois-de-la-photographie-2021-avec-lexposition-du-photographe-francais-maxime-ballesteros\/#primaryimage\"},\"image\":{\"@id\":\"https:\/\/institutfrancais.sk\/fr\/podujatie\/mois-de-la-photographie-2021-avec-lexposition-du-photographe-francais-maxime-ballesteros\/#primaryimage\"},\"thumbnailUrl\":\"https:\/\/institutfrancais.sk\/wp-content\/uploads\/2021\/10\/ballesteros.jpg\",\"datePublished\":\"2021-10-27T15:32:28+00:00\",\"dateModified\":\"2021-10-28T07:22:53+00:00\",\"breadcrumb\":{\"@id\":\"https:\/\/institutfrancais.sk\/fr\/podujatie\/mois-de-la-photographie-2021-avec-lexposition-du-photographe-francais-maxime-ballesteros\/#breadcrumb\"},\"inLanguage\":\"fr-FR\",\"potentialAction\":[{\"@type\":\"ReadAction\",\"target\":[\"https:\/\/institutfrancais.sk\/fr\/podujatie\/mois-de-la-photographie-2021-avec-lexposition-du-photographe-francais-maxime-ballesteros\/\"]}]},{\"@type\":\"ImageObject\",\"inLanguage\":\"fr-FR\",\"@id\":\"https:\/\/institutfrancais.sk\/fr\/podujatie\/mois-de-la-photographie-2021-avec-lexposition-du-photographe-francais-maxime-ballesteros\/#primaryimage\",\"url\":\"https:\/\/institutfrancais.sk\/wp-content\/uploads\/2021\/10\/ballesteros.jpg\",\"contentUrl\":\"https:\/\/institutfrancais.sk\/wp-content\/uploads\/2021\/10\/ballesteros.jpg\",\"width\":932,\"height\":618},{\"@type\":\"BreadcrumbList\",\"@id\":\"https:\/\/institutfrancais.sk\/fr\/podujatie\/mois-de-la-photographie-2021-avec-lexposition-du-photographe-francais-maxime-ballesteros\/#breadcrumb\",\"itemListElement\":[{\"@type\":\"ListItem\",\"position\":1,\"name\":\"Home\",\"item\":\"https:\/\/institutfrancais.sk\/fr\/\"},{\"@type\":\"ListItem\",\"position\":2,\"name\":\"Events\",\"item\":\"https:\/\/institutfrancais.sk\/fr\/podujatie\/\"},{\"@type\":\"ListItem\",\"position\":3,\"name\":\"Mois de la photographie 2021 : Maxime Ballesteros\"}]},{\"@type\":\"WebSite\",\"@id\":\"https:\/\/institutfrancais.sk\/fr\/#website\",\"url\":\"https:\/\/institutfrancais.sk\/fr\/\",\"name\":\"Franc\u00fazsky in\u0161tit\u00fat na Slovensku\",\"description\":\"Franc\u00fazsky in\u0161tit\u00fat na Slovensku\",\"potentialAction\":[{\"@type\":\"SearchAction\",\"target\":{\"@type\":\"EntryPoint\",\"urlTemplate\":\"https:\/\/institutfrancais.sk\/fr\/?s={search_term_string}\"},\"query-input\":{\"@type\":\"PropertyValueSpecification\",\"valueRequired\":true,\"valueName\":\"search_term_string\"}}],\"inLanguage\":\"fr-FR\"}]}<\/script>\n<!-- \/ Yoast SEO plugin. -->","yoast_head_json":{"title":"Mois de la photographie 2021 : Maxime Ballesteros - Franc\u00fazsky in\u0161tit\u00fat na Slovensku","robots":{"index":"index","follow":"follow","max-snippet":"max-snippet:-1","max-image-preview":"max-image-preview:large","max-video-preview":"max-video-preview:-1"},"canonical":"https:\/\/institutfrancais.sk\/fr\/podujatie\/mois-de-la-photographie-2021-avec-lexposition-du-photographe-francais-maxime-ballesteros\/","og_locale":"fr_FR","og_type":"article","og_title":"Mois de la photographie 2021 : Maxime Ballesteros - Franc\u00fazsky in\u0161tit\u00fat na Slovensku","og_description":"Les \u0153uvres de Maxime Ballesteros sont des lectures complexes de la soci\u00e9t\u00e9 contemporaine. Existant dans une sorte d&rsquo;espace cr\u00e9pusculaire de situations que nous reconnaissons mais ne comprenons pas, ils mettent en sc\u00e8ne des d\u00e9cors et des voyages qui semblent entrer dans un \u00e9tat suspendu de l&rsquo;esprit. La publication la plus r\u00e9cente de Ballesteros, \u00ab\u00a0Entre Chien [&hellip;]","og_url":"https:\/\/institutfrancais.sk\/fr\/podujatie\/mois-de-la-photographie-2021-avec-lexposition-du-photographe-francais-maxime-ballesteros\/","og_site_name":"Franc\u00fazsky in\u0161tit\u00fat na Slovensku","article_modified_time":"2021-10-28T07:22:53+00:00","og_image":[{"width":932,"height":618,"url":"https:\/\/institutfrancais.sk\/wp-content\/uploads\/2021\/10\/ballesteros.jpg","type":"image\/jpeg"}],"twitter_card":"summary_large_image","twitter_misc":{"Dur\u00e9e de lecture estim\u00e9e":"2 minutes"},"schema":{"@context":"https:\/\/schema.org","@graph":[{"@type":"WebPage","@id":"https:\/\/institutfrancais.sk\/fr\/podujatie\/mois-de-la-photographie-2021-avec-lexposition-du-photographe-francais-maxime-ballesteros\/","url":"https:\/\/institutfrancais.sk\/fr\/podujatie\/mois-de-la-photographie-2021-avec-lexposition-du-photographe-francais-maxime-ballesteros\/","name":"Mois de la photographie 2021 : Maxime Ballesteros - Franc\u00fazsky in\u0161tit\u00fat na Slovensku","isPartOf":{"@id":"https:\/\/institutfrancais.sk\/fr\/#website"},"primaryImageOfPage":{"@id":"https:\/\/institutfrancais.sk\/fr\/podujatie\/mois-de-la-photographie-2021-avec-lexposition-du-photographe-francais-maxime-ballesteros\/#primaryimage"},"image":{"@id":"https:\/\/institutfrancais.sk\/fr\/podujatie\/mois-de-la-photographie-2021-avec-lexposition-du-photographe-francais-maxime-ballesteros\/#primaryimage"},"thumbnailUrl":"https:\/\/institutfrancais.sk\/wp-content\/uploads\/2021\/10\/ballesteros.jpg","datePublished":"2021-10-27T15:32:28+00:00","dateModified":"2021-10-28T07:22:53+00:00","breadcrumb":{"@id":"https:\/\/institutfrancais.sk\/fr\/podujatie\/mois-de-la-photographie-2021-avec-lexposition-du-photographe-francais-maxime-ballesteros\/#breadcrumb"},"inLanguage":"fr-FR","potentialAction":[{"@type":"ReadAction","target":["https:\/\/institutfrancais.sk\/fr\/podujatie\/mois-de-la-photographie-2021-avec-lexposition-du-photographe-francais-maxime-ballesteros\/"]}]},{"@type":"ImageObject","inLanguage":"fr-FR","@id":"https:\/\/institutfrancais.sk\/fr\/podujatie\/mois-de-la-photographie-2021-avec-lexposition-du-photographe-francais-maxime-ballesteros\/#primaryimage","url":"https:\/\/institutfrancais.sk\/wp-content\/uploads\/2021\/10\/ballesteros.jpg","contentUrl":"https:\/\/institutfrancais.sk\/wp-content\/uploads\/2021\/10\/ballesteros.jpg","width":932,"height":618},{"@type":"BreadcrumbList","@id":"https:\/\/institutfrancais.sk\/fr\/podujatie\/mois-de-la-photographie-2021-avec-lexposition-du-photographe-francais-maxime-ballesteros\/#breadcrumb","itemListElement":[{"@type":"ListItem","position":1,"name":"Home","item":"https:\/\/institutfrancais.sk\/fr\/"},{"@type":"ListItem","position":2,"name":"Events","item":"https:\/\/institutfrancais.sk\/fr\/podujatie\/"},{"@type":"ListItem","position":3,"name":"Mois de la photographie 2021 : Maxime Ballesteros"}]},{"@type":"WebSite","@id":"https:\/\/institutfrancais.sk\/fr\/#website","url":"https:\/\/institutfrancais.sk\/fr\/","name":"Franc\u00fazsky in\u0161tit\u00fat na Slovensku","description":"Franc\u00fazsky in\u0161tit\u00fat na Slovensku","potentialAction":[{"@type":"SearchAction","target":{"@type":"EntryPoint","urlTemplate":"https:\/\/institutfrancais.sk\/fr\/?s={search_term_string}"},"query-input":{"@type":"PropertyValueSpecification","valueRequired":true,"valueName":"search_term_string"}}],"inLanguage":"fr-FR"}]}},"_links":{"self":[{"href":"https:\/\/institutfrancais.sk\/fr\/wp-json\/wp\/v2\/podujatie\/19819"}],"collection":[{"href":"https:\/\/institutfrancais.sk\/fr\/wp-json\/wp\/v2\/podujatie"}],"about":[{"href":"https:\/\/institutfrancais.sk\/fr\/wp-json\/wp\/v2\/types\/podujatie"}],"wp:featuredmedia":[{"embeddable":true,"href":"https:\/\/institutfrancais.sk\/fr\/wp-json\/wp\/v2\/media\/19817"}],"wp:attachment":[{"href":"https:\/\/institutfrancais.sk\/fr\/wp-json\/wp\/v2\/media?parent=19819"}],"wp:term":[{"taxonomy":"typ-podujatia","embeddable":true,"href":"https:\/\/institutfrancais.sk\/fr\/wp-json\/wp\/v2\/typ-podujatia?post=19819"}],"curies":[{"name":"wp","href":"https:\/\/api.w.org\/{rel}","templated":true}]}}

<p>Les œuvres de Maxime Ballesteros sont des lectures complexes de la société contemporaine. Existant dans une sorte d&rsquo;espace crépusculaire de situations que nous reconnaissons mais ne comprenons pas, ils mettent en scène des décors et des voyages qui semblent entrer dans un état suspendu de l&rsquo;esprit. La publication la plus récente de Ballesteros, « Entre Chien et Loup » a&nbsp;joué sur cette idée avec le terme français pour la lumière sombre dans laquelle on ne savait peut-être pas si on regardait un chien ou un loup. </p>



<p>Le travail de Ballesteros existe fermement dans les visualisations des espaces liminaux, une sorte d&rsquo;arrêt de repos psychologique entre le départ et la destination. Ses protagonistes, pris dans l&rsquo;acte d&rsquo;actions franches – mais en quelque sorte saintes – résistent à la remise en question de leur confiance. En même temps, on ne peut s&#8217;empêcher de se demander comment ces étranges circonstances se présentent. Les thèmes de la domination, du désir, de l&rsquo;excitation et des attentes sont tous très importants ;&nbsp;cependant, les sujets ne sont ni dans le plaisir ni dans la douleur – ils existent simplement, apparemment pris au dépourvu dans les affres de circonstances absurdes. Pourtant, qu&rsquo;il soit mis en scène ou non, le théâtre de Ballesteros est chargé d&rsquo;une sorte de mysticisme qui se heurte aux scènes dépeintes dans le film. À travers une lentille sombre, la réalité devient tordue, et le seuil entre le sacré et le profane devient de plus en plus flou. </p>



<p>Ballesteros travaille exclusivement en analogique. Ses sujets révèlent des influences maniéristes exagérées dans les membres et les projections allongés. Étranges, maladroits, limpides et pourtant hautement émotifs, les sujets incarnent une sorte de langueur passive à la fois étrangement touchante et inquiétante. En tant que spectateur, nous aspirons à une explication rationnelle de leur existence. Lorsque nous ne pouvons pas en trouver un, parfois nous l&rsquo;évitons complètement. Mais le plus souvent, repoussé et attiré, notre regard se traduit par un voyeurisme à la fois invité et amusé.</p>



<p class="has-text-align-right">Maria Eve Lafontaine</p>



<p>Plus sur <a href="http://www.maximeballestros.com" target="_blank" rel="noreferrer noopener">www.maximeballestros.com</a></p>


<div class="space md"></div>

<!-- This site is optimized with the Yoast SEO plugin v24.5 - https://yoast.com/wordpress/plugins/seo/ -->
<title>Mois de la photographie 2021 : Maxime Ballesteros - Francúzsky inštitút na Slovensku</title>
<meta name="robots" content="index, follow, max-snippet:-1, max-image-preview:large, max-video-preview:-1" />
<link rel="canonical" href="https://institutfrancais.sk/fr/podujatie/mois-de-la-photographie-2021-avec-lexposition-du-photographe-francais-maxime-ballesteros/" />
<meta property="og:locale" content="fr_FR" />
<meta property="og:type" content="article" />
<meta property="og:title" content="Mois de la photographie 2021 : Maxime Ballesteros - Francúzsky inštitút na Slovensku" />
<meta property="og:description" content="Les œuvres de Maxime Ballesteros sont des lectures complexes de la société contemporaine. Existant dans une sorte d&rsquo;espace crépusculaire de situations que nous reconnaissons mais ne comprenons pas, ils mettent en scène des décors et des voyages qui semblent entrer dans un état suspendu de l&rsquo;esprit. La publication la plus récente de Ballesteros, « Entre Chien [&hellip;]" />
<meta property="og:url" content="https://institutfrancais.sk/fr/podujatie/mois-de-la-photographie-2021-avec-lexposition-du-photographe-francais-maxime-ballesteros/" />
<meta property="og:site_name" content="Francúzsky inštitút na Slovensku" />
<meta property="article:modified_time" content="2021-10-28T07:22:53+00:00" />
<meta property="og:image" content="https://institutfrancais.sk/wp-content/uploads/2021/10/ballesteros.jpg" />
	<meta property="og:image:width" content="932" />
	<meta property="og:image:height" content="618" />
	<meta property="og:image:type" content="image/jpeg" />
<meta name="twitter:card" content="summary_large_image" />
<meta name="twitter:label1" content="Durée de lecture estimée" />
	<meta name="twitter:data1" content="2 minutes" />
<script type="application/ld+json" class="yoast-schema-graph">{"@context":"https://schema.org","@graph":[{"@type":"WebPage","@id":"https://institutfrancais.sk/fr/podujatie/mois-de-la-photographie-2021-avec-lexposition-du-photographe-francais-maxime-ballesteros/","url":"https://institutfrancais.sk/fr/podujatie/mois-de-la-photographie-2021-avec-lexposition-du-photographe-francais-maxime-ballesteros/","name":"Mois de la photographie 2021 : Maxime Ballesteros - Francúzsky inštitút na Slovensku","isPartOf":{"@id":"https://institutfrancais.sk/fr/#website"},"primaryImageOfPage":{"@id":"https://institutfrancais.sk/fr/podujatie/mois-de-la-photographie-2021-avec-lexposition-du-photographe-francais-maxime-ballesteros/#primaryimage"},"image":{"@id":"https://institutfrancais.sk/fr/podujatie/mois-de-la-photographie-2021-avec-lexposition-du-photographe-francais-maxime-ballesteros/#primaryimage"},"thumbnailUrl":"https://institutfrancais.sk/wp-content/uploads/2021/10/ballesteros.jpg","datePublished":"2021-10-27T15:32:28+00:00","dateModified":"2021-10-28T07:22:53+00:00","breadcrumb":{"@id":"https://institutfrancais.sk/fr/podujatie/mois-de-la-photographie-2021-avec-lexposition-du-photographe-francais-maxime-ballesteros/#breadcrumb"},"inLanguage":"fr-FR","potentialAction":[{"@type":"ReadAction","target":["https://institutfrancais.sk/fr/podujatie/mois-de-la-photographie-2021-avec-lexposition-du-photographe-francais-maxime-ballesteros/"]}]},{"@type":"ImageObject","inLanguage":"fr-FR","@id":"https://institutfrancais.sk/fr/podujatie/mois-de-la-photographie-2021-avec-lexposition-du-photographe-francais-maxime-ballesteros/#primaryimage","url":"https://institutfrancais.sk/wp-content/uploads/2021/10/ballesteros.jpg","contentUrl":"https://institutfrancais.sk/wp-content/uploads/2021/10/ballesteros.jpg","width":932,"height":618},{"@type":"BreadcrumbList","@id":"https://institutfrancais.sk/fr/podujatie/mois-de-la-photographie-2021-avec-lexposition-du-photographe-francais-maxime-ballesteros/#breadcrumb","itemListElement":[{"@type":"ListItem","position":1,"name":"Home","item":"https://institutfrancais.sk/fr/"},{"@type":"ListItem","position":2,"name":"Events","item":"https://institutfrancais.sk/fr/podujatie/"},{"@type":"ListItem","position":3,"name":"Mois de la photographie 2021 : Maxime Ballesteros"}]},{"@type":"WebSite","@id":"https://institutfrancais.sk/fr/#website","url":"https://institutfrancais.sk/fr/","name":"Francúzsky inštitút na Slovensku","description":"Francúzsky inštitút na Slovensku","potentialAction":[{"@type":"SearchAction","target":{"@type":"EntryPoint","urlTemplate":"https://institutfrancais.sk/fr/?s={search_term_string}"},"query-input":{"@type":"PropertyValueSpecification","valueRequired":true,"valueName":"search_term_string"}}],"inLanguage":"fr-FR"}]}</script>
<!-- / Yoast SEO plugin. -->

Mois de la photographie 2021 : Maxime Ballesteros - Francúzsky inštitút na Slovensku

Les œuvres de Maxime Ballesteros sont des lectures complexes de la société contemporaine. Existant dans une sorte d&rsquo;espace crépusculaire de situations que nous reconnaissons mais ne comprenons pas, ils mettent en scène des décors et des voyages qui semblent entrer dans un état suspendu de l&rsquo;esprit. La publication la plus récente de Ballesteros, « Entre Chien [&hellip;]

Francúzsky inštitút na Slovensku
