{"id":20225,"date":"2021-12-03T16:04:10","date_gmt":"2021-12-03T15:04:10","guid":{"rendered":"https:\/\/institutfrancais.sk\/?post_type=podujatie&#038;p=20225"},"modified":"2021-12-03T16:04:57","modified_gmt":"2021-12-03T15:04:57","slug":"designer-francaise-wendy-andreu-au-festiaval-bratislava-design-week","status":"publish","type":"podujatie","link":"https:\/\/institutfrancais.sk\/fr\/podujatie\/designer-francaise-wendy-andreu-au-festiaval-bratislava-design-week\/","title":{"rendered":"Designer fran\u00e7aise Wendy Andreu au festiaval Bratislava Design Week"},"content":{"rendered":"\n<p>D\u00fb au confinement en cours, le <strong>programme du festival sera pr\u00e9sent\u00e9 en ligne<\/strong> sur les pages facebook et instagram du festival <strong>du 2 au 8 d\u00e9cembre 2021. La designer fran\u00e7aise <\/strong>donnera sa conf\u00e9rence dans le cadre du cycle <strong>Bratislava Design Week Talks du samedi 4&nbsp;d\u00e9cembre 2021 \u00e0 16h20.<\/strong><\/p>\n\n\n\n<p><strong>L&rsquo;exposition de design accompagnant le festival<\/strong> pr\u00e9sentant les objets des designers slovaques et \u00e9trangers au programme du festival est install\u00e9e dans <strong>Zoya Gallery au&nbsp;Palais Apponyi et durera<\/strong> <strong>jusqu&rsquo;au 23 janvier<\/strong>.<\/p>\n\n\n<a href=\"https:\/\/www.bratislavadesignweek.sk\/\" class=\"btn\" target=\"blank\" rel=\"noreferrer noopener\">Plus sur www.bratislavadesignweek.sk<\/a>\n\n<div class=\"space md\"><\/div>\n\n\n<h3 class=\"wp-block-heading\">Un mot sur la designer fran\u00e7aise<\/h3>\n\n\n\n<p>Wendy Andreu \u00e9tudie \u00e0 l\u2019\u00e9cole Boulle \u00e0 Paris avant de terminer sa formation \u00e0 la Design Academy d\u2019Eindhoven aux Pays-Bas en 2016. Pendant le confinement, la cr\u00e9atrice, qui favorise la lenteur du travail \u00e0 la main, poursuit son travail d\u2019exploration des mat\u00e9riaux et des techniques. La Dragon Chair est une pi\u00e8ce unique, con\u00e7ue \u00e0 partir d\u2019un moule en bois sur lequel la designer vient d\u00e9poser la corde de fa\u00e7on al\u00e9atoire, et qu\u2019elle recouvre ensuite de silicone. Cette m\u00e9thode invent\u00e9e par Wendy Andreu s\u2019inscrit dans les recherches qu\u2019elle m\u00e8ne d\u00e8s 2014 autour du mat\u00e9riau imperm\u00e9able Regen (\u201cpluie\u201d en n\u00e9erlandais), et qui trouva un succ\u00e8s imm\u00e9diat autant dans l\u2019univers du mobilier que dans celui de la mode.<\/p>\n\n\n<a href=\"https:\/\/www.wendyandreu.com\" class=\"btn\" target=\"blank\" rel=\"noreferrer noopener\">Site perso de la designer<\/a>\n\n<div class=\"space md\"><\/div>","protected":false},"featured_media":20223,"template":"","typ-podujatia":[260],"acf":[],"yoast_head":"<!-- This site is optimized with the Yoast SEO plugin v24.5 - https:\/\/yoast.com\/wordpress\/plugins\/seo\/ -->\n<title>Designer fran\u00e7aise Wendy Andreu au festiaval Bratislava Design Week - Franc\u00fazsky in\u0161tit\u00fat na Slovensku<\/title>\n<meta name=\"robots\" content=\"index, follow, max-snippet:-1, max-image-preview:large, max-video-preview:-1\" \/>\n<link rel=\"canonical\" href=\"https:\/\/institutfrancais.sk\/fr\/podujatie\/designer-francaise-wendy-andreu-au-festiaval-bratislava-design-week\/\" \/>\n<meta property=\"og:locale\" content=\"fr_FR\" \/>\n<meta property=\"og:type\" content=\"article\" \/>\n<meta property=\"og:title\" content=\"Designer fran\u00e7aise Wendy Andreu au festiaval Bratislava Design Week - Franc\u00fazsky in\u0161tit\u00fat na Slovensku\" \/>\n<meta property=\"og:description\" content=\"D\u00fb au confinement en cours, le programme du festival sera pr\u00e9sent\u00e9 en ligne sur les pages facebook et instagram du festival du 2 au 8 d\u00e9cembre 2021. La designer fran\u00e7aise donnera sa conf\u00e9rence dans le cadre du cycle Bratislava Design Week Talks du samedi 4&nbsp;d\u00e9cembre 2021 \u00e0 16h20. L&rsquo;exposition de design accompagnant le festival pr\u00e9sentant [&hellip;]\" \/>\n<meta property=\"og:url\" content=\"https:\/\/institutfrancais.sk\/fr\/podujatie\/designer-francaise-wendy-andreu-au-festiaval-bratislava-design-week\/\" \/>\n<meta property=\"og:site_name\" content=\"Franc\u00fazsky in\u0161tit\u00fat na Slovensku\" \/>\n<meta property=\"article:modified_time\" content=\"2021-12-03T15:04:57+00:00\" \/>\n<meta property=\"og:image\" content=\"https:\/\/institutfrancais.sk\/wp-content\/uploads\/2021\/12\/BAWD-banner.jpg\" \/>\n\t<meta property=\"og:image:width\" content=\"1920\" \/>\n\t<meta property=\"og:image:height\" content=\"1080\" \/>\n\t<meta property=\"og:image:type\" content=\"image\/jpeg\" \/>\n<meta name=\"twitter:card\" content=\"summary_large_image\" \/>\n<meta name=\"twitter:label1\" content=\"Dur\u00e9e de lecture estim\u00e9e\" \/>\n\t<meta name=\"twitter:data1\" content=\"1 minute\" \/>\n<script type=\"application\/ld+json\" class=\"yoast-schema-graph\">{\"@context\":\"https:\/\/schema.org\",\"@graph\":[{\"@type\":\"WebPage\",\"@id\":\"https:\/\/institutfrancais.sk\/fr\/podujatie\/designer-francaise-wendy-andreu-au-festiaval-bratislava-design-week\/\",\"url\":\"https:\/\/institutfrancais.sk\/fr\/podujatie\/designer-francaise-wendy-andreu-au-festiaval-bratislava-design-week\/\",\"name\":\"Designer fran\u00e7aise Wendy Andreu au festiaval Bratislava Design Week - Franc\u00fazsky in\u0161tit\u00fat na Slovensku\",\"isPartOf\":{\"@id\":\"https:\/\/institutfrancais.sk\/fr\/#website\"},\"primaryImageOfPage\":{\"@id\":\"https:\/\/institutfrancais.sk\/fr\/podujatie\/designer-francaise-wendy-andreu-au-festiaval-bratislava-design-week\/#primaryimage\"},\"image\":{\"@id\":\"https:\/\/institutfrancais.sk\/fr\/podujatie\/designer-francaise-wendy-andreu-au-festiaval-bratislava-design-week\/#primaryimage\"},\"thumbnailUrl\":\"https:\/\/institutfrancais.sk\/wp-content\/uploads\/2021\/12\/BAWD-banner.jpg\",\"datePublished\":\"2021-12-03T15:04:10+00:00\",\"dateModified\":\"2021-12-03T15:04:57+00:00\",\"breadcrumb\":{\"@id\":\"https:\/\/institutfrancais.sk\/fr\/podujatie\/designer-francaise-wendy-andreu-au-festiaval-bratislava-design-week\/#breadcrumb\"},\"inLanguage\":\"fr-FR\",\"potentialAction\":[{\"@type\":\"ReadAction\",\"target\":[\"https:\/\/institutfrancais.sk\/fr\/podujatie\/designer-francaise-wendy-andreu-au-festiaval-bratislava-design-week\/\"]}]},{\"@type\":\"ImageObject\",\"inLanguage\":\"fr-FR\",\"@id\":\"https:\/\/institutfrancais.sk\/fr\/podujatie\/designer-francaise-wendy-andreu-au-festiaval-bratislava-design-week\/#primaryimage\",\"url\":\"https:\/\/institutfrancais.sk\/wp-content\/uploads\/2021\/12\/BAWD-banner.jpg\",\"contentUrl\":\"https:\/\/institutfrancais.sk\/wp-content\/uploads\/2021\/12\/BAWD-banner.jpg\",\"width\":1920,\"height\":1080},{\"@type\":\"BreadcrumbList\",\"@id\":\"https:\/\/institutfrancais.sk\/fr\/podujatie\/designer-francaise-wendy-andreu-au-festiaval-bratislava-design-week\/#breadcrumb\",\"itemListElement\":[{\"@type\":\"ListItem\",\"position\":1,\"name\":\"Home\",\"item\":\"https:\/\/institutfrancais.sk\/fr\/\"},{\"@type\":\"ListItem\",\"position\":2,\"name\":\"Events\",\"item\":\"https:\/\/institutfrancais.sk\/fr\/podujatie\/\"},{\"@type\":\"ListItem\",\"position\":3,\"name\":\"Designer fran\u00e7aise Wendy Andreu au festiaval Bratislava Design Week\"}]},{\"@type\":\"WebSite\",\"@id\":\"https:\/\/institutfrancais.sk\/fr\/#website\",\"url\":\"https:\/\/institutfrancais.sk\/fr\/\",\"name\":\"Franc\u00fazsky in\u0161tit\u00fat na Slovensku\",\"description\":\"Franc\u00fazsky in\u0161tit\u00fat na Slovensku\",\"potentialAction\":[{\"@type\":\"SearchAction\",\"target\":{\"@type\":\"EntryPoint\",\"urlTemplate\":\"https:\/\/institutfrancais.sk\/fr\/?s={search_term_string}\"},\"query-input\":{\"@type\":\"PropertyValueSpecification\",\"valueRequired\":true,\"valueName\":\"search_term_string\"}}],\"inLanguage\":\"fr-FR\"}]}<\/script>\n<!-- \/ Yoast SEO plugin. -->","yoast_head_json":{"title":"Designer fran\u00e7aise Wendy Andreu au festiaval Bratislava Design Week - Franc\u00fazsky in\u0161tit\u00fat na Slovensku","robots":{"index":"index","follow":"follow","max-snippet":"max-snippet:-1","max-image-preview":"max-image-preview:large","max-video-preview":"max-video-preview:-1"},"canonical":"https:\/\/institutfrancais.sk\/fr\/podujatie\/designer-francaise-wendy-andreu-au-festiaval-bratislava-design-week\/","og_locale":"fr_FR","og_type":"article","og_title":"Designer fran\u00e7aise Wendy Andreu au festiaval Bratislava Design Week - Franc\u00fazsky in\u0161tit\u00fat na Slovensku","og_description":"D\u00fb au confinement en cours, le programme du festival sera pr\u00e9sent\u00e9 en ligne sur les pages facebook et instagram du festival du 2 au 8 d\u00e9cembre 2021. La designer fran\u00e7aise donnera sa conf\u00e9rence dans le cadre du cycle Bratislava Design Week Talks du samedi 4&nbsp;d\u00e9cembre 2021 \u00e0 16h20. L&rsquo;exposition de design accompagnant le festival pr\u00e9sentant [&hellip;]","og_url":"https:\/\/institutfrancais.sk\/fr\/podujatie\/designer-francaise-wendy-andreu-au-festiaval-bratislava-design-week\/","og_site_name":"Franc\u00fazsky in\u0161tit\u00fat na Slovensku","article_modified_time":"2021-12-03T15:04:57+00:00","og_image":[{"width":1920,"height":1080,"url":"https:\/\/institutfrancais.sk\/wp-content\/uploads\/2021\/12\/BAWD-banner.jpg","type":"image\/jpeg"}],"twitter_card":"summary_large_image","twitter_misc":{"Dur\u00e9e de lecture estim\u00e9e":"1 minute"},"schema":{"@context":"https:\/\/schema.org","@graph":[{"@type":"WebPage","@id":"https:\/\/institutfrancais.sk\/fr\/podujatie\/designer-francaise-wendy-andreu-au-festiaval-bratislava-design-week\/","url":"https:\/\/institutfrancais.sk\/fr\/podujatie\/designer-francaise-wendy-andreu-au-festiaval-bratislava-design-week\/","name":"Designer fran\u00e7aise Wendy Andreu au festiaval Bratislava Design Week - Franc\u00fazsky in\u0161tit\u00fat na Slovensku","isPartOf":{"@id":"https:\/\/institutfrancais.sk\/fr\/#website"},"primaryImageOfPage":{"@id":"https:\/\/institutfrancais.sk\/fr\/podujatie\/designer-francaise-wendy-andreu-au-festiaval-bratislava-design-week\/#primaryimage"},"image":{"@id":"https:\/\/institutfrancais.sk\/fr\/podujatie\/designer-francaise-wendy-andreu-au-festiaval-bratislava-design-week\/#primaryimage"},"thumbnailUrl":"https:\/\/institutfrancais.sk\/wp-content\/uploads\/2021\/12\/BAWD-banner.jpg","datePublished":"2021-12-03T15:04:10+00:00","dateModified":"2021-12-03T15:04:57+00:00","breadcrumb":{"@id":"https:\/\/institutfrancais.sk\/fr\/podujatie\/designer-francaise-wendy-andreu-au-festiaval-bratislava-design-week\/#breadcrumb"},"inLanguage":"fr-FR","potentialAction":[{"@type":"ReadAction","target":["https:\/\/institutfrancais.sk\/fr\/podujatie\/designer-francaise-wendy-andreu-au-festiaval-bratislava-design-week\/"]}]},{"@type":"ImageObject","inLanguage":"fr-FR","@id":"https:\/\/institutfrancais.sk\/fr\/podujatie\/designer-francaise-wendy-andreu-au-festiaval-bratislava-design-week\/#primaryimage","url":"https:\/\/institutfrancais.sk\/wp-content\/uploads\/2021\/12\/BAWD-banner.jpg","contentUrl":"https:\/\/institutfrancais.sk\/wp-content\/uploads\/2021\/12\/BAWD-banner.jpg","width":1920,"height":1080},{"@type":"BreadcrumbList","@id":"https:\/\/institutfrancais.sk\/fr\/podujatie\/designer-francaise-wendy-andreu-au-festiaval-bratislava-design-week\/#breadcrumb","itemListElement":[{"@type":"ListItem","position":1,"name":"Home","item":"https:\/\/institutfrancais.sk\/fr\/"},{"@type":"ListItem","position":2,"name":"Events","item":"https:\/\/institutfrancais.sk\/fr\/podujatie\/"},{"@type":"ListItem","position":3,"name":"Designer fran\u00e7aise Wendy Andreu au festiaval Bratislava Design Week"}]},{"@type":"WebSite","@id":"https:\/\/institutfrancais.sk\/fr\/#website","url":"https:\/\/institutfrancais.sk\/fr\/","name":"Franc\u00fazsky in\u0161tit\u00fat na Slovensku","description":"Franc\u00fazsky in\u0161tit\u00fat na Slovensku","potentialAction":[{"@type":"SearchAction","target":{"@type":"EntryPoint","urlTemplate":"https:\/\/institutfrancais.sk\/fr\/?s={search_term_string}"},"query-input":{"@type":"PropertyValueSpecification","valueRequired":true,"valueName":"search_term_string"}}],"inLanguage":"fr-FR"}]}},"_links":{"self":[{"href":"https:\/\/institutfrancais.sk\/fr\/wp-json\/wp\/v2\/podujatie\/20225"}],"collection":[{"href":"https:\/\/institutfrancais.sk\/fr\/wp-json\/wp\/v2\/podujatie"}],"about":[{"href":"https:\/\/institutfrancais.sk\/fr\/wp-json\/wp\/v2\/types\/podujatie"}],"wp:featuredmedia":[{"embeddable":true,"href":"https:\/\/institutfrancais.sk\/fr\/wp-json\/wp\/v2\/media\/20223"}],"wp:attachment":[{"href":"https:\/\/institutfrancais.sk\/fr\/wp-json\/wp\/v2\/media?parent=20225"}],"wp:term":[{"taxonomy":"typ-podujatia","embeddable":true,"href":"https:\/\/institutfrancais.sk\/fr\/wp-json\/wp\/v2\/typ-podujatia?post=20225"}],"curies":[{"name":"wp","href":"https:\/\/api.w.org\/{rel}","templated":true}]}}

Designer française Wendy Andreu au festiaval Bratislava Design Week

<p>Dû au confinement en cours, le <strong>programme du festival sera présenté en ligne</strong> sur les pages facebook et instagram du festival <strong>du 2 au 8 décembre 2021. La designer française </strong>donnera sa conférence dans le cadre du cycle <strong>Bratislava Design Week Talks du samedi 4&nbsp;décembre 2021 à 16h20.</strong></p>



<p><strong>L&rsquo;exposition de design accompagnant le festival</strong> présentant les objets des designers slovaques et étrangers au programme du festival est installée dans <strong>Zoya Gallery au&nbsp;Palais Apponyi et durera</strong> <strong>jusqu&rsquo;au 23 janvier</strong>.</p>


<a href="https://www.bratislavadesignweek.sk/" class="btn" target="blank" rel="noreferrer noopener">Plus sur www.bratislavadesignweek.sk</a>

<div class="space md"></div>


<h3 class="wp-block-heading">Un mot sur la designer française</h3>



<p>Wendy Andreu étudie à l’école Boulle à Paris avant de terminer sa formation à la Design Academy d’Eindhoven aux Pays-Bas en 2016. Pendant le confinement, la créatrice, qui favorise la lenteur du travail à la main, poursuit son travail d’exploration des matériaux et des techniques. La Dragon Chair est une pièce unique, conçue à partir d’un moule en bois sur lequel la designer vient déposer la corde de façon aléatoire, et qu’elle recouvre ensuite de silicone. Cette méthode inventée par Wendy Andreu s’inscrit dans les recherches qu’elle mène dès 2014 autour du matériau imperméable Regen (“pluie” en néerlandais), et qui trouva un succès immédiat autant dans l’univers du mobilier que dans celui de la mode.</p>


<a href="https://www.wendyandreu.com" class="btn" target="blank" rel="noreferrer noopener">Site perso de la designer</a>

<div class="space md"></div>

<!-- This site is optimized with the Yoast SEO plugin v24.5 - https://yoast.com/wordpress/plugins/seo/ -->
<title>Designer française Wendy Andreu au festiaval Bratislava Design Week - Francúzsky inštitút na Slovensku</title>
<meta name="robots" content="index, follow, max-snippet:-1, max-image-preview:large, max-video-preview:-1" />
<link rel="canonical" href="https://institutfrancais.sk/fr/podujatie/designer-francaise-wendy-andreu-au-festiaval-bratislava-design-week/" />
<meta property="og:locale" content="fr_FR" />
<meta property="og:type" content="article" />
<meta property="og:title" content="Designer française Wendy Andreu au festiaval Bratislava Design Week - Francúzsky inštitút na Slovensku" />
<meta property="og:description" content="Dû au confinement en cours, le programme du festival sera présenté en ligne sur les pages facebook et instagram du festival du 2 au 8 décembre 2021. La designer française donnera sa conférence dans le cadre du cycle Bratislava Design Week Talks du samedi 4&nbsp;décembre 2021 à 16h20. L&rsquo;exposition de design accompagnant le festival présentant [&hellip;]" />
<meta property="og:url" content="https://institutfrancais.sk/fr/podujatie/designer-francaise-wendy-andreu-au-festiaval-bratislava-design-week/" />
<meta property="og:site_name" content="Francúzsky inštitút na Slovensku" />
<meta property="article:modified_time" content="2021-12-03T15:04:57+00:00" />
<meta property="og:image" content="https://institutfrancais.sk/wp-content/uploads/2021/12/BAWD-banner.jpg" />
	<meta property="og:image:width" content="1920" />
	<meta property="og:image:height" content="1080" />
	<meta property="og:image:type" content="image/jpeg" />
<meta name="twitter:card" content="summary_large_image" />
<meta name="twitter:label1" content="Durée de lecture estimée" />
	<meta name="twitter:data1" content="1 minute" />
<script type="application/ld+json" class="yoast-schema-graph">{"@context":"https://schema.org","@graph":[{"@type":"WebPage","@id":"https://institutfrancais.sk/fr/podujatie/designer-francaise-wendy-andreu-au-festiaval-bratislava-design-week/","url":"https://institutfrancais.sk/fr/podujatie/designer-francaise-wendy-andreu-au-festiaval-bratislava-design-week/","name":"Designer française Wendy Andreu au festiaval Bratislava Design Week - Francúzsky inštitút na Slovensku","isPartOf":{"@id":"https://institutfrancais.sk/fr/#website"},"primaryImageOfPage":{"@id":"https://institutfrancais.sk/fr/podujatie/designer-francaise-wendy-andreu-au-festiaval-bratislava-design-week/#primaryimage"},"image":{"@id":"https://institutfrancais.sk/fr/podujatie/designer-francaise-wendy-andreu-au-festiaval-bratislava-design-week/#primaryimage"},"thumbnailUrl":"https://institutfrancais.sk/wp-content/uploads/2021/12/BAWD-banner.jpg","datePublished":"2021-12-03T15:04:10+00:00","dateModified":"2021-12-03T15:04:57+00:00","breadcrumb":{"@id":"https://institutfrancais.sk/fr/podujatie/designer-francaise-wendy-andreu-au-festiaval-bratislava-design-week/#breadcrumb"},"inLanguage":"fr-FR","potentialAction":[{"@type":"ReadAction","target":["https://institutfrancais.sk/fr/podujatie/designer-francaise-wendy-andreu-au-festiaval-bratislava-design-week/"]}]},{"@type":"ImageObject","inLanguage":"fr-FR","@id":"https://institutfrancais.sk/fr/podujatie/designer-francaise-wendy-andreu-au-festiaval-bratislava-design-week/#primaryimage","url":"https://institutfrancais.sk/wp-content/uploads/2021/12/BAWD-banner.jpg","contentUrl":"https://institutfrancais.sk/wp-content/uploads/2021/12/BAWD-banner.jpg","width":1920,"height":1080},{"@type":"BreadcrumbList","@id":"https://institutfrancais.sk/fr/podujatie/designer-francaise-wendy-andreu-au-festiaval-bratislava-design-week/#breadcrumb","itemListElement":[{"@type":"ListItem","position":1,"name":"Home","item":"https://institutfrancais.sk/fr/"},{"@type":"ListItem","position":2,"name":"Events","item":"https://institutfrancais.sk/fr/podujatie/"},{"@type":"ListItem","position":3,"name":"Designer française Wendy Andreu au festiaval Bratislava Design Week"}]},{"@type":"WebSite","@id":"https://institutfrancais.sk/fr/#website","url":"https://institutfrancais.sk/fr/","name":"Francúzsky inštitút na Slovensku","description":"Francúzsky inštitút na Slovensku","potentialAction":[{"@type":"SearchAction","target":{"@type":"EntryPoint","urlTemplate":"https://institutfrancais.sk/fr/?s={search_term_string}"},"query-input":{"@type":"PropertyValueSpecification","valueRequired":true,"valueName":"search_term_string"}}],"inLanguage":"fr-FR"}]}</script>
<!-- / Yoast SEO plugin. -->

Designer française Wendy Andreu au festiaval Bratislava Design Week - Francúzsky inštitút na Slovensku

Dû au confinement en cours, le programme du festival sera présenté en ligne sur les pages facebook et instagram du festival du 2 au 8 décembre 2021. La designer française donnera sa conférence dans le cadre du cycle Bratislava Design Week Talks du samedi 4&nbsp;décembre 2021 à 16h20. L&rsquo;exposition de design accompagnant le festival présentant [&hellip;]

Francúzsky inštitút na Slovensku
