{"id":21067,"date":"2022-02-24T08:45:48","date_gmt":"2022-02-24T07:45:48","guid":{"rendered":"https:\/\/institutfrancais.sk\/?post_type=podujatie&#038;p=21067"},"modified":"2022-02-24T22:23:35","modified_gmt":"2022-02-24T21:23:35","slug":"sport-geopolitique-et-cultures-nationales","status":"publish","type":"podujatie","link":"https:\/\/institutfrancais.sk\/fr\/podujatie\/sport-geopolitique-et-cultures-nationales\/","title":{"rendered":"Sport, g\u00e9opolitique et cultures nationales"},"content":{"rendered":"\n<h3 class=\"wp-block-heading\"><strong>E<\/strong>n langue fran\u00e7aise avec Martin Bleyra, \u00e9tudiant \u00e0 Sciences Politiques et stagiaire \u00e0 l&rsquo;Alliance fran\u00e7aise de Bansk\u00e1 Bystrica.<\/h3>\n\n\n<\/div><iframe loading=\"lazy\" src=\"https:\/\/www.google.com\/maps\/embed?pb=!1m18!1m12!1m3!1d2631.3671012007335!2d19.146611115834016!3d48.73668391722208!2m3!1f0!2f0!3f0!3m2!1i1024!2i768!4f13.1!3m3!1m2!1s0x47153df88cab6f7d%3A0x1021091126129505!2sU%20Franc%C3%BAza%20-%20Jazz-Klub%2012!5e0!3m2!1ssk!2ssk!4v1645633423490!5m2!1ssk!2ssk\" width=\"100%\" height=\"558\" frameborder=\"0\" class=\"gmap-iframe\" allowfullscreen=\"\"><\/iframe><div class=\"wrap narrow-wrap\">\n\n\n<p><\/p>\n","protected":false},"featured_media":21367,"template":"","typ-podujatia":[53],"acf":[],"yoast_head":"<!-- This site is optimized with the Yoast SEO plugin v24.5 - https:\/\/yoast.com\/wordpress\/plugins\/seo\/ -->\n<title>Sport, g\u00e9opolitique et cultures nationales - Franc\u00fazsky in\u0161tit\u00fat na Slovensku<\/title>\n<meta name=\"robots\" content=\"index, follow, max-snippet:-1, max-image-preview:large, max-video-preview:-1\" \/>\n<link rel=\"canonical\" href=\"https:\/\/institutfrancais.sk\/fr\/podujatie\/sport-geopolitique-et-cultures-nationales\/\" \/>\n<meta property=\"og:locale\" content=\"fr_FR\" \/>\n<meta property=\"og:type\" content=\"article\" \/>\n<meta property=\"og:title\" content=\"Sport, g\u00e9opolitique et cultures nationales - Franc\u00fazsky in\u0161tit\u00fat na Slovensku\" \/>\n<meta property=\"og:description\" content=\"En langue fran\u00e7aise avec Martin Bleyra, \u00e9tudiant \u00e0 Sciences Politiques et stagiaire \u00e0 l&rsquo;Alliance fran\u00e7aise de Bansk\u00e1 Bystrica.\" \/>\n<meta property=\"og:url\" content=\"https:\/\/institutfrancais.sk\/fr\/podujatie\/sport-geopolitique-et-cultures-nationales\/\" \/>\n<meta property=\"og:site_name\" content=\"Franc\u00fazsky in\u0161tit\u00fat na Slovensku\" \/>\n<meta property=\"article:modified_time\" content=\"2022-02-24T21:23:35+00:00\" \/>\n<meta property=\"og:image\" content=\"https:\/\/institutfrancais.sk\/wp-content\/uploads\/2022\/02\/debat-1-1.png\" \/>\n\t<meta property=\"og:image:width\" content=\"1115\" \/>\n\t<meta property=\"og:image:height\" content=\"831\" \/>\n\t<meta property=\"og:image:type\" content=\"image\/png\" \/>\n<meta name=\"twitter:card\" content=\"summary_large_image\" \/>\n<meta name=\"twitter:label1\" content=\"Dur\u00e9e de lecture estim\u00e9e\" \/>\n\t<meta name=\"twitter:data1\" content=\"1 minute\" \/>\n<script type=\"application\/ld+json\" class=\"yoast-schema-graph\">{\"@context\":\"https:\/\/schema.org\",\"@graph\":[{\"@type\":\"WebPage\",\"@id\":\"https:\/\/institutfrancais.sk\/fr\/podujatie\/sport-geopolitique-et-cultures-nationales\/\",\"url\":\"https:\/\/institutfrancais.sk\/fr\/podujatie\/sport-geopolitique-et-cultures-nationales\/\",\"name\":\"Sport, g\u00e9opolitique et cultures nationales - Franc\u00fazsky in\u0161tit\u00fat na Slovensku\",\"isPartOf\":{\"@id\":\"https:\/\/institutfrancais.sk\/fr\/#website\"},\"primaryImageOfPage\":{\"@id\":\"https:\/\/institutfrancais.sk\/fr\/podujatie\/sport-geopolitique-et-cultures-nationales\/#primaryimage\"},\"image\":{\"@id\":\"https:\/\/institutfrancais.sk\/fr\/podujatie\/sport-geopolitique-et-cultures-nationales\/#primaryimage\"},\"thumbnailUrl\":\"https:\/\/institutfrancais.sk\/wp-content\/uploads\/2022\/02\/debat-1-1.png\",\"datePublished\":\"2022-02-24T07:45:48+00:00\",\"dateModified\":\"2022-02-24T21:23:35+00:00\",\"breadcrumb\":{\"@id\":\"https:\/\/institutfrancais.sk\/fr\/podujatie\/sport-geopolitique-et-cultures-nationales\/#breadcrumb\"},\"inLanguage\":\"fr-FR\",\"potentialAction\":[{\"@type\":\"ReadAction\",\"target\":[\"https:\/\/institutfrancais.sk\/fr\/podujatie\/sport-geopolitique-et-cultures-nationales\/\"]}]},{\"@type\":\"ImageObject\",\"inLanguage\":\"fr-FR\",\"@id\":\"https:\/\/institutfrancais.sk\/fr\/podujatie\/sport-geopolitique-et-cultures-nationales\/#primaryimage\",\"url\":\"https:\/\/institutfrancais.sk\/wp-content\/uploads\/2022\/02\/debat-1-1.png\",\"contentUrl\":\"https:\/\/institutfrancais.sk\/wp-content\/uploads\/2022\/02\/debat-1-1.png\",\"width\":1115,\"height\":831},{\"@type\":\"BreadcrumbList\",\"@id\":\"https:\/\/institutfrancais.sk\/fr\/podujatie\/sport-geopolitique-et-cultures-nationales\/#breadcrumb\",\"itemListElement\":[{\"@type\":\"ListItem\",\"position\":1,\"name\":\"Home\",\"item\":\"https:\/\/institutfrancais.sk\/fr\/\"},{\"@type\":\"ListItem\",\"position\":2,\"name\":\"Events\",\"item\":\"https:\/\/institutfrancais.sk\/fr\/podujatie\/\"},{\"@type\":\"ListItem\",\"position\":3,\"name\":\"Sport, g\u00e9opolitique et cultures nationales\"}]},{\"@type\":\"WebSite\",\"@id\":\"https:\/\/institutfrancais.sk\/fr\/#website\",\"url\":\"https:\/\/institutfrancais.sk\/fr\/\",\"name\":\"Franc\u00fazsky in\u0161tit\u00fat na Slovensku\",\"description\":\"Franc\u00fazsky in\u0161tit\u00fat na Slovensku\",\"potentialAction\":[{\"@type\":\"SearchAction\",\"target\":{\"@type\":\"EntryPoint\",\"urlTemplate\":\"https:\/\/institutfrancais.sk\/fr\/?s={search_term_string}\"},\"query-input\":{\"@type\":\"PropertyValueSpecification\",\"valueRequired\":true,\"valueName\":\"search_term_string\"}}],\"inLanguage\":\"fr-FR\"}]}<\/script>\n<!-- \/ Yoast SEO plugin. -->","yoast_head_json":{"title":"Sport, g\u00e9opolitique et cultures nationales - Franc\u00fazsky in\u0161tit\u00fat na Slovensku","robots":{"index":"index","follow":"follow","max-snippet":"max-snippet:-1","max-image-preview":"max-image-preview:large","max-video-preview":"max-video-preview:-1"},"canonical":"https:\/\/institutfrancais.sk\/fr\/podujatie\/sport-geopolitique-et-cultures-nationales\/","og_locale":"fr_FR","og_type":"article","og_title":"Sport, g\u00e9opolitique et cultures nationales - Franc\u00fazsky in\u0161tit\u00fat na Slovensku","og_description":"En langue fran\u00e7aise avec Martin Bleyra, \u00e9tudiant \u00e0 Sciences Politiques et stagiaire \u00e0 l&rsquo;Alliance fran\u00e7aise de Bansk\u00e1 Bystrica.","og_url":"https:\/\/institutfrancais.sk\/fr\/podujatie\/sport-geopolitique-et-cultures-nationales\/","og_site_name":"Franc\u00fazsky in\u0161tit\u00fat na Slovensku","article_modified_time":"2022-02-24T21:23:35+00:00","og_image":[{"width":1115,"height":831,"url":"https:\/\/institutfrancais.sk\/wp-content\/uploads\/2022\/02\/debat-1-1.png","type":"image\/png"}],"twitter_card":"summary_large_image","twitter_misc":{"Dur\u00e9e de lecture estim\u00e9e":"1 minute"},"schema":{"@context":"https:\/\/schema.org","@graph":[{"@type":"WebPage","@id":"https:\/\/institutfrancais.sk\/fr\/podujatie\/sport-geopolitique-et-cultures-nationales\/","url":"https:\/\/institutfrancais.sk\/fr\/podujatie\/sport-geopolitique-et-cultures-nationales\/","name":"Sport, g\u00e9opolitique et cultures nationales - Franc\u00fazsky in\u0161tit\u00fat na Slovensku","isPartOf":{"@id":"https:\/\/institutfrancais.sk\/fr\/#website"},"primaryImageOfPage":{"@id":"https:\/\/institutfrancais.sk\/fr\/podujatie\/sport-geopolitique-et-cultures-nationales\/#primaryimage"},"image":{"@id":"https:\/\/institutfrancais.sk\/fr\/podujatie\/sport-geopolitique-et-cultures-nationales\/#primaryimage"},"thumbnailUrl":"https:\/\/institutfrancais.sk\/wp-content\/uploads\/2022\/02\/debat-1-1.png","datePublished":"2022-02-24T07:45:48+00:00","dateModified":"2022-02-24T21:23:35+00:00","breadcrumb":{"@id":"https:\/\/institutfrancais.sk\/fr\/podujatie\/sport-geopolitique-et-cultures-nationales\/#breadcrumb"},"inLanguage":"fr-FR","potentialAction":[{"@type":"ReadAction","target":["https:\/\/institutfrancais.sk\/fr\/podujatie\/sport-geopolitique-et-cultures-nationales\/"]}]},{"@type":"ImageObject","inLanguage":"fr-FR","@id":"https:\/\/institutfrancais.sk\/fr\/podujatie\/sport-geopolitique-et-cultures-nationales\/#primaryimage","url":"https:\/\/institutfrancais.sk\/wp-content\/uploads\/2022\/02\/debat-1-1.png","contentUrl":"https:\/\/institutfrancais.sk\/wp-content\/uploads\/2022\/02\/debat-1-1.png","width":1115,"height":831},{"@type":"BreadcrumbList","@id":"https:\/\/institutfrancais.sk\/fr\/podujatie\/sport-geopolitique-et-cultures-nationales\/#breadcrumb","itemListElement":[{"@type":"ListItem","position":1,"name":"Home","item":"https:\/\/institutfrancais.sk\/fr\/"},{"@type":"ListItem","position":2,"name":"Events","item":"https:\/\/institutfrancais.sk\/fr\/podujatie\/"},{"@type":"ListItem","position":3,"name":"Sport, g\u00e9opolitique et cultures nationales"}]},{"@type":"WebSite","@id":"https:\/\/institutfrancais.sk\/fr\/#website","url":"https:\/\/institutfrancais.sk\/fr\/","name":"Franc\u00fazsky in\u0161tit\u00fat na Slovensku","description":"Franc\u00fazsky in\u0161tit\u00fat na Slovensku","potentialAction":[{"@type":"SearchAction","target":{"@type":"EntryPoint","urlTemplate":"https:\/\/institutfrancais.sk\/fr\/?s={search_term_string}"},"query-input":{"@type":"PropertyValueSpecification","valueRequired":true,"valueName":"search_term_string"}}],"inLanguage":"fr-FR"}]}},"_links":{"self":[{"href":"https:\/\/institutfrancais.sk\/fr\/wp-json\/wp\/v2\/podujatie\/21067"}],"collection":[{"href":"https:\/\/institutfrancais.sk\/fr\/wp-json\/wp\/v2\/podujatie"}],"about":[{"href":"https:\/\/institutfrancais.sk\/fr\/wp-json\/wp\/v2\/types\/podujatie"}],"wp:featuredmedia":[{"embeddable":true,"href":"https:\/\/institutfrancais.sk\/fr\/wp-json\/wp\/v2\/media\/21367"}],"wp:attachment":[{"href":"https:\/\/institutfrancais.sk\/fr\/wp-json\/wp\/v2\/media?parent=21067"}],"wp:term":[{"taxonomy":"typ-podujatia","embeddable":true,"href":"https:\/\/institutfrancais.sk\/fr\/wp-json\/wp\/v2\/typ-podujatia?post=21067"}],"curies":[{"name":"wp","href":"https:\/\/api.w.org\/{rel}","templated":true}]}}

Sport, géopolitique et cultures nationales

<h3 class="wp-block-heading"><strong>E</strong>n langue française avec Martin Bleyra, étudiant à Sciences Politiques et stagiaire à l&rsquo;Alliance française de Banská Bystrica.</h3>


</div><iframe loading="lazy" src="https://www.google.com/maps/embed?pb=!1m18!1m12!1m3!1d2631.3671012007335!2d19.146611115834016!3d48.73668391722208!2m3!1f0!2f0!3f0!3m2!1i1024!2i768!4f13.1!3m3!1m2!1s0x47153df88cab6f7d%3A0x1021091126129505!2sU%20Franc%C3%BAza%20-%20Jazz-Klub%2012!5e0!3m2!1ssk!2ssk!4v1645633423490!5m2!1ssk!2ssk" width="100%" height="558" frameborder="0" class="gmap-iframe" allowfullscreen=""></iframe><div class="wrap narrow-wrap">


<p></p>

<!-- This site is optimized with the Yoast SEO plugin v24.5 - https://yoast.com/wordpress/plugins/seo/ -->
<title>Sport, géopolitique et cultures nationales - Francúzsky inštitút na Slovensku</title>
<meta name="robots" content="index, follow, max-snippet:-1, max-image-preview:large, max-video-preview:-1" />
<link rel="canonical" href="https://institutfrancais.sk/fr/podujatie/sport-geopolitique-et-cultures-nationales/" />
<meta property="og:locale" content="fr_FR" />
<meta property="og:type" content="article" />
<meta property="og:title" content="Sport, géopolitique et cultures nationales - Francúzsky inštitút na Slovensku" />
<meta property="og:description" content="En langue française avec Martin Bleyra, étudiant à Sciences Politiques et stagiaire à l&rsquo;Alliance française de Banská Bystrica." />
<meta property="og:url" content="https://institutfrancais.sk/fr/podujatie/sport-geopolitique-et-cultures-nationales/" />
<meta property="og:site_name" content="Francúzsky inštitút na Slovensku" />
<meta property="article:modified_time" content="2022-02-24T21:23:35+00:00" />
<meta property="og:image" content="https://institutfrancais.sk/wp-content/uploads/2022/02/debat-1-1.png" />
	<meta property="og:image:width" content="1115" />
	<meta property="og:image:height" content="831" />
	<meta property="og:image:type" content="image/png" />
<meta name="twitter:card" content="summary_large_image" />
<meta name="twitter:label1" content="Durée de lecture estimée" />
	<meta name="twitter:data1" content="1 minute" />
<script type="application/ld+json" class="yoast-schema-graph">{"@context":"https://schema.org","@graph":[{"@type":"WebPage","@id":"https://institutfrancais.sk/fr/podujatie/sport-geopolitique-et-cultures-nationales/","url":"https://institutfrancais.sk/fr/podujatie/sport-geopolitique-et-cultures-nationales/","name":"Sport, géopolitique et cultures nationales - Francúzsky inštitút na Slovensku","isPartOf":{"@id":"https://institutfrancais.sk/fr/#website"},"primaryImageOfPage":{"@id":"https://institutfrancais.sk/fr/podujatie/sport-geopolitique-et-cultures-nationales/#primaryimage"},"image":{"@id":"https://institutfrancais.sk/fr/podujatie/sport-geopolitique-et-cultures-nationales/#primaryimage"},"thumbnailUrl":"https://institutfrancais.sk/wp-content/uploads/2022/02/debat-1-1.png","datePublished":"2022-02-24T07:45:48+00:00","dateModified":"2022-02-24T21:23:35+00:00","breadcrumb":{"@id":"https://institutfrancais.sk/fr/podujatie/sport-geopolitique-et-cultures-nationales/#breadcrumb"},"inLanguage":"fr-FR","potentialAction":[{"@type":"ReadAction","target":["https://institutfrancais.sk/fr/podujatie/sport-geopolitique-et-cultures-nationales/"]}]},{"@type":"ImageObject","inLanguage":"fr-FR","@id":"https://institutfrancais.sk/fr/podujatie/sport-geopolitique-et-cultures-nationales/#primaryimage","url":"https://institutfrancais.sk/wp-content/uploads/2022/02/debat-1-1.png","contentUrl":"https://institutfrancais.sk/wp-content/uploads/2022/02/debat-1-1.png","width":1115,"height":831},{"@type":"BreadcrumbList","@id":"https://institutfrancais.sk/fr/podujatie/sport-geopolitique-et-cultures-nationales/#breadcrumb","itemListElement":[{"@type":"ListItem","position":1,"name":"Home","item":"https://institutfrancais.sk/fr/"},{"@type":"ListItem","position":2,"name":"Events","item":"https://institutfrancais.sk/fr/podujatie/"},{"@type":"ListItem","position":3,"name":"Sport, géopolitique et cultures nationales"}]},{"@type":"WebSite","@id":"https://institutfrancais.sk/fr/#website","url":"https://institutfrancais.sk/fr/","name":"Francúzsky inštitút na Slovensku","description":"Francúzsky inštitút na Slovensku","potentialAction":[{"@type":"SearchAction","target":{"@type":"EntryPoint","urlTemplate":"https://institutfrancais.sk/fr/?s={search_term_string}"},"query-input":{"@type":"PropertyValueSpecification","valueRequired":true,"valueName":"search_term_string"}}],"inLanguage":"fr-FR"}]}</script>
<!-- / Yoast SEO plugin. -->

Sport, géopolitique et cultures nationales - Francúzsky inštitút na Slovensku

En langue française avec Martin Bleyra, étudiant à Sciences Politiques et stagiaire à l&rsquo;Alliance française de Banská Bystrica.

Francúzsky inštitút na Slovensku
