{"id":21830,"date":"2022-03-10T16:21:33","date_gmt":"2022-03-10T15:21:33","guid":{"rendered":"https:\/\/institutfrancais.sk\/?post_type=podujatie&#038;p=21830"},"modified":"2022-03-24T15:33:34","modified_gmt":"2022-03-24T14:33:34","slug":"william-ritter-le-corbusier-images-des-paysages","status":"publish","type":"podujatie","link":"https:\/\/institutfrancais.sk\/fr\/podujatie\/william-ritter-le-corbusier-images-des-paysages\/","title":{"rendered":"William Ritter, Le Corbusier : Images des paysages"},"content":{"rendered":"\n<p><em>Cette\u00a0exposition pr\u00e9sente des dessins et photographies de <strong>William Ritter <\/strong>et de <strong>Le Corbusier<\/strong> dans une relation \u00e9troite avec les projets et les r\u00e9alisations de l\u2019architecte franco-suisse. Si l\u2019\u0153uvre de le Corbusier est une r\u00e9f\u00e9rence fondamentale pour des architectes tch\u00e8ques et slovaques, celle de Ritter reste peu connue.\u00a0<\/em><\/p>\n\n\n<div class=\"space sm\"><\/div>\n\n\n<figure class=\"wp-block-image size-large is-style-default\"><img loading=\"lazy\" decoding=\"async\" width=\"1024\" height=\"659\" src=\"https:\/\/institutfrancais.sk\/wp-content\/uploads\/2022\/03\/Image_LeCorbusier-1024x659.jpg\" alt=\"\" class=\"wp-image-21833\" srcset=\"https:\/\/institutfrancais.sk\/wp-content\/uploads\/2022\/03\/Image_LeCorbusier-1024x659.jpg 1024w, https:\/\/institutfrancais.sk\/wp-content\/uploads\/2022\/03\/Image_LeCorbusier-300x193.jpg 300w, https:\/\/institutfrancais.sk\/wp-content\/uploads\/2022\/03\/Image_LeCorbusier-768x494.jpg 768w, https:\/\/institutfrancais.sk\/wp-content\/uploads\/2022\/03\/Image_LeCorbusier-1536x989.jpg 1536w, https:\/\/institutfrancais.sk\/wp-content\/uploads\/2022\/03\/Image_LeCorbusier-1190x766.jpg 1190w, https:\/\/institutfrancais.sk\/wp-content\/uploads\/2022\/03\/Image_LeCorbusier-1553x1000.jpg 1553w, https:\/\/institutfrancais.sk\/wp-content\/uploads\/2022\/03\/Image_LeCorbusier.jpg 1808w\" sizes=\"(max-width: 1024px) 100vw, 1024px\" \/><\/figure>\n\n\n<div class=\"space sm\"><\/div>\n\n\n<p>En 1903, l\u2019\u00e9crivain suisse <strong>William<\/strong> <strong>Ritter <\/strong>visite la r\u00e9gion de Myjava (\u00e0 l\u2019Ouest du pays slovaque) qui lui apparait comme une r\u00e9v\u00e9lation. Ritter incite Charles-\u00c9douard Jeanneret, futur Le Corbusier, \u00e0 la p\u00e9rambulation tout en le guidant dans la tenue de son journal de son voyage.<\/p>\n\n\n\n<p>Le rapport du b\u00e2ti au paysage comme un \u00ab&nbsp;ensemble de lignes&nbsp;\u00bb laisse appara\u00eetre le lien nou\u00e9 entre habitant et habitat. M\u00eame transform\u00e9e par les ruptures modernes, cette r\u00e9flexion garde son r\u00f4le initiatique dans la pens\u00e9e de la ville et de son rapport \u00e0 la nature.<\/p>\n\n\n\n<p>Le Corbusier nous permet de penser l\u2019image d\u2019un paysage s\u2019ouvrant sur une nouvelle conception de l\u2019urbanisme. La recherche d\u2019\u00e9quilibre entre ville et campagne s\u2019y av\u00e8re centrale. Du dessin \u00e0 la photographie, de l\u2019\u00e9crit \u00e0 la cartographie, le projet mobilise toutes sortes d\u2019outils.<\/p>\n\n\n<div class=\"space sm\"><\/div>\n\n\n<h2 class=\"wp-block-heading\">Le vernissage aura lieu jeudi 24 mars \u00e0 17h. Entr\u00e9e libre. <\/h2>\n\n\n<div class=\"space sm\"><\/div>\n\n<\/div><iframe loading=\"lazy\" src=\"https:\/\/www.google.com\/maps\/embed?pb=!1m18!1m12!1m3!1d2662.3313226231835!2d17.105507015818322!3d48.14241735880246!2m3!1f0!2f0!3f0!3m2!1i1024!2i768!4f13.1!3m3!1m2!1s0x476c8942b819e0c7%3A0xe7a64e13f2e2772d!2sSpolok%20architektov%20Slovenska!5e0!3m2!1ssk!2ssk!4v1647608635900!5m2!1ssk!2ssk\" width=\"100%\" height=\"558\" frameborder=\"0\" class=\"gmap-iframe\" allowfullscreen=\"\"><\/iframe><div class=\"wrap narrow-wrap\">","protected":false},"featured_media":21831,"template":"","typ-podujatia":[],"acf":[],"yoast_head":"<!-- This site is optimized with the Yoast SEO plugin v24.5 - https:\/\/yoast.com\/wordpress\/plugins\/seo\/ -->\n<title>William Ritter, Le Corbusier : Images des paysages - Franc\u00fazsky in\u0161tit\u00fat na Slovensku<\/title>\n<meta name=\"description\" content=\"L&#039;exposition pr\u00e9sente des dessins et photographies de William Ritter et de Le Corbusier dans une relation \u00e9troite avec les r\u00e9alisations de l\u2019architecte.\" \/>\n<meta name=\"robots\" content=\"index, follow, max-snippet:-1, max-image-preview:large, max-video-preview:-1\" \/>\n<link rel=\"canonical\" href=\"https:\/\/institutfrancais.sk\/fr\/podujatie\/william-ritter-le-corbusier-images-des-paysages\/\" \/>\n<meta property=\"og:locale\" content=\"fr_FR\" \/>\n<meta property=\"og:type\" content=\"article\" \/>\n<meta property=\"og:title\" content=\"William Ritter, Le Corbusier : Images des paysages - Franc\u00fazsky in\u0161tit\u00fat na Slovensku\" \/>\n<meta property=\"og:description\" content=\"L&#039;exposition pr\u00e9sente des dessins et photographies de William Ritter et de Le Corbusier dans une relation \u00e9troite avec les r\u00e9alisations de l\u2019architecte.\" \/>\n<meta property=\"og:url\" content=\"https:\/\/institutfrancais.sk\/fr\/podujatie\/william-ritter-le-corbusier-images-des-paysages\/\" \/>\n<meta property=\"og:site_name\" content=\"Franc\u00fazsky in\u0161tit\u00fat na Slovensku\" \/>\n<meta property=\"article:modified_time\" content=\"2022-03-24T14:33:34+00:00\" \/>\n<meta property=\"og:image\" content=\"https:\/\/institutfrancais.sk\/wp-content\/uploads\/2022\/03\/Image_Ritter.jpg\" \/>\n\t<meta property=\"og:image:width\" content=\"510\" \/>\n\t<meta property=\"og:image:height\" content=\"374\" \/>\n\t<meta property=\"og:image:type\" content=\"image\/jpeg\" \/>\n<meta name=\"twitter:card\" content=\"summary_large_image\" \/>\n<meta name=\"twitter:label1\" content=\"Dur\u00e9e de lecture estim\u00e9e\" \/>\n\t<meta name=\"twitter:data1\" content=\"2 minutes\" \/>\n<script type=\"application\/ld+json\" class=\"yoast-schema-graph\">{\"@context\":\"https:\/\/schema.org\",\"@graph\":[{\"@type\":\"WebPage\",\"@id\":\"https:\/\/institutfrancais.sk\/fr\/podujatie\/william-ritter-le-corbusier-images-des-paysages\/\",\"url\":\"https:\/\/institutfrancais.sk\/fr\/podujatie\/william-ritter-le-corbusier-images-des-paysages\/\",\"name\":\"William Ritter, Le Corbusier : Images des paysages - Franc\u00fazsky in\u0161tit\u00fat na Slovensku\",\"isPartOf\":{\"@id\":\"https:\/\/institutfrancais.sk\/fr\/#website\"},\"primaryImageOfPage\":{\"@id\":\"https:\/\/institutfrancais.sk\/fr\/podujatie\/william-ritter-le-corbusier-images-des-paysages\/#primaryimage\"},\"image\":{\"@id\":\"https:\/\/institutfrancais.sk\/fr\/podujatie\/william-ritter-le-corbusier-images-des-paysages\/#primaryimage\"},\"thumbnailUrl\":\"https:\/\/institutfrancais.sk\/wp-content\/uploads\/2022\/03\/Image_Ritter.jpg\",\"datePublished\":\"2022-03-10T15:21:33+00:00\",\"dateModified\":\"2022-03-24T14:33:34+00:00\",\"description\":\"L'exposition pr\u00e9sente des dessins et photographies de William Ritter et de Le Corbusier dans une relation \u00e9troite avec les r\u00e9alisations de l\u2019architecte.\",\"breadcrumb\":{\"@id\":\"https:\/\/institutfrancais.sk\/fr\/podujatie\/william-ritter-le-corbusier-images-des-paysages\/#breadcrumb\"},\"inLanguage\":\"fr-FR\",\"potentialAction\":[{\"@type\":\"ReadAction\",\"target\":[\"https:\/\/institutfrancais.sk\/fr\/podujatie\/william-ritter-le-corbusier-images-des-paysages\/\"]}]},{\"@type\":\"ImageObject\",\"inLanguage\":\"fr-FR\",\"@id\":\"https:\/\/institutfrancais.sk\/fr\/podujatie\/william-ritter-le-corbusier-images-des-paysages\/#primaryimage\",\"url\":\"https:\/\/institutfrancais.sk\/wp-content\/uploads\/2022\/03\/Image_Ritter.jpg\",\"contentUrl\":\"https:\/\/institutfrancais.sk\/wp-content\/uploads\/2022\/03\/Image_Ritter.jpg\",\"width\":510,\"height\":374},{\"@type\":\"BreadcrumbList\",\"@id\":\"https:\/\/institutfrancais.sk\/fr\/podujatie\/william-ritter-le-corbusier-images-des-paysages\/#breadcrumb\",\"itemListElement\":[{\"@type\":\"ListItem\",\"position\":1,\"name\":\"Home\",\"item\":\"https:\/\/institutfrancais.sk\/fr\/\"},{\"@type\":\"ListItem\",\"position\":2,\"name\":\"Events\",\"item\":\"https:\/\/institutfrancais.sk\/fr\/podujatie\/\"},{\"@type\":\"ListItem\",\"position\":3,\"name\":\"William Ritter, Le Corbusier : Images des paysages\"}]},{\"@type\":\"WebSite\",\"@id\":\"https:\/\/institutfrancais.sk\/fr\/#website\",\"url\":\"https:\/\/institutfrancais.sk\/fr\/\",\"name\":\"Franc\u00fazsky in\u0161tit\u00fat na Slovensku\",\"description\":\"Franc\u00fazsky in\u0161tit\u00fat na Slovensku\",\"potentialAction\":[{\"@type\":\"SearchAction\",\"target\":{\"@type\":\"EntryPoint\",\"urlTemplate\":\"https:\/\/institutfrancais.sk\/fr\/?s={search_term_string}\"},\"query-input\":{\"@type\":\"PropertyValueSpecification\",\"valueRequired\":true,\"valueName\":\"search_term_string\"}}],\"inLanguage\":\"fr-FR\"}]}<\/script>\n<!-- \/ Yoast SEO plugin. -->","yoast_head_json":{"title":"William Ritter, Le Corbusier : Images des paysages - Franc\u00fazsky in\u0161tit\u00fat na Slovensku","description":"L'exposition pr\u00e9sente des dessins et photographies de William Ritter et de Le Corbusier dans une relation \u00e9troite avec les r\u00e9alisations de l\u2019architecte.","robots":{"index":"index","follow":"follow","max-snippet":"max-snippet:-1","max-image-preview":"max-image-preview:large","max-video-preview":"max-video-preview:-1"},"canonical":"https:\/\/institutfrancais.sk\/fr\/podujatie\/william-ritter-le-corbusier-images-des-paysages\/","og_locale":"fr_FR","og_type":"article","og_title":"William Ritter, Le Corbusier : Images des paysages - Franc\u00fazsky in\u0161tit\u00fat na Slovensku","og_description":"L'exposition pr\u00e9sente des dessins et photographies de William Ritter et de Le Corbusier dans une relation \u00e9troite avec les r\u00e9alisations de l\u2019architecte.","og_url":"https:\/\/institutfrancais.sk\/fr\/podujatie\/william-ritter-le-corbusier-images-des-paysages\/","og_site_name":"Franc\u00fazsky in\u0161tit\u00fat na Slovensku","article_modified_time":"2022-03-24T14:33:34+00:00","og_image":[{"width":510,"height":374,"url":"https:\/\/institutfrancais.sk\/wp-content\/uploads\/2022\/03\/Image_Ritter.jpg","type":"image\/jpeg"}],"twitter_card":"summary_large_image","twitter_misc":{"Dur\u00e9e de lecture estim\u00e9e":"2 minutes"},"schema":{"@context":"https:\/\/schema.org","@graph":[{"@type":"WebPage","@id":"https:\/\/institutfrancais.sk\/fr\/podujatie\/william-ritter-le-corbusier-images-des-paysages\/","url":"https:\/\/institutfrancais.sk\/fr\/podujatie\/william-ritter-le-corbusier-images-des-paysages\/","name":"William Ritter, Le Corbusier : Images des paysages - Franc\u00fazsky in\u0161tit\u00fat na Slovensku","isPartOf":{"@id":"https:\/\/institutfrancais.sk\/fr\/#website"},"primaryImageOfPage":{"@id":"https:\/\/institutfrancais.sk\/fr\/podujatie\/william-ritter-le-corbusier-images-des-paysages\/#primaryimage"},"image":{"@id":"https:\/\/institutfrancais.sk\/fr\/podujatie\/william-ritter-le-corbusier-images-des-paysages\/#primaryimage"},"thumbnailUrl":"https:\/\/institutfrancais.sk\/wp-content\/uploads\/2022\/03\/Image_Ritter.jpg","datePublished":"2022-03-10T15:21:33+00:00","dateModified":"2022-03-24T14:33:34+00:00","description":"L'exposition pr\u00e9sente des dessins et photographies de William Ritter et de Le Corbusier dans une relation \u00e9troite avec les r\u00e9alisations de l\u2019architecte.","breadcrumb":{"@id":"https:\/\/institutfrancais.sk\/fr\/podujatie\/william-ritter-le-corbusier-images-des-paysages\/#breadcrumb"},"inLanguage":"fr-FR","potentialAction":[{"@type":"ReadAction","target":["https:\/\/institutfrancais.sk\/fr\/podujatie\/william-ritter-le-corbusier-images-des-paysages\/"]}]},{"@type":"ImageObject","inLanguage":"fr-FR","@id":"https:\/\/institutfrancais.sk\/fr\/podujatie\/william-ritter-le-corbusier-images-des-paysages\/#primaryimage","url":"https:\/\/institutfrancais.sk\/wp-content\/uploads\/2022\/03\/Image_Ritter.jpg","contentUrl":"https:\/\/institutfrancais.sk\/wp-content\/uploads\/2022\/03\/Image_Ritter.jpg","width":510,"height":374},{"@type":"BreadcrumbList","@id":"https:\/\/institutfrancais.sk\/fr\/podujatie\/william-ritter-le-corbusier-images-des-paysages\/#breadcrumb","itemListElement":[{"@type":"ListItem","position":1,"name":"Home","item":"https:\/\/institutfrancais.sk\/fr\/"},{"@type":"ListItem","position":2,"name":"Events","item":"https:\/\/institutfrancais.sk\/fr\/podujatie\/"},{"@type":"ListItem","position":3,"name":"William Ritter, Le Corbusier : Images des paysages"}]},{"@type":"WebSite","@id":"https:\/\/institutfrancais.sk\/fr\/#website","url":"https:\/\/institutfrancais.sk\/fr\/","name":"Franc\u00fazsky in\u0161tit\u00fat na Slovensku","description":"Franc\u00fazsky in\u0161tit\u00fat na Slovensku","potentialAction":[{"@type":"SearchAction","target":{"@type":"EntryPoint","urlTemplate":"https:\/\/institutfrancais.sk\/fr\/?s={search_term_string}"},"query-input":{"@type":"PropertyValueSpecification","valueRequired":true,"valueName":"search_term_string"}}],"inLanguage":"fr-FR"}]}},"_links":{"self":[{"href":"https:\/\/institutfrancais.sk\/fr\/wp-json\/wp\/v2\/podujatie\/21830"}],"collection":[{"href":"https:\/\/institutfrancais.sk\/fr\/wp-json\/wp\/v2\/podujatie"}],"about":[{"href":"https:\/\/institutfrancais.sk\/fr\/wp-json\/wp\/v2\/types\/podujatie"}],"wp:featuredmedia":[{"embeddable":true,"href":"https:\/\/institutfrancais.sk\/fr\/wp-json\/wp\/v2\/media\/21831"}],"wp:attachment":[{"href":"https:\/\/institutfrancais.sk\/fr\/wp-json\/wp\/v2\/media?parent=21830"}],"wp:term":[{"taxonomy":"typ-podujatia","embeddable":true,"href":"https:\/\/institutfrancais.sk\/fr\/wp-json\/wp\/v2\/typ-podujatia?post=21830"}],"curies":[{"name":"wp","href":"https:\/\/api.w.org\/{rel}","templated":true}]}}

<p><em>Cette exposition présente des dessins et photographies de <strong>William Ritter </strong>et de <strong>Le Corbusier</strong> dans une relation étroite avec les projets et les réalisations de l’architecte franco-suisse. Si l’œuvre de le Corbusier est une référence fondamentale pour des architectes tchèques et slovaques, celle de Ritter reste peu connue. </em></p>


<div class="space sm"></div>


<figure class="wp-block-image size-large is-style-default"><img loading="lazy" decoding="async" width="1024" height="659" src="https://institutfrancais.sk/wp-content/uploads/2022/03/Image_LeCorbusier-1024x659.jpg" alt="" class="wp-image-21833" srcset="https://institutfrancais.sk/wp-content/uploads/2022/03/Image_LeCorbusier-1024x659.jpg 1024w, https://institutfrancais.sk/wp-content/uploads/2022/03/Image_LeCorbusier-300x193.jpg 300w, https://institutfrancais.sk/wp-content/uploads/2022/03/Image_LeCorbusier-768x494.jpg 768w, https://institutfrancais.sk/wp-content/uploads/2022/03/Image_LeCorbusier-1536x989.jpg 1536w, https://institutfrancais.sk/wp-content/uploads/2022/03/Image_LeCorbusier-1190x766.jpg 1190w, https://institutfrancais.sk/wp-content/uploads/2022/03/Image_LeCorbusier-1553x1000.jpg 1553w, https://institutfrancais.sk/wp-content/uploads/2022/03/Image_LeCorbusier.jpg 1808w" sizes="(max-width: 1024px) 100vw, 1024px" /></figure>


<div class="space sm"></div>


<p>En 1903, l’écrivain suisse <strong>William</strong> <strong>Ritter </strong>visite la région de Myjava (à l’Ouest du pays slovaque) qui lui apparait comme une révélation. Ritter incite Charles-Édouard Jeanneret, futur Le Corbusier, à la pérambulation tout en le guidant dans la tenue de son journal de son voyage.</p>



<p>Le rapport du bâti au paysage comme un «&nbsp;ensemble de lignes&nbsp;» laisse apparaître le lien noué entre habitant et habitat. Même transformée par les ruptures modernes, cette réflexion garde son rôle initiatique dans la pensée de la ville et de son rapport à la nature.</p>



<p>Le Corbusier nous permet de penser l’image d’un paysage s’ouvrant sur une nouvelle conception de l’urbanisme. La recherche d’équilibre entre ville et campagne s’y avère centrale. Du dessin à la photographie, de l’écrit à la cartographie, le projet mobilise toutes sortes d’outils.</p>


<div class="space sm"></div>


<h2 class="wp-block-heading">Le vernissage aura lieu jeudi 24 mars à 17h. Entrée libre. </h2>


<div class="space sm"></div>

</div><iframe loading="lazy" src="https://www.google.com/maps/embed?pb=!1m18!1m12!1m3!1d2662.3313226231835!2d17.105507015818322!3d48.14241735880246!2m3!1f0!2f0!3f0!3m2!1i1024!2i768!4f13.1!3m3!1m2!1s0x476c8942b819e0c7%3A0xe7a64e13f2e2772d!2sSpolok%20architektov%20Slovenska!5e0!3m2!1ssk!2ssk!4v1647608635900!5m2!1ssk!2ssk" width="100%" height="558" frameborder="0" class="gmap-iframe" allowfullscreen=""></iframe><div class="wrap narrow-wrap">

<!-- This site is optimized with the Yoast SEO plugin v24.5 - https://yoast.com/wordpress/plugins/seo/ -->
<title>William Ritter, Le Corbusier : Images des paysages - Francúzsky inštitút na Slovensku</title>
<meta name="description" content="L&#039;exposition présente des dessins et photographies de William Ritter et de Le Corbusier dans une relation étroite avec les réalisations de l’architecte." />
<meta name="robots" content="index, follow, max-snippet:-1, max-image-preview:large, max-video-preview:-1" />
<link rel="canonical" href="https://institutfrancais.sk/fr/podujatie/william-ritter-le-corbusier-images-des-paysages/" />
<meta property="og:locale" content="fr_FR" />
<meta property="og:type" content="article" />
<meta property="og:title" content="William Ritter, Le Corbusier : Images des paysages - Francúzsky inštitút na Slovensku" />
<meta property="og:description" content="L&#039;exposition présente des dessins et photographies de William Ritter et de Le Corbusier dans une relation étroite avec les réalisations de l’architecte." />
<meta property="og:url" content="https://institutfrancais.sk/fr/podujatie/william-ritter-le-corbusier-images-des-paysages/" />
<meta property="og:site_name" content="Francúzsky inštitút na Slovensku" />
<meta property="article:modified_time" content="2022-03-24T14:33:34+00:00" />
<meta property="og:image" content="https://institutfrancais.sk/wp-content/uploads/2022/03/Image_Ritter.jpg" />
	<meta property="og:image:width" content="510" />
	<meta property="og:image:height" content="374" />
	<meta property="og:image:type" content="image/jpeg" />
<meta name="twitter:card" content="summary_large_image" />
<meta name="twitter:label1" content="Durée de lecture estimée" />
	<meta name="twitter:data1" content="2 minutes" />
<script type="application/ld+json" class="yoast-schema-graph">{"@context":"https://schema.org","@graph":[{"@type":"WebPage","@id":"https://institutfrancais.sk/fr/podujatie/william-ritter-le-corbusier-images-des-paysages/","url":"https://institutfrancais.sk/fr/podujatie/william-ritter-le-corbusier-images-des-paysages/","name":"William Ritter, Le Corbusier : Images des paysages - Francúzsky inštitút na Slovensku","isPartOf":{"@id":"https://institutfrancais.sk/fr/#website"},"primaryImageOfPage":{"@id":"https://institutfrancais.sk/fr/podujatie/william-ritter-le-corbusier-images-des-paysages/#primaryimage"},"image":{"@id":"https://institutfrancais.sk/fr/podujatie/william-ritter-le-corbusier-images-des-paysages/#primaryimage"},"thumbnailUrl":"https://institutfrancais.sk/wp-content/uploads/2022/03/Image_Ritter.jpg","datePublished":"2022-03-10T15:21:33+00:00","dateModified":"2022-03-24T14:33:34+00:00","description":"L'exposition présente des dessins et photographies de William Ritter et de Le Corbusier dans une relation étroite avec les réalisations de l’architecte.","breadcrumb":{"@id":"https://institutfrancais.sk/fr/podujatie/william-ritter-le-corbusier-images-des-paysages/#breadcrumb"},"inLanguage":"fr-FR","potentialAction":[{"@type":"ReadAction","target":["https://institutfrancais.sk/fr/podujatie/william-ritter-le-corbusier-images-des-paysages/"]}]},{"@type":"ImageObject","inLanguage":"fr-FR","@id":"https://institutfrancais.sk/fr/podujatie/william-ritter-le-corbusier-images-des-paysages/#primaryimage","url":"https://institutfrancais.sk/wp-content/uploads/2022/03/Image_Ritter.jpg","contentUrl":"https://institutfrancais.sk/wp-content/uploads/2022/03/Image_Ritter.jpg","width":510,"height":374},{"@type":"BreadcrumbList","@id":"https://institutfrancais.sk/fr/podujatie/william-ritter-le-corbusier-images-des-paysages/#breadcrumb","itemListElement":[{"@type":"ListItem","position":1,"name":"Home","item":"https://institutfrancais.sk/fr/"},{"@type":"ListItem","position":2,"name":"Events","item":"https://institutfrancais.sk/fr/podujatie/"},{"@type":"ListItem","position":3,"name":"William Ritter, Le Corbusier : Images des paysages"}]},{"@type":"WebSite","@id":"https://institutfrancais.sk/fr/#website","url":"https://institutfrancais.sk/fr/","name":"Francúzsky inštitút na Slovensku","description":"Francúzsky inštitút na Slovensku","potentialAction":[{"@type":"SearchAction","target":{"@type":"EntryPoint","urlTemplate":"https://institutfrancais.sk/fr/?s={search_term_string}"},"query-input":{"@type":"PropertyValueSpecification","valueRequired":true,"valueName":"search_term_string"}}],"inLanguage":"fr-FR"}]}</script>
<!-- / Yoast SEO plugin. -->

William Ritter, Le Corbusier : Images des paysages - Francúzsky inštitút na Slovensku

L'exposition présente des dessins et photographies de William Ritter et de Le Corbusier dans une relation étroite avec les réalisations de l’architecte.

Francúzsky inštitút na Slovensku
