{"id":24390,"date":"2022-11-07T14:03:11","date_gmt":"2022-11-07T13:03:11","guid":{"rendered":"https:\/\/institutfrancais.sk\/?post_type=podujatie&#038;p=24390"},"modified":"2022-11-08T09:19:09","modified_gmt":"2022-11-08T08:19:09","slug":"films-francais-au-festival-jeden-svet-2022","status":"publish","type":"podujatie","link":"https:\/\/institutfrancais.sk\/fr\/podujatie\/films-francais-au-festival-jeden-svet-2022\/","title":{"rendered":"Films fran\u00e7ais au festival Jeden svet 2022"},"content":{"rendered":"\n<h3 class=\"wp-block-heading\">T&rsquo;es pas folle<\/h3>\n\n\n\n<p> <em>T\u02bces pas folle \/ Jeanne Susplugas \/ France \/ 2020 \/ 12 min. \/ fran\u00e7ais<\/em> <\/p>\n\n\n\n<p>Des marionnettes \u00e9changent au sein d\u2019un groupe de parole sur les violences conjugales et intrafamiliales pour sortir de l\u2019emprise et du cycle de la violence . Les victimes manipul\u00e9es, sont comme des marionnettes. A&nbsp;travers leur discussion, elles \u00e9voquent particuli\u00e8rement la double peine, celle de la justice qui l\u00e9gitime la violence.<\/p>\n\n\n\n<p><em>La projection du film est organis\u00e9e en collaboration avec l&rsquo;association Culture Kontakt et aura lieu dans le cadre de la soir\u00e9e de courts m\u00e9trages Jeden svet v&nbsp;kr\u00e1tkosti (Un monde en court).<\/em> <em>Sera suivi d&rsquo;une courte discussion en ligne avec l&rsquo;artiste.<\/em><\/p>\n\n\n\n<p><strong><em>Mardi<\/em><\/strong><em><strong> 8 novembre 2022 \u00e0 20h, A4 &#8211;&nbsp;Espace de culture contemporaine<\/strong><\/em><strong><em>, Bratislava<\/em><\/strong><\/p>\n\n\n\n<p><strong>Plus sur\u00a0<a href=\"https:\/\/www.susplugas.com\/post\/656240184210374656\/tes-pas-folle-2020-12-mn-ce-court-m%C3%A9trage-a\" target=\"_blank\" rel=\"noreferrer noopener\">www.susplugas.com<\/a><\/strong><\/p>\n\n\n\n<p>Co-organisateur de la projection:<\/p>\n\n\n\n<figure class=\"wp-block-image size-full\"><img loading=\"lazy\" decoding=\"async\" width=\"167\" height=\"68\" src=\"https:\/\/institutfrancais.sk\/wp-content\/uploads\/2022\/11\/Logo-CK-1.jpg\" alt=\"\" class=\"wp-image-24396\"\/><\/figure>\n\n\n<div class=\"space md\"><\/div>\n\n\n<h3 class=\"wp-block-heading\">Tous les films fran\u00e7ais dans le programme<\/h3>\n\n\n\n<ul><li><em>T\u2019es pas folle <\/em>(2020) de Jeanne Susplugas, France <a href=\"https:\/\/www.jedensvet.sk\/en\/filmy\/one-world-in-brief\/\" target=\"_blank\" rel=\"noreferrer noopener\">plus<\/a> ;<\/li><li><em>A.I. at War <\/em>(2021) de Florent Marcie, France, Irak, Syrie, Malaisie <a href=\"https:\/\/www.jedensvet.sk\/en\/filmy\/ai-at-war\/\" target=\"_blank\" rel=\"noreferrer noopener\">plus<\/a><\/li><li><em>Projet cartel&nbsp;: Mexique, le silence ou la mort <\/em>(2021) de Jules Giraudat, France <a href=\"https:\/\/www.jedensvet.sk\/en\/filmy\/the-cartel-project\/\" target=\"_blank\" rel=\"noreferrer noopener\">plus<\/a><\/li><li><em>Bigger Than Us <\/em>(2021) de Flore Vasseur, France <a href=\"https:\/\/www.jedensvet.sk\/en\/filmy\/bigger-than-us\/\" target=\"_blank\" rel=\"noreferrer noopener\">plus <\/a>;<\/li><li><em>Aya <\/em>(2021) de Simon Coulibaly Gillard, Belgique, France <a href=\"https:\/\/www.jedensvet.sk\/en\/filmy\/aya\/\" target=\"_blank\" rel=\"noreferrer noopener\">plus<\/a> ;<\/li><li><em>As I&nbsp;Want <\/em>(2021) de Samaher Alqadi, \u00c9gypte, France, Norv\u00e8ge, Palestine, Allemagne <a href=\"https:\/\/www.jedensvet.sk\/en\/filmy\/as-i-want\/\" target=\"_blank\" rel=\"noreferrer noopener\">plus<\/a><\/li><\/ul>\n\n\n\n<p><strong>Plus sur : <a href=\"https:\/\/www.jedensvet.sk\">https:\/\/www.jedensvet.sk<\/a><\/strong><\/p>\n\n\n<div class=\"space md\"><\/div>","protected":false},"featured_media":24389,"template":"","typ-podujatia":[52],"acf":[],"yoast_head":"<!-- This site is optimized with the Yoast SEO plugin v24.5 - https:\/\/yoast.com\/wordpress\/plugins\/seo\/ -->\n<title>Films fran\u00e7ais au festival Jeden svet 2022 - Franc\u00fazsky in\u0161tit\u00fat na Slovensku<\/title>\n<meta name=\"description\" content=\"Films fran\u00e7ais au festival Jeden svet 2022\" \/>\n<meta name=\"robots\" content=\"index, follow, max-snippet:-1, max-image-preview:large, max-video-preview:-1\" \/>\n<link rel=\"canonical\" href=\"https:\/\/institutfrancais.sk\/fr\/podujatie\/films-francais-au-festival-jeden-svet-2022\/\" \/>\n<meta property=\"og:locale\" content=\"fr_FR\" \/>\n<meta property=\"og:type\" content=\"article\" \/>\n<meta property=\"og:title\" content=\"Films fran\u00e7ais au festival Jeden svet 2022 - Franc\u00fazsky in\u0161tit\u00fat na Slovensku\" \/>\n<meta property=\"og:description\" content=\"Films fran\u00e7ais au festival Jeden svet 2022\" \/>\n<meta property=\"og:url\" content=\"https:\/\/institutfrancais.sk\/fr\/podujatie\/films-francais-au-festival-jeden-svet-2022\/\" \/>\n<meta property=\"og:site_name\" content=\"Franc\u00fazsky in\u0161tit\u00fat na Slovensku\" \/>\n<meta property=\"article:modified_time\" content=\"2022-11-08T08:19:09+00:00\" \/>\n<meta property=\"og:image\" content=\"https:\/\/institutfrancais.sk\/wp-content\/uploads\/2022\/11\/jeden-svet.png\" \/>\n\t<meta property=\"og:image:width\" content=\"1440\" \/>\n\t<meta property=\"og:image:height\" content=\"720\" \/>\n\t<meta property=\"og:image:type\" content=\"image\/png\" \/>\n<meta name=\"twitter:card\" content=\"summary_large_image\" \/>\n<meta name=\"twitter:label1\" content=\"Dur\u00e9e de lecture estim\u00e9e\" \/>\n\t<meta name=\"twitter:data1\" content=\"2 minutes\" \/>\n<script type=\"application\/ld+json\" class=\"yoast-schema-graph\">{\"@context\":\"https:\/\/schema.org\",\"@graph\":[{\"@type\":\"WebPage\",\"@id\":\"https:\/\/institutfrancais.sk\/fr\/podujatie\/films-francais-au-festival-jeden-svet-2022\/\",\"url\":\"https:\/\/institutfrancais.sk\/fr\/podujatie\/films-francais-au-festival-jeden-svet-2022\/\",\"name\":\"Films fran\u00e7ais au festival Jeden svet 2022 - Franc\u00fazsky in\u0161tit\u00fat na Slovensku\",\"isPartOf\":{\"@id\":\"https:\/\/institutfrancais.sk\/fr\/#website\"},\"primaryImageOfPage\":{\"@id\":\"https:\/\/institutfrancais.sk\/fr\/podujatie\/films-francais-au-festival-jeden-svet-2022\/#primaryimage\"},\"image\":{\"@id\":\"https:\/\/institutfrancais.sk\/fr\/podujatie\/films-francais-au-festival-jeden-svet-2022\/#primaryimage\"},\"thumbnailUrl\":\"https:\/\/institutfrancais.sk\/wp-content\/uploads\/2022\/11\/jeden-svet.png\",\"datePublished\":\"2022-11-07T13:03:11+00:00\",\"dateModified\":\"2022-11-08T08:19:09+00:00\",\"description\":\"Films fran\u00e7ais au festival Jeden svet 2022\",\"breadcrumb\":{\"@id\":\"https:\/\/institutfrancais.sk\/fr\/podujatie\/films-francais-au-festival-jeden-svet-2022\/#breadcrumb\"},\"inLanguage\":\"fr-FR\",\"potentialAction\":[{\"@type\":\"ReadAction\",\"target\":[\"https:\/\/institutfrancais.sk\/fr\/podujatie\/films-francais-au-festival-jeden-svet-2022\/\"]}]},{\"@type\":\"ImageObject\",\"inLanguage\":\"fr-FR\",\"@id\":\"https:\/\/institutfrancais.sk\/fr\/podujatie\/films-francais-au-festival-jeden-svet-2022\/#primaryimage\",\"url\":\"https:\/\/institutfrancais.sk\/wp-content\/uploads\/2022\/11\/jeden-svet.png\",\"contentUrl\":\"https:\/\/institutfrancais.sk\/wp-content\/uploads\/2022\/11\/jeden-svet.png\",\"width\":1440,\"height\":720},{\"@type\":\"BreadcrumbList\",\"@id\":\"https:\/\/institutfrancais.sk\/fr\/podujatie\/films-francais-au-festival-jeden-svet-2022\/#breadcrumb\",\"itemListElement\":[{\"@type\":\"ListItem\",\"position\":1,\"name\":\"Home\",\"item\":\"https:\/\/institutfrancais.sk\/fr\/\"},{\"@type\":\"ListItem\",\"position\":2,\"name\":\"Events\",\"item\":\"https:\/\/institutfrancais.sk\/fr\/podujatie\/\"},{\"@type\":\"ListItem\",\"position\":3,\"name\":\"Films fran\u00e7ais au festival Jeden svet 2022\"}]},{\"@type\":\"WebSite\",\"@id\":\"https:\/\/institutfrancais.sk\/fr\/#website\",\"url\":\"https:\/\/institutfrancais.sk\/fr\/\",\"name\":\"Franc\u00fazsky in\u0161tit\u00fat na Slovensku\",\"description\":\"Franc\u00fazsky in\u0161tit\u00fat na Slovensku\",\"potentialAction\":[{\"@type\":\"SearchAction\",\"target\":{\"@type\":\"EntryPoint\",\"urlTemplate\":\"https:\/\/institutfrancais.sk\/fr\/?s={search_term_string}\"},\"query-input\":{\"@type\":\"PropertyValueSpecification\",\"valueRequired\":true,\"valueName\":\"search_term_string\"}}],\"inLanguage\":\"fr-FR\"}]}<\/script>\n<!-- \/ Yoast SEO plugin. -->","yoast_head_json":{"title":"Films fran\u00e7ais au festival Jeden svet 2022 - Franc\u00fazsky in\u0161tit\u00fat na Slovensku","description":"Films fran\u00e7ais au festival Jeden svet 2022","robots":{"index":"index","follow":"follow","max-snippet":"max-snippet:-1","max-image-preview":"max-image-preview:large","max-video-preview":"max-video-preview:-1"},"canonical":"https:\/\/institutfrancais.sk\/fr\/podujatie\/films-francais-au-festival-jeden-svet-2022\/","og_locale":"fr_FR","og_type":"article","og_title":"Films fran\u00e7ais au festival Jeden svet 2022 - Franc\u00fazsky in\u0161tit\u00fat na Slovensku","og_description":"Films fran\u00e7ais au festival Jeden svet 2022","og_url":"https:\/\/institutfrancais.sk\/fr\/podujatie\/films-francais-au-festival-jeden-svet-2022\/","og_site_name":"Franc\u00fazsky in\u0161tit\u00fat na Slovensku","article_modified_time":"2022-11-08T08:19:09+00:00","og_image":[{"width":1440,"height":720,"url":"https:\/\/institutfrancais.sk\/wp-content\/uploads\/2022\/11\/jeden-svet.png","type":"image\/png"}],"twitter_card":"summary_large_image","twitter_misc":{"Dur\u00e9e de lecture estim\u00e9e":"2 minutes"},"schema":{"@context":"https:\/\/schema.org","@graph":[{"@type":"WebPage","@id":"https:\/\/institutfrancais.sk\/fr\/podujatie\/films-francais-au-festival-jeden-svet-2022\/","url":"https:\/\/institutfrancais.sk\/fr\/podujatie\/films-francais-au-festival-jeden-svet-2022\/","name":"Films fran\u00e7ais au festival Jeden svet 2022 - Franc\u00fazsky in\u0161tit\u00fat na Slovensku","isPartOf":{"@id":"https:\/\/institutfrancais.sk\/fr\/#website"},"primaryImageOfPage":{"@id":"https:\/\/institutfrancais.sk\/fr\/podujatie\/films-francais-au-festival-jeden-svet-2022\/#primaryimage"},"image":{"@id":"https:\/\/institutfrancais.sk\/fr\/podujatie\/films-francais-au-festival-jeden-svet-2022\/#primaryimage"},"thumbnailUrl":"https:\/\/institutfrancais.sk\/wp-content\/uploads\/2022\/11\/jeden-svet.png","datePublished":"2022-11-07T13:03:11+00:00","dateModified":"2022-11-08T08:19:09+00:00","description":"Films fran\u00e7ais au festival Jeden svet 2022","breadcrumb":{"@id":"https:\/\/institutfrancais.sk\/fr\/podujatie\/films-francais-au-festival-jeden-svet-2022\/#breadcrumb"},"inLanguage":"fr-FR","potentialAction":[{"@type":"ReadAction","target":["https:\/\/institutfrancais.sk\/fr\/podujatie\/films-francais-au-festival-jeden-svet-2022\/"]}]},{"@type":"ImageObject","inLanguage":"fr-FR","@id":"https:\/\/institutfrancais.sk\/fr\/podujatie\/films-francais-au-festival-jeden-svet-2022\/#primaryimage","url":"https:\/\/institutfrancais.sk\/wp-content\/uploads\/2022\/11\/jeden-svet.png","contentUrl":"https:\/\/institutfrancais.sk\/wp-content\/uploads\/2022\/11\/jeden-svet.png","width":1440,"height":720},{"@type":"BreadcrumbList","@id":"https:\/\/institutfrancais.sk\/fr\/podujatie\/films-francais-au-festival-jeden-svet-2022\/#breadcrumb","itemListElement":[{"@type":"ListItem","position":1,"name":"Home","item":"https:\/\/institutfrancais.sk\/fr\/"},{"@type":"ListItem","position":2,"name":"Events","item":"https:\/\/institutfrancais.sk\/fr\/podujatie\/"},{"@type":"ListItem","position":3,"name":"Films fran\u00e7ais au festival Jeden svet 2022"}]},{"@type":"WebSite","@id":"https:\/\/institutfrancais.sk\/fr\/#website","url":"https:\/\/institutfrancais.sk\/fr\/","name":"Franc\u00fazsky in\u0161tit\u00fat na Slovensku","description":"Franc\u00fazsky in\u0161tit\u00fat na Slovensku","potentialAction":[{"@type":"SearchAction","target":{"@type":"EntryPoint","urlTemplate":"https:\/\/institutfrancais.sk\/fr\/?s={search_term_string}"},"query-input":{"@type":"PropertyValueSpecification","valueRequired":true,"valueName":"search_term_string"}}],"inLanguage":"fr-FR"}]}},"_links":{"self":[{"href":"https:\/\/institutfrancais.sk\/fr\/wp-json\/wp\/v2\/podujatie\/24390"}],"collection":[{"href":"https:\/\/institutfrancais.sk\/fr\/wp-json\/wp\/v2\/podujatie"}],"about":[{"href":"https:\/\/institutfrancais.sk\/fr\/wp-json\/wp\/v2\/types\/podujatie"}],"wp:featuredmedia":[{"embeddable":true,"href":"https:\/\/institutfrancais.sk\/fr\/wp-json\/wp\/v2\/media\/24389"}],"wp:attachment":[{"href":"https:\/\/institutfrancais.sk\/fr\/wp-json\/wp\/v2\/media?parent=24390"}],"wp:term":[{"taxonomy":"typ-podujatia","embeddable":true,"href":"https:\/\/institutfrancais.sk\/fr\/wp-json\/wp\/v2\/typ-podujatia?post=24390"}],"curies":[{"name":"wp","href":"https:\/\/api.w.org\/{rel}","templated":true}]}}

Films français au festival Jeden svet 2022

<h3 class="wp-block-heading">T&rsquo;es pas folle</h3>



<p> <em>Tʼes pas folle / Jeanne Susplugas / France / 2020 / 12 min. / français</em> </p>



<p>Des marionnettes échangent au sein d’un groupe de parole sur les violences conjugales et intrafamiliales pour sortir de l’emprise et du cycle de la violence . Les victimes manipulées, sont comme des marionnettes. A&nbsp;travers leur discussion, elles évoquent particulièrement la double peine, celle de la justice qui légitime la violence.</p>



<p><em>La projection du film est organisée en collaboration avec l&rsquo;association Culture Kontakt et aura lieu dans le cadre de la soirée de courts métrages Jeden svet v&nbsp;krátkosti (Un monde en court).</em> <em>Sera suivi d&rsquo;une courte discussion en ligne avec l&rsquo;artiste.</em></p>



<p><strong><em>Mardi</em></strong><em><strong> 8 novembre 2022 à 20h, A4 &#8211;&nbsp;Espace de culture contemporaine</strong></em><strong><em>, Bratislava</em></strong></p>



<p><strong>Plus sur <a href="https://www.susplugas.com/post/656240184210374656/tes-pas-folle-2020-12-mn-ce-court-m%C3%A9trage-a" target="_blank" rel="noreferrer noopener">www.susplugas.com</a></strong></p>



<p>Co-organisateur de la projection:</p>



<figure class="wp-block-image size-full"><img loading="lazy" decoding="async" width="167" height="68" src="https://institutfrancais.sk/wp-content/uploads/2022/11/Logo-CK-1.jpg" alt="" class="wp-image-24396"/></figure>


<div class="space md"></div>


<h3 class="wp-block-heading">Tous les films français dans le programme</h3>



<ul><li><em>T’es pas folle </em>(2020) de Jeanne Susplugas, France <a href="https://www.jedensvet.sk/en/filmy/one-world-in-brief/" target="_blank" rel="noreferrer noopener">plus</a> ;</li><li><em>A.I. at War </em>(2021) de Florent Marcie, France, Irak, Syrie, Malaisie <a href="https://www.jedensvet.sk/en/filmy/ai-at-war/" target="_blank" rel="noreferrer noopener">plus</a></li><li><em>Projet cartel&nbsp;: Mexique, le silence ou la mort </em>(2021) de Jules Giraudat, France <a href="https://www.jedensvet.sk/en/filmy/the-cartel-project/" target="_blank" rel="noreferrer noopener">plus</a></li><li><em>Bigger Than Us </em>(2021) de Flore Vasseur, France <a href="https://www.jedensvet.sk/en/filmy/bigger-than-us/" target="_blank" rel="noreferrer noopener">plus </a>;</li><li><em>Aya </em>(2021) de Simon Coulibaly Gillard, Belgique, France <a href="https://www.jedensvet.sk/en/filmy/aya/" target="_blank" rel="noreferrer noopener">plus</a> ;</li><li><em>As I&nbsp;Want </em>(2021) de Samaher Alqadi, Égypte, France, Norvège, Palestine, Allemagne <a href="https://www.jedensvet.sk/en/filmy/as-i-want/" target="_blank" rel="noreferrer noopener">plus</a></li></ul>



<p><strong>Plus sur : <a href="https://www.jedensvet.sk">https://www.jedensvet.sk</a></strong></p>


<div class="space md"></div>

<!-- This site is optimized with the Yoast SEO plugin v24.5 - https://yoast.com/wordpress/plugins/seo/ -->
<title>Films français au festival Jeden svet 2022 - Francúzsky inštitút na Slovensku</title>
<meta name="description" content="Films français au festival Jeden svet 2022" />
<meta name="robots" content="index, follow, max-snippet:-1, max-image-preview:large, max-video-preview:-1" />
<link rel="canonical" href="https://institutfrancais.sk/fr/podujatie/films-francais-au-festival-jeden-svet-2022/" />
<meta property="og:locale" content="fr_FR" />
<meta property="og:type" content="article" />
<meta property="og:title" content="Films français au festival Jeden svet 2022 - Francúzsky inštitút na Slovensku" />
<meta property="og:description" content="Films français au festival Jeden svet 2022" />
<meta property="og:url" content="https://institutfrancais.sk/fr/podujatie/films-francais-au-festival-jeden-svet-2022/" />
<meta property="og:site_name" content="Francúzsky inštitút na Slovensku" />
<meta property="article:modified_time" content="2022-11-08T08:19:09+00:00" />
<meta property="og:image" content="https://institutfrancais.sk/wp-content/uploads/2022/11/jeden-svet.png" />
	<meta property="og:image:width" content="1440" />
	<meta property="og:image:height" content="720" />
	<meta property="og:image:type" content="image/png" />
<meta name="twitter:card" content="summary_large_image" />
<meta name="twitter:label1" content="Durée de lecture estimée" />
	<meta name="twitter:data1" content="2 minutes" />
<script type="application/ld+json" class="yoast-schema-graph">{"@context":"https://schema.org","@graph":[{"@type":"WebPage","@id":"https://institutfrancais.sk/fr/podujatie/films-francais-au-festival-jeden-svet-2022/","url":"https://institutfrancais.sk/fr/podujatie/films-francais-au-festival-jeden-svet-2022/","name":"Films français au festival Jeden svet 2022 - Francúzsky inštitút na Slovensku","isPartOf":{"@id":"https://institutfrancais.sk/fr/#website"},"primaryImageOfPage":{"@id":"https://institutfrancais.sk/fr/podujatie/films-francais-au-festival-jeden-svet-2022/#primaryimage"},"image":{"@id":"https://institutfrancais.sk/fr/podujatie/films-francais-au-festival-jeden-svet-2022/#primaryimage"},"thumbnailUrl":"https://institutfrancais.sk/wp-content/uploads/2022/11/jeden-svet.png","datePublished":"2022-11-07T13:03:11+00:00","dateModified":"2022-11-08T08:19:09+00:00","description":"Films français au festival Jeden svet 2022","breadcrumb":{"@id":"https://institutfrancais.sk/fr/podujatie/films-francais-au-festival-jeden-svet-2022/#breadcrumb"},"inLanguage":"fr-FR","potentialAction":[{"@type":"ReadAction","target":["https://institutfrancais.sk/fr/podujatie/films-francais-au-festival-jeden-svet-2022/"]}]},{"@type":"ImageObject","inLanguage":"fr-FR","@id":"https://institutfrancais.sk/fr/podujatie/films-francais-au-festival-jeden-svet-2022/#primaryimage","url":"https://institutfrancais.sk/wp-content/uploads/2022/11/jeden-svet.png","contentUrl":"https://institutfrancais.sk/wp-content/uploads/2022/11/jeden-svet.png","width":1440,"height":720},{"@type":"BreadcrumbList","@id":"https://institutfrancais.sk/fr/podujatie/films-francais-au-festival-jeden-svet-2022/#breadcrumb","itemListElement":[{"@type":"ListItem","position":1,"name":"Home","item":"https://institutfrancais.sk/fr/"},{"@type":"ListItem","position":2,"name":"Events","item":"https://institutfrancais.sk/fr/podujatie/"},{"@type":"ListItem","position":3,"name":"Films français au festival Jeden svet 2022"}]},{"@type":"WebSite","@id":"https://institutfrancais.sk/fr/#website","url":"https://institutfrancais.sk/fr/","name":"Francúzsky inštitút na Slovensku","description":"Francúzsky inštitút na Slovensku","potentialAction":[{"@type":"SearchAction","target":{"@type":"EntryPoint","urlTemplate":"https://institutfrancais.sk/fr/?s={search_term_string}"},"query-input":{"@type":"PropertyValueSpecification","valueRequired":true,"valueName":"search_term_string"}}],"inLanguage":"fr-FR"}]}</script>
<!-- / Yoast SEO plugin. -->

Films français au festival Jeden svet 2022 - Francúzsky inštitút na Slovensku

Francúzsky inštitút na Slovensku
