{"id":24604,"date":"2022-11-28T11:37:47","date_gmt":"2022-11-28T10:37:47","guid":{"rendered":"https:\/\/institutfrancais.sk\/?post_type=podujatie&#038;p=24604"},"modified":"2022-11-28T11:51:20","modified_gmt":"2022-11-28T10:51:20","slug":"projection-retour-a-reims","status":"publish","type":"podujatie","link":"https:\/\/institutfrancais.sk\/fr\/podujatie\/projection-retour-a-reims\/","title":{"rendered":"Projection : Retour \u00e0 Reims"},"content":{"rendered":"<div class=\"text-center\"><a href=\"https:\/\/a4.sk\/events\/2022\/12\/01\/navrat-do-remesa-retour-a-reims-fragments\/\" class=\"btn btn-white-invert\" target=\"blank\" rel=\"noreferrer noopener\">Billets<\/a><\/div>\n\n<div class=\"space sm\"><\/div>\n\n\n<p><strong>Mise en sc\u00e8ne Jean-Gabriel P\u00e9riot, 2021, FR, fr + sous-titr\u00e9 anglais, 83 min.<\/strong><\/p>\n\n\n<div class=\"space sm\"><\/div>\n\n\n<figure class=\"wp-block-embed is-type-video is-provider-youtube wp-block-embed-youtube wp-embed-aspect-16-9 wp-has-aspect-ratio\"><div class=\"wp-block-embed__wrapper\">\n<iframe loading=\"lazy\" title=\"RETOUR \u00c0 REIMS (FRAGMENTS)\" width=\"500\" height=\"281\" src=\"https:\/\/www.youtube.com\/embed\/gsRxwuj1AxU?feature=oembed\" frameborder=\"0\" allow=\"accelerometer; autoplay; clipboard-write; encrypted-media; gyroscope; picture-in-picture; web-share\" referrerpolicy=\"strict-origin-when-cross-origin\" allowfullscreen><\/iframe>\n<\/div><\/figure>\n","protected":false},"featured_media":24605,"template":"","typ-podujatia":[52],"acf":[],"yoast_head":"<!-- This site is optimized with the Yoast SEO plugin v24.5 - https:\/\/yoast.com\/wordpress\/plugins\/seo\/ -->\n<title>Projection : Retour \u00e0 Reims - Franc\u00fazsky in\u0161tit\u00fat na Slovensku<\/title>\n<meta name=\"description\" content=\"Retour \u00e0 Reims : histoire intime et politique du monde ouvrier fran\u00e7ais du d\u00e9but des ann\u00e9es 50 \u00e0 aujourd&#039;hui.\" \/>\n<meta name=\"robots\" content=\"index, follow, max-snippet:-1, max-image-preview:large, max-video-preview:-1\" \/>\n<link rel=\"canonical\" href=\"https:\/\/institutfrancais.sk\/fr\/podujatie\/projection-retour-a-reims\/\" \/>\n<meta property=\"og:locale\" content=\"fr_FR\" \/>\n<meta property=\"og:type\" content=\"article\" \/>\n<meta property=\"og:title\" content=\"Projection : Retour \u00e0 Reims - Franc\u00fazsky in\u0161tit\u00fat na Slovensku\" \/>\n<meta property=\"og:description\" content=\"Retour \u00e0 Reims : histoire intime et politique du monde ouvrier fran\u00e7ais du d\u00e9but des ann\u00e9es 50 \u00e0 aujourd&#039;hui.\" \/>\n<meta property=\"og:url\" content=\"https:\/\/institutfrancais.sk\/fr\/podujatie\/projection-retour-a-reims\/\" \/>\n<meta property=\"og:site_name\" content=\"Franc\u00fazsky in\u0161tit\u00fat na Slovensku\" \/>\n<meta property=\"article:modified_time\" content=\"2022-11-28T10:51:20+00:00\" \/>\n<meta property=\"og:image\" content=\"https:\/\/institutfrancais.sk\/wp-content\/uploads\/2022\/11\/3395700.jpg-r_1920_1080-f_jpg-q_x-xxyxx.jpg\" \/>\n\t<meta property=\"og:image:width\" content=\"1426\" \/>\n\t<meta property=\"og:image:height\" content=\"1080\" \/>\n\t<meta property=\"og:image:type\" content=\"image\/jpeg\" \/>\n<meta name=\"twitter:card\" content=\"summary_large_image\" \/>\n<meta name=\"twitter:label1\" content=\"Dur\u00e9e de lecture estim\u00e9e\" \/>\n\t<meta name=\"twitter:data1\" content=\"1 minute\" \/>\n<script type=\"application\/ld+json\" class=\"yoast-schema-graph\">{\"@context\":\"https:\/\/schema.org\",\"@graph\":[{\"@type\":\"WebPage\",\"@id\":\"https:\/\/institutfrancais.sk\/fr\/podujatie\/projection-retour-a-reims\/\",\"url\":\"https:\/\/institutfrancais.sk\/fr\/podujatie\/projection-retour-a-reims\/\",\"name\":\"Projection : Retour \u00e0 Reims - Franc\u00fazsky in\u0161tit\u00fat na Slovensku\",\"isPartOf\":{\"@id\":\"https:\/\/institutfrancais.sk\/fr\/#website\"},\"primaryImageOfPage\":{\"@id\":\"https:\/\/institutfrancais.sk\/fr\/podujatie\/projection-retour-a-reims\/#primaryimage\"},\"image\":{\"@id\":\"https:\/\/institutfrancais.sk\/fr\/podujatie\/projection-retour-a-reims\/#primaryimage\"},\"thumbnailUrl\":\"https:\/\/institutfrancais.sk\/wp-content\/uploads\/2022\/11\/3395700.jpg-r_1920_1080-f_jpg-q_x-xxyxx.jpg\",\"datePublished\":\"2022-11-28T10:37:47+00:00\",\"dateModified\":\"2022-11-28T10:51:20+00:00\",\"description\":\"Retour \u00e0 Reims : histoire intime et politique du monde ouvrier fran\u00e7ais du d\u00e9but des ann\u00e9es 50 \u00e0 aujourd'hui.\",\"breadcrumb\":{\"@id\":\"https:\/\/institutfrancais.sk\/fr\/podujatie\/projection-retour-a-reims\/#breadcrumb\"},\"inLanguage\":\"fr-FR\",\"potentialAction\":[{\"@type\":\"ReadAction\",\"target\":[\"https:\/\/institutfrancais.sk\/fr\/podujatie\/projection-retour-a-reims\/\"]}]},{\"@type\":\"ImageObject\",\"inLanguage\":\"fr-FR\",\"@id\":\"https:\/\/institutfrancais.sk\/fr\/podujatie\/projection-retour-a-reims\/#primaryimage\",\"url\":\"https:\/\/institutfrancais.sk\/wp-content\/uploads\/2022\/11\/3395700.jpg-r_1920_1080-f_jpg-q_x-xxyxx.jpg\",\"contentUrl\":\"https:\/\/institutfrancais.sk\/wp-content\/uploads\/2022\/11\/3395700.jpg-r_1920_1080-f_jpg-q_x-xxyxx.jpg\",\"width\":1426,\"height\":1080},{\"@type\":\"BreadcrumbList\",\"@id\":\"https:\/\/institutfrancais.sk\/fr\/podujatie\/projection-retour-a-reims\/#breadcrumb\",\"itemListElement\":[{\"@type\":\"ListItem\",\"position\":1,\"name\":\"Home\",\"item\":\"https:\/\/institutfrancais.sk\/fr\/\"},{\"@type\":\"ListItem\",\"position\":2,\"name\":\"Events\",\"item\":\"https:\/\/institutfrancais.sk\/fr\/podujatie\/\"},{\"@type\":\"ListItem\",\"position\":3,\"name\":\"Projection : Retour \u00e0 Reims\"}]},{\"@type\":\"WebSite\",\"@id\":\"https:\/\/institutfrancais.sk\/fr\/#website\",\"url\":\"https:\/\/institutfrancais.sk\/fr\/\",\"name\":\"Franc\u00fazsky in\u0161tit\u00fat na Slovensku\",\"description\":\"Franc\u00fazsky in\u0161tit\u00fat na Slovensku\",\"potentialAction\":[{\"@type\":\"SearchAction\",\"target\":{\"@type\":\"EntryPoint\",\"urlTemplate\":\"https:\/\/institutfrancais.sk\/fr\/?s={search_term_string}\"},\"query-input\":{\"@type\":\"PropertyValueSpecification\",\"valueRequired\":true,\"valueName\":\"search_term_string\"}}],\"inLanguage\":\"fr-FR\"}]}<\/script>\n<!-- \/ Yoast SEO plugin. -->","yoast_head_json":{"title":"Projection : Retour \u00e0 Reims - Franc\u00fazsky in\u0161tit\u00fat na Slovensku","description":"Retour \u00e0 Reims : histoire intime et politique du monde ouvrier fran\u00e7ais du d\u00e9but des ann\u00e9es 50 \u00e0 aujourd'hui.","robots":{"index":"index","follow":"follow","max-snippet":"max-snippet:-1","max-image-preview":"max-image-preview:large","max-video-preview":"max-video-preview:-1"},"canonical":"https:\/\/institutfrancais.sk\/fr\/podujatie\/projection-retour-a-reims\/","og_locale":"fr_FR","og_type":"article","og_title":"Projection : Retour \u00e0 Reims - Franc\u00fazsky in\u0161tit\u00fat na Slovensku","og_description":"Retour \u00e0 Reims : histoire intime et politique du monde ouvrier fran\u00e7ais du d\u00e9but des ann\u00e9es 50 \u00e0 aujourd'hui.","og_url":"https:\/\/institutfrancais.sk\/fr\/podujatie\/projection-retour-a-reims\/","og_site_name":"Franc\u00fazsky in\u0161tit\u00fat na Slovensku","article_modified_time":"2022-11-28T10:51:20+00:00","og_image":[{"width":1426,"height":1080,"url":"https:\/\/institutfrancais.sk\/wp-content\/uploads\/2022\/11\/3395700.jpg-r_1920_1080-f_jpg-q_x-xxyxx.jpg","type":"image\/jpeg"}],"twitter_card":"summary_large_image","twitter_misc":{"Dur\u00e9e de lecture estim\u00e9e":"1 minute"},"schema":{"@context":"https:\/\/schema.org","@graph":[{"@type":"WebPage","@id":"https:\/\/institutfrancais.sk\/fr\/podujatie\/projection-retour-a-reims\/","url":"https:\/\/institutfrancais.sk\/fr\/podujatie\/projection-retour-a-reims\/","name":"Projection : Retour \u00e0 Reims - Franc\u00fazsky in\u0161tit\u00fat na Slovensku","isPartOf":{"@id":"https:\/\/institutfrancais.sk\/fr\/#website"},"primaryImageOfPage":{"@id":"https:\/\/institutfrancais.sk\/fr\/podujatie\/projection-retour-a-reims\/#primaryimage"},"image":{"@id":"https:\/\/institutfrancais.sk\/fr\/podujatie\/projection-retour-a-reims\/#primaryimage"},"thumbnailUrl":"https:\/\/institutfrancais.sk\/wp-content\/uploads\/2022\/11\/3395700.jpg-r_1920_1080-f_jpg-q_x-xxyxx.jpg","datePublished":"2022-11-28T10:37:47+00:00","dateModified":"2022-11-28T10:51:20+00:00","description":"Retour \u00e0 Reims : histoire intime et politique du monde ouvrier fran\u00e7ais du d\u00e9but des ann\u00e9es 50 \u00e0 aujourd'hui.","breadcrumb":{"@id":"https:\/\/institutfrancais.sk\/fr\/podujatie\/projection-retour-a-reims\/#breadcrumb"},"inLanguage":"fr-FR","potentialAction":[{"@type":"ReadAction","target":["https:\/\/institutfrancais.sk\/fr\/podujatie\/projection-retour-a-reims\/"]}]},{"@type":"ImageObject","inLanguage":"fr-FR","@id":"https:\/\/institutfrancais.sk\/fr\/podujatie\/projection-retour-a-reims\/#primaryimage","url":"https:\/\/institutfrancais.sk\/wp-content\/uploads\/2022\/11\/3395700.jpg-r_1920_1080-f_jpg-q_x-xxyxx.jpg","contentUrl":"https:\/\/institutfrancais.sk\/wp-content\/uploads\/2022\/11\/3395700.jpg-r_1920_1080-f_jpg-q_x-xxyxx.jpg","width":1426,"height":1080},{"@type":"BreadcrumbList","@id":"https:\/\/institutfrancais.sk\/fr\/podujatie\/projection-retour-a-reims\/#breadcrumb","itemListElement":[{"@type":"ListItem","position":1,"name":"Home","item":"https:\/\/institutfrancais.sk\/fr\/"},{"@type":"ListItem","position":2,"name":"Events","item":"https:\/\/institutfrancais.sk\/fr\/podujatie\/"},{"@type":"ListItem","position":3,"name":"Projection : Retour \u00e0 Reims"}]},{"@type":"WebSite","@id":"https:\/\/institutfrancais.sk\/fr\/#website","url":"https:\/\/institutfrancais.sk\/fr\/","name":"Franc\u00fazsky in\u0161tit\u00fat na Slovensku","description":"Franc\u00fazsky in\u0161tit\u00fat na Slovensku","potentialAction":[{"@type":"SearchAction","target":{"@type":"EntryPoint","urlTemplate":"https:\/\/institutfrancais.sk\/fr\/?s={search_term_string}"},"query-input":{"@type":"PropertyValueSpecification","valueRequired":true,"valueName":"search_term_string"}}],"inLanguage":"fr-FR"}]}},"_links":{"self":[{"href":"https:\/\/institutfrancais.sk\/fr\/wp-json\/wp\/v2\/podujatie\/24604"}],"collection":[{"href":"https:\/\/institutfrancais.sk\/fr\/wp-json\/wp\/v2\/podujatie"}],"about":[{"href":"https:\/\/institutfrancais.sk\/fr\/wp-json\/wp\/v2\/types\/podujatie"}],"wp:featuredmedia":[{"embeddable":true,"href":"https:\/\/institutfrancais.sk\/fr\/wp-json\/wp\/v2\/media\/24605"}],"wp:attachment":[{"href":"https:\/\/institutfrancais.sk\/fr\/wp-json\/wp\/v2\/media?parent=24604"}],"wp:term":[{"taxonomy":"typ-podujatia","embeddable":true,"href":"https:\/\/institutfrancais.sk\/fr\/wp-json\/wp\/v2\/typ-podujatia?post=24604"}],"curies":[{"name":"wp","href":"https:\/\/api.w.org\/{rel}","templated":true}]}}

Projection : Retour à Reims

<div class="text-center"><a href="https://a4.sk/events/2022/12/01/navrat-do-remesa-retour-a-reims-fragments/" class="btn btn-white-invert" target="blank" rel="noreferrer noopener">Billets</a></div>

<div class="space sm"></div>


<p><strong>Mise en scène Jean-Gabriel Périot, 2021, FR, fr + sous-titré anglais, 83 min.</strong></p>


<div class="space sm"></div>


<figure class="wp-block-embed is-type-video is-provider-youtube wp-block-embed-youtube wp-embed-aspect-16-9 wp-has-aspect-ratio"><div class="wp-block-embed__wrapper">
<iframe loading="lazy" title="RETOUR À REIMS (FRAGMENTS)" width="500" height="281" src="https://www.youtube.com/embed/gsRxwuj1AxU?feature=oembed" frameborder="0" allow="accelerometer; autoplay; clipboard-write; encrypted-media; gyroscope; picture-in-picture; web-share" referrerpolicy="strict-origin-when-cross-origin" allowfullscreen></iframe>
</div></figure>

<!-- This site is optimized with the Yoast SEO plugin v24.5 - https://yoast.com/wordpress/plugins/seo/ -->
<title>Projection : Retour à Reims - Francúzsky inštitút na Slovensku</title>
<meta name="description" content="Retour à Reims : histoire intime et politique du monde ouvrier français du début des années 50 à aujourd&#039;hui." />
<meta name="robots" content="index, follow, max-snippet:-1, max-image-preview:large, max-video-preview:-1" />
<link rel="canonical" href="https://institutfrancais.sk/fr/podujatie/projection-retour-a-reims/" />
<meta property="og:locale" content="fr_FR" />
<meta property="og:type" content="article" />
<meta property="og:title" content="Projection : Retour à Reims - Francúzsky inštitút na Slovensku" />
<meta property="og:description" content="Retour à Reims : histoire intime et politique du monde ouvrier français du début des années 50 à aujourd&#039;hui." />
<meta property="og:url" content="https://institutfrancais.sk/fr/podujatie/projection-retour-a-reims/" />
<meta property="og:site_name" content="Francúzsky inštitút na Slovensku" />
<meta property="article:modified_time" content="2022-11-28T10:51:20+00:00" />
<meta property="og:image" content="https://institutfrancais.sk/wp-content/uploads/2022/11/3395700.jpg-r_1920_1080-f_jpg-q_x-xxyxx.jpg" />
	<meta property="og:image:width" content="1426" />
	<meta property="og:image:height" content="1080" />
	<meta property="og:image:type" content="image/jpeg" />
<meta name="twitter:card" content="summary_large_image" />
<meta name="twitter:label1" content="Durée de lecture estimée" />
	<meta name="twitter:data1" content="1 minute" />
<script type="application/ld+json" class="yoast-schema-graph">{"@context":"https://schema.org","@graph":[{"@type":"WebPage","@id":"https://institutfrancais.sk/fr/podujatie/projection-retour-a-reims/","url":"https://institutfrancais.sk/fr/podujatie/projection-retour-a-reims/","name":"Projection : Retour à Reims - Francúzsky inštitút na Slovensku","isPartOf":{"@id":"https://institutfrancais.sk/fr/#website"},"primaryImageOfPage":{"@id":"https://institutfrancais.sk/fr/podujatie/projection-retour-a-reims/#primaryimage"},"image":{"@id":"https://institutfrancais.sk/fr/podujatie/projection-retour-a-reims/#primaryimage"},"thumbnailUrl":"https://institutfrancais.sk/wp-content/uploads/2022/11/3395700.jpg-r_1920_1080-f_jpg-q_x-xxyxx.jpg","datePublished":"2022-11-28T10:37:47+00:00","dateModified":"2022-11-28T10:51:20+00:00","description":"Retour à Reims : histoire intime et politique du monde ouvrier français du début des années 50 à aujourd'hui.","breadcrumb":{"@id":"https://institutfrancais.sk/fr/podujatie/projection-retour-a-reims/#breadcrumb"},"inLanguage":"fr-FR","potentialAction":[{"@type":"ReadAction","target":["https://institutfrancais.sk/fr/podujatie/projection-retour-a-reims/"]}]},{"@type":"ImageObject","inLanguage":"fr-FR","@id":"https://institutfrancais.sk/fr/podujatie/projection-retour-a-reims/#primaryimage","url":"https://institutfrancais.sk/wp-content/uploads/2022/11/3395700.jpg-r_1920_1080-f_jpg-q_x-xxyxx.jpg","contentUrl":"https://institutfrancais.sk/wp-content/uploads/2022/11/3395700.jpg-r_1920_1080-f_jpg-q_x-xxyxx.jpg","width":1426,"height":1080},{"@type":"BreadcrumbList","@id":"https://institutfrancais.sk/fr/podujatie/projection-retour-a-reims/#breadcrumb","itemListElement":[{"@type":"ListItem","position":1,"name":"Home","item":"https://institutfrancais.sk/fr/"},{"@type":"ListItem","position":2,"name":"Events","item":"https://institutfrancais.sk/fr/podujatie/"},{"@type":"ListItem","position":3,"name":"Projection : Retour à Reims"}]},{"@type":"WebSite","@id":"https://institutfrancais.sk/fr/#website","url":"https://institutfrancais.sk/fr/","name":"Francúzsky inštitút na Slovensku","description":"Francúzsky inštitút na Slovensku","potentialAction":[{"@type":"SearchAction","target":{"@type":"EntryPoint","urlTemplate":"https://institutfrancais.sk/fr/?s={search_term_string}"},"query-input":{"@type":"PropertyValueSpecification","valueRequired":true,"valueName":"search_term_string"}}],"inLanguage":"fr-FR"}]}</script>
<!-- / Yoast SEO plugin. -->

Projection : Retour à Reims - Francúzsky inštitút na Slovensku

Retour à Reims : histoire intime et politique du monde ouvrier français du début des années 50 à aujourd'hui.

Francúzsky inštitút na Slovensku
