{"id":26976,"date":"2023-05-12T12:18:28","date_gmt":"2023-05-12T10:18:28","guid":{"rendered":"https:\/\/institutfrancais.sk\/podujatie\/cineklub-sympatizovat-s-diablom\/"},"modified":"2023-05-12T12:21:48","modified_gmt":"2023-05-12T10:21:48","slug":"cineclub-sympathie-pour-le-diable","status":"publish","type":"podujatie","link":"https:\/\/institutfrancais.sk\/fr\/podujatie\/cineclub-sympathie-pour-le-diable\/","title":{"rendered":"Cin\u00e9club: Sympathie pour le diable"},"content":{"rendered":"\n<p>Sarajevo, novembre 92, sept mois apr\u00e8s le d\u00e9but du si\u00e8ge. Le reporter de guerre Paul Marchand nous plonge dans les entrailles d\u2019un conflit fratricide, sous le regard impassible de la communaut\u00e9 internationale. Entre son objectivit\u00e9 journalistique, le sentiment d\u2019impuissance et un certain sens du devoir face \u00e0 l\u2019horreur, il devra prendre parti.<\/p>\n\n\n<div class=\"space xs\"><\/div>\n\n\n<p><strong>Mise en sc\u00e8ne : <\/strong>Hubert Charuel<strong> \/ Avec : <\/strong>Niels Schneider, Vincent Rottiers, Ella Rumpf, Izudin Bajrovi\u0107, Cl\u00e9ment M\u00e9tayer, Elisa Lasowski, Arieh Worthalter, Aldin Tucic<\/p>\n\n\n\n<p><strong>100 min \/ Drame \/ En VO&nbsp;sous-titr\u00e9e tch\u00e8que <\/strong><\/p>\n\n\n<div class=\"space xs\"><\/div>\n\n\n<figure class=\"wp-block-embed is-type-video is-provider-youtube wp-block-embed-youtube wp-embed-aspect-16-9 wp-has-aspect-ratio\"><div class=\"wp-block-embed__wrapper\">\n<iframe loading=\"lazy\" title=\"Bande annonce officielle de Sympathie pour le diable de Guillaume de Fontenay\" width=\"500\" height=\"281\" src=\"https:\/\/www.youtube.com\/embed\/ehfyXJ_dTfM?feature=oembed\" frameborder=\"0\" allow=\"accelerometer; autoplay; clipboard-write; encrypted-media; gyroscope; picture-in-picture; web-share\" referrerpolicy=\"strict-origin-when-cross-origin\" allowfullscreen><\/iframe>\n<\/div><\/figure>\n\n\n<\/div><iframe loading=\"lazy\" src=\"https:\/\/www.google.com\/maps\/embed?pb=!1m18!1m12!1m3!1d2662.2735746915087!2d17.10532635165492!3d48.14353077912193!2m3!1f0!2f0!3f0!3m2!1i1024!2i768!4f13.1!3m3!1m2!1s0x476c8942d3867d0f%3A0xf92cfa7be90ee73!2zRnJhbmPDunpza3kgaW7FoXRpdMO6dA!5e0!3m2!1ssk!2ssk!4v1575902399794!5m2!1ssk!2ssk\" width=\"100%\" height=\"558\" frameborder=\"0\" class=\"gmap-iframe\" allowfullscreen=\"\"><\/iframe><div class=\"wrap narrow-wrap\">","protected":false},"featured_media":26974,"template":"","typ-podujatia":[52],"acf":[],"yoast_head":"<!-- This site is optimized with the Yoast SEO plugin v24.5 - https:\/\/yoast.com\/wordpress\/plugins\/seo\/ -->\n<title>Cin\u00e9club: Sympathie pour le diable - Franc\u00fazsky in\u0161tit\u00fat na Slovensku<\/title>\n<meta name=\"robots\" content=\"index, follow, max-snippet:-1, max-image-preview:large, max-video-preview:-1\" \/>\n<link rel=\"canonical\" href=\"https:\/\/institutfrancais.sk\/fr\/podujatie\/cineclub-sympathie-pour-le-diable\/\" \/>\n<meta property=\"og:locale\" content=\"fr_FR\" \/>\n<meta property=\"og:type\" content=\"article\" \/>\n<meta property=\"og:title\" content=\"Cin\u00e9club: Sympathie pour le diable - Franc\u00fazsky in\u0161tit\u00fat na Slovensku\" \/>\n<meta property=\"og:description\" content=\"Sarajevo, novembre 92, sept mois apr\u00e8s le d\u00e9but du si\u00e8ge. Le reporter de guerre Paul Marchand nous plonge dans les entrailles d\u2019un conflit fratricide, sous le regard impassible de la communaut\u00e9 internationale. Entre son objectivit\u00e9 journalistique, le sentiment d\u2019impuissance et un certain sens du devoir face \u00e0 l\u2019horreur, il devra prendre parti. Mise en sc\u00e8ne [&hellip;]\" \/>\n<meta property=\"og:url\" content=\"https:\/\/institutfrancais.sk\/fr\/podujatie\/cineclub-sympathie-pour-le-diable\/\" \/>\n<meta property=\"og:site_name\" content=\"Franc\u00fazsky in\u0161tit\u00fat na Slovensku\" \/>\n<meta property=\"article:modified_time\" content=\"2023-05-12T10:21:48+00:00\" \/>\n<meta property=\"og:image\" content=\"https:\/\/institutfrancais.sk\/wp-content\/uploads\/2023\/05\/Sympathie-pour-le-diable.png\" \/>\n\t<meta property=\"og:image:width\" content=\"1920\" \/>\n\t<meta property=\"og:image:height\" content=\"1080\" \/>\n\t<meta property=\"og:image:type\" content=\"image\/png\" \/>\n<meta name=\"twitter:card\" content=\"summary_large_image\" \/>\n<meta name=\"twitter:label1\" content=\"Dur\u00e9e de lecture estim\u00e9e\" \/>\n\t<meta name=\"twitter:data1\" content=\"1 minute\" \/>\n<script type=\"application\/ld+json\" class=\"yoast-schema-graph\">{\"@context\":\"https:\/\/schema.org\",\"@graph\":[{\"@type\":\"WebPage\",\"@id\":\"https:\/\/institutfrancais.sk\/fr\/podujatie\/cineclub-sympathie-pour-le-diable\/\",\"url\":\"https:\/\/institutfrancais.sk\/fr\/podujatie\/cineclub-sympathie-pour-le-diable\/\",\"name\":\"Cin\u00e9club: Sympathie pour le diable - Franc\u00fazsky in\u0161tit\u00fat na Slovensku\",\"isPartOf\":{\"@id\":\"https:\/\/institutfrancais.sk\/fr\/#website\"},\"primaryImageOfPage\":{\"@id\":\"https:\/\/institutfrancais.sk\/fr\/podujatie\/cineclub-sympathie-pour-le-diable\/#primaryimage\"},\"image\":{\"@id\":\"https:\/\/institutfrancais.sk\/fr\/podujatie\/cineclub-sympathie-pour-le-diable\/#primaryimage\"},\"thumbnailUrl\":\"https:\/\/institutfrancais.sk\/wp-content\/uploads\/2023\/05\/Sympathie-pour-le-diable.png\",\"datePublished\":\"2023-05-12T10:18:28+00:00\",\"dateModified\":\"2023-05-12T10:21:48+00:00\",\"breadcrumb\":{\"@id\":\"https:\/\/institutfrancais.sk\/fr\/podujatie\/cineclub-sympathie-pour-le-diable\/#breadcrumb\"},\"inLanguage\":\"fr-FR\",\"potentialAction\":[{\"@type\":\"ReadAction\",\"target\":[\"https:\/\/institutfrancais.sk\/fr\/podujatie\/cineclub-sympathie-pour-le-diable\/\"]}]},{\"@type\":\"ImageObject\",\"inLanguage\":\"fr-FR\",\"@id\":\"https:\/\/institutfrancais.sk\/fr\/podujatie\/cineclub-sympathie-pour-le-diable\/#primaryimage\",\"url\":\"https:\/\/institutfrancais.sk\/wp-content\/uploads\/2023\/05\/Sympathie-pour-le-diable.png\",\"contentUrl\":\"https:\/\/institutfrancais.sk\/wp-content\/uploads\/2023\/05\/Sympathie-pour-le-diable.png\",\"width\":1920,\"height\":1080},{\"@type\":\"BreadcrumbList\",\"@id\":\"https:\/\/institutfrancais.sk\/fr\/podujatie\/cineclub-sympathie-pour-le-diable\/#breadcrumb\",\"itemListElement\":[{\"@type\":\"ListItem\",\"position\":1,\"name\":\"Home\",\"item\":\"https:\/\/institutfrancais.sk\/fr\/\"},{\"@type\":\"ListItem\",\"position\":2,\"name\":\"Events\",\"item\":\"https:\/\/institutfrancais.sk\/fr\/podujatie\/\"},{\"@type\":\"ListItem\",\"position\":3,\"name\":\"Cin\u00e9club: Sympathie pour le diable\"}]},{\"@type\":\"WebSite\",\"@id\":\"https:\/\/institutfrancais.sk\/fr\/#website\",\"url\":\"https:\/\/institutfrancais.sk\/fr\/\",\"name\":\"Franc\u00fazsky in\u0161tit\u00fat na Slovensku\",\"description\":\"Franc\u00fazsky in\u0161tit\u00fat na Slovensku\",\"potentialAction\":[{\"@type\":\"SearchAction\",\"target\":{\"@type\":\"EntryPoint\",\"urlTemplate\":\"https:\/\/institutfrancais.sk\/fr\/?s={search_term_string}\"},\"query-input\":{\"@type\":\"PropertyValueSpecification\",\"valueRequired\":true,\"valueName\":\"search_term_string\"}}],\"inLanguage\":\"fr-FR\"}]}<\/script>\n<!-- \/ Yoast SEO plugin. -->","yoast_head_json":{"title":"Cin\u00e9club: Sympathie pour le diable - Franc\u00fazsky in\u0161tit\u00fat na Slovensku","robots":{"index":"index","follow":"follow","max-snippet":"max-snippet:-1","max-image-preview":"max-image-preview:large","max-video-preview":"max-video-preview:-1"},"canonical":"https:\/\/institutfrancais.sk\/fr\/podujatie\/cineclub-sympathie-pour-le-diable\/","og_locale":"fr_FR","og_type":"article","og_title":"Cin\u00e9club: Sympathie pour le diable - Franc\u00fazsky in\u0161tit\u00fat na Slovensku","og_description":"Sarajevo, novembre 92, sept mois apr\u00e8s le d\u00e9but du si\u00e8ge. Le reporter de guerre Paul Marchand nous plonge dans les entrailles d\u2019un conflit fratricide, sous le regard impassible de la communaut\u00e9 internationale. Entre son objectivit\u00e9 journalistique, le sentiment d\u2019impuissance et un certain sens du devoir face \u00e0 l\u2019horreur, il devra prendre parti. Mise en sc\u00e8ne [&hellip;]","og_url":"https:\/\/institutfrancais.sk\/fr\/podujatie\/cineclub-sympathie-pour-le-diable\/","og_site_name":"Franc\u00fazsky in\u0161tit\u00fat na Slovensku","article_modified_time":"2023-05-12T10:21:48+00:00","og_image":[{"width":1920,"height":1080,"url":"https:\/\/institutfrancais.sk\/wp-content\/uploads\/2023\/05\/Sympathie-pour-le-diable.png","type":"image\/png"}],"twitter_card":"summary_large_image","twitter_misc":{"Dur\u00e9e de lecture estim\u00e9e":"1 minute"},"schema":{"@context":"https:\/\/schema.org","@graph":[{"@type":"WebPage","@id":"https:\/\/institutfrancais.sk\/fr\/podujatie\/cineclub-sympathie-pour-le-diable\/","url":"https:\/\/institutfrancais.sk\/fr\/podujatie\/cineclub-sympathie-pour-le-diable\/","name":"Cin\u00e9club: Sympathie pour le diable - Franc\u00fazsky in\u0161tit\u00fat na Slovensku","isPartOf":{"@id":"https:\/\/institutfrancais.sk\/fr\/#website"},"primaryImageOfPage":{"@id":"https:\/\/institutfrancais.sk\/fr\/podujatie\/cineclub-sympathie-pour-le-diable\/#primaryimage"},"image":{"@id":"https:\/\/institutfrancais.sk\/fr\/podujatie\/cineclub-sympathie-pour-le-diable\/#primaryimage"},"thumbnailUrl":"https:\/\/institutfrancais.sk\/wp-content\/uploads\/2023\/05\/Sympathie-pour-le-diable.png","datePublished":"2023-05-12T10:18:28+00:00","dateModified":"2023-05-12T10:21:48+00:00","breadcrumb":{"@id":"https:\/\/institutfrancais.sk\/fr\/podujatie\/cineclub-sympathie-pour-le-diable\/#breadcrumb"},"inLanguage":"fr-FR","potentialAction":[{"@type":"ReadAction","target":["https:\/\/institutfrancais.sk\/fr\/podujatie\/cineclub-sympathie-pour-le-diable\/"]}]},{"@type":"ImageObject","inLanguage":"fr-FR","@id":"https:\/\/institutfrancais.sk\/fr\/podujatie\/cineclub-sympathie-pour-le-diable\/#primaryimage","url":"https:\/\/institutfrancais.sk\/wp-content\/uploads\/2023\/05\/Sympathie-pour-le-diable.png","contentUrl":"https:\/\/institutfrancais.sk\/wp-content\/uploads\/2023\/05\/Sympathie-pour-le-diable.png","width":1920,"height":1080},{"@type":"BreadcrumbList","@id":"https:\/\/institutfrancais.sk\/fr\/podujatie\/cineclub-sympathie-pour-le-diable\/#breadcrumb","itemListElement":[{"@type":"ListItem","position":1,"name":"Home","item":"https:\/\/institutfrancais.sk\/fr\/"},{"@type":"ListItem","position":2,"name":"Events","item":"https:\/\/institutfrancais.sk\/fr\/podujatie\/"},{"@type":"ListItem","position":3,"name":"Cin\u00e9club: Sympathie pour le diable"}]},{"@type":"WebSite","@id":"https:\/\/institutfrancais.sk\/fr\/#website","url":"https:\/\/institutfrancais.sk\/fr\/","name":"Franc\u00fazsky in\u0161tit\u00fat na Slovensku","description":"Franc\u00fazsky in\u0161tit\u00fat na Slovensku","potentialAction":[{"@type":"SearchAction","target":{"@type":"EntryPoint","urlTemplate":"https:\/\/institutfrancais.sk\/fr\/?s={search_term_string}"},"query-input":{"@type":"PropertyValueSpecification","valueRequired":true,"valueName":"search_term_string"}}],"inLanguage":"fr-FR"}]}},"_links":{"self":[{"href":"https:\/\/institutfrancais.sk\/fr\/wp-json\/wp\/v2\/podujatie\/26976"}],"collection":[{"href":"https:\/\/institutfrancais.sk\/fr\/wp-json\/wp\/v2\/podujatie"}],"about":[{"href":"https:\/\/institutfrancais.sk\/fr\/wp-json\/wp\/v2\/types\/podujatie"}],"wp:featuredmedia":[{"embeddable":true,"href":"https:\/\/institutfrancais.sk\/fr\/wp-json\/wp\/v2\/media\/26974"}],"wp:attachment":[{"href":"https:\/\/institutfrancais.sk\/fr\/wp-json\/wp\/v2\/media?parent=26976"}],"wp:term":[{"taxonomy":"typ-podujatia","embeddable":true,"href":"https:\/\/institutfrancais.sk\/fr\/wp-json\/wp\/v2\/typ-podujatia?post=26976"}],"curies":[{"name":"wp","href":"https:\/\/api.w.org\/{rel}","templated":true}]}}

Cinéclub: Sympathie pour le diable

<p>Sarajevo, novembre 92, sept mois après le début du siège. Le reporter de guerre Paul Marchand nous plonge dans les entrailles d’un conflit fratricide, sous le regard impassible de la communauté internationale. Entre son objectivité journalistique, le sentiment d’impuissance et un certain sens du devoir face à l’horreur, il devra prendre parti.</p>


<div class="space xs"></div>


<p><strong>Mise en scène : </strong>Hubert Charuel<strong> / Avec : </strong>Niels Schneider, Vincent Rottiers, Ella Rumpf, Izudin Bajrović, Clément Métayer, Elisa Lasowski, Arieh Worthalter, Aldin Tucic</p>



<p><strong>100 min / Drame / En VO&nbsp;sous-titrée tchèque </strong></p>


<div class="space xs"></div>


<figure class="wp-block-embed is-type-video is-provider-youtube wp-block-embed-youtube wp-embed-aspect-16-9 wp-has-aspect-ratio"><div class="wp-block-embed__wrapper">
<iframe loading="lazy" title="Bande annonce officielle de Sympathie pour le diable de Guillaume de Fontenay" width="500" height="281" src="https://www.youtube.com/embed/ehfyXJ_dTfM?feature=oembed" frameborder="0" allow="accelerometer; autoplay; clipboard-write; encrypted-media; gyroscope; picture-in-picture; web-share" referrerpolicy="strict-origin-when-cross-origin" allowfullscreen></iframe>
</div></figure>


</div><iframe loading="lazy" src="https://www.google.com/maps/embed?pb=!1m18!1m12!1m3!1d2662.2735746915087!2d17.10532635165492!3d48.14353077912193!2m3!1f0!2f0!3f0!3m2!1i1024!2i768!4f13.1!3m3!1m2!1s0x476c8942d3867d0f%3A0xf92cfa7be90ee73!2zRnJhbmPDunpza3kgaW7FoXRpdMO6dA!5e0!3m2!1ssk!2ssk!4v1575902399794!5m2!1ssk!2ssk" width="100%" height="558" frameborder="0" class="gmap-iframe" allowfullscreen=""></iframe><div class="wrap narrow-wrap">

<!-- This site is optimized with the Yoast SEO plugin v24.5 - https://yoast.com/wordpress/plugins/seo/ -->
<title>Cinéclub: Sympathie pour le diable - Francúzsky inštitút na Slovensku</title>
<meta name="robots" content="index, follow, max-snippet:-1, max-image-preview:large, max-video-preview:-1" />
<link rel="canonical" href="https://institutfrancais.sk/fr/podujatie/cineclub-sympathie-pour-le-diable/" />
<meta property="og:locale" content="fr_FR" />
<meta property="og:type" content="article" />
<meta property="og:title" content="Cinéclub: Sympathie pour le diable - Francúzsky inštitút na Slovensku" />
<meta property="og:description" content="Sarajevo, novembre 92, sept mois après le début du siège. Le reporter de guerre Paul Marchand nous plonge dans les entrailles d’un conflit fratricide, sous le regard impassible de la communauté internationale. Entre son objectivité journalistique, le sentiment d’impuissance et un certain sens du devoir face à l’horreur, il devra prendre parti. Mise en scène [&hellip;]" />
<meta property="og:url" content="https://institutfrancais.sk/fr/podujatie/cineclub-sympathie-pour-le-diable/" />
<meta property="og:site_name" content="Francúzsky inštitút na Slovensku" />
<meta property="article:modified_time" content="2023-05-12T10:21:48+00:00" />
<meta property="og:image" content="https://institutfrancais.sk/wp-content/uploads/2023/05/Sympathie-pour-le-diable.png" />
	<meta property="og:image:width" content="1920" />
	<meta property="og:image:height" content="1080" />
	<meta property="og:image:type" content="image/png" />
<meta name="twitter:card" content="summary_large_image" />
<meta name="twitter:label1" content="Durée de lecture estimée" />
	<meta name="twitter:data1" content="1 minute" />
<script type="application/ld+json" class="yoast-schema-graph">{"@context":"https://schema.org","@graph":[{"@type":"WebPage","@id":"https://institutfrancais.sk/fr/podujatie/cineclub-sympathie-pour-le-diable/","url":"https://institutfrancais.sk/fr/podujatie/cineclub-sympathie-pour-le-diable/","name":"Cinéclub: Sympathie pour le diable - Francúzsky inštitút na Slovensku","isPartOf":{"@id":"https://institutfrancais.sk/fr/#website"},"primaryImageOfPage":{"@id":"https://institutfrancais.sk/fr/podujatie/cineclub-sympathie-pour-le-diable/#primaryimage"},"image":{"@id":"https://institutfrancais.sk/fr/podujatie/cineclub-sympathie-pour-le-diable/#primaryimage"},"thumbnailUrl":"https://institutfrancais.sk/wp-content/uploads/2023/05/Sympathie-pour-le-diable.png","datePublished":"2023-05-12T10:18:28+00:00","dateModified":"2023-05-12T10:21:48+00:00","breadcrumb":{"@id":"https://institutfrancais.sk/fr/podujatie/cineclub-sympathie-pour-le-diable/#breadcrumb"},"inLanguage":"fr-FR","potentialAction":[{"@type":"ReadAction","target":["https://institutfrancais.sk/fr/podujatie/cineclub-sympathie-pour-le-diable/"]}]},{"@type":"ImageObject","inLanguage":"fr-FR","@id":"https://institutfrancais.sk/fr/podujatie/cineclub-sympathie-pour-le-diable/#primaryimage","url":"https://institutfrancais.sk/wp-content/uploads/2023/05/Sympathie-pour-le-diable.png","contentUrl":"https://institutfrancais.sk/wp-content/uploads/2023/05/Sympathie-pour-le-diable.png","width":1920,"height":1080},{"@type":"BreadcrumbList","@id":"https://institutfrancais.sk/fr/podujatie/cineclub-sympathie-pour-le-diable/#breadcrumb","itemListElement":[{"@type":"ListItem","position":1,"name":"Home","item":"https://institutfrancais.sk/fr/"},{"@type":"ListItem","position":2,"name":"Events","item":"https://institutfrancais.sk/fr/podujatie/"},{"@type":"ListItem","position":3,"name":"Cinéclub: Sympathie pour le diable"}]},{"@type":"WebSite","@id":"https://institutfrancais.sk/fr/#website","url":"https://institutfrancais.sk/fr/","name":"Francúzsky inštitút na Slovensku","description":"Francúzsky inštitút na Slovensku","potentialAction":[{"@type":"SearchAction","target":{"@type":"EntryPoint","urlTemplate":"https://institutfrancais.sk/fr/?s={search_term_string}"},"query-input":{"@type":"PropertyValueSpecification","valueRequired":true,"valueName":"search_term_string"}}],"inLanguage":"fr-FR"}]}</script>
<!-- / Yoast SEO plugin. -->

Cinéclub: Sympathie pour le diable - Francúzsky inštitút na Slovensku

Sarajevo, novembre 92, sept mois après le début du siège. Le reporter de guerre Paul Marchand nous plonge dans les entrailles d’un conflit fratricide, sous le regard impassible de la communauté internationale. Entre son objectivité journalistique, le sentiment d’impuissance et un certain sens du devoir face à l’horreur, il devra prendre parti. Mise en scène [&hellip;]

Francúzsky inštitút na Slovensku
