{"id":27205,"date":"2023-05-31T15:09:17","date_gmt":"2023-05-31T13:09:17","guid":{"rendered":"https:\/\/institutfrancais.sk\/podujatie\/cineklub-tri-dni-a-jeden-zivot\/"},"modified":"2023-05-31T15:21:40","modified_gmt":"2023-05-31T13:21:40","slug":"trois-jours-et-une-vie","status":"publish","type":"podujatie","link":"https:\/\/institutfrancais.sk\/fr\/podujatie\/trois-jours-et-une-vie\/","title":{"rendered":"Cin\u00e9club : Trois jours et une vie"},"content":{"rendered":"\n<p>\u00c0 la fin de d\u00e9cembre 1999, une surprenante s\u00e9rie d&rsquo;\u00e9v\u00e9nements tragiques s&rsquo;abattit sur Beauval, au premier rang desquels, bien s\u00fbr, la disparition du petit R\u00e9mi Desmedt. Dans cette r\u00e9gion couverte de for\u00eats, soumise \u00e0 des rythmes lents, la disparition soudaine de cet enfant provoqua la stupeur et fut m\u00eame consid\u00e9r\u00e9e, par bien des habitants, comme le signe annonciateur des catastrophes \u00e0 venir.<br>Pour Antoine, qui fut au centre de ce drame, tout commen\u00e7a par la mort du chien.<\/p>\n\n\n<div class=\"space xs\"><\/div>\n\n\n<p><strong>Mise en sc\u00e8ne : <\/strong>Nicolas Boukhrief<strong> \/ Adapt\u00e9 du roman de <\/strong>Pierre Lemaitre<strong> \/ Avec : <\/strong>Sandrine Bonnaire, Charles Berling, Margot Bancilhon, Philippe Torreton, Pablo Pauly, Dimitri Storoge, Thomas Demarez, Andr\u00e9 Pasquasy\u00a0<\/p>\n\n\n\n<p><strong>120 min \/ Drame psychologique \/ En VO&nbsp;sous-titr\u00e9e tch\u00e8que <\/strong><\/p>\n\n\n<div class=\"space xs\"><\/div>\n\n\n<figure class=\"wp-block-embed is-type-video is-provider-youtube wp-block-embed-youtube wp-embed-aspect-16-9 wp-has-aspect-ratio\"><div class=\"wp-block-embed__wrapper\">\n<iframe loading=\"lazy\" title=\"Trois jours et une vie : Bande-annonce\" width=\"500\" height=\"281\" src=\"https:\/\/www.youtube.com\/embed\/HGCFXdGlVcM?feature=oembed\" frameborder=\"0\" allow=\"accelerometer; autoplay; clipboard-write; encrypted-media; gyroscope; picture-in-picture; web-share\" referrerpolicy=\"strict-origin-when-cross-origin\" allowfullscreen><\/iframe>\n<\/div><\/figure>\n\n\n<div class=\"space xs\"><\/div>\n\n<\/div><div class=\"gray-bg\"><div class=\"cta-box\"><div class=\"wrap\"><div class=\"content\"><div class=\"cta-box-content\"><div class=\"left-side\"><div class=\"left-content\"><h2>Le film \u00e9tait bas\u00e9 sur le livre de l&rsquo;auteur fran\u00e7ais Pierre Lemaitre, disponible \u00e0 la m\u00e9diath\u00e8que de l&rsquo;IFS.<\/h2>\n<\/div><a class=\"btn btn-white\" href=\"https:\/\/www.youtube.com\/watch?v=oKwDf_b5I0w&#038;t=6s\">En savoir plus<\/a><\/div><div class=\"right-side\"><div class=\"right-content\"><p><img loading=\"lazy\" decoding=\"async\" class=\"size-medium wp-image-27202 alignright\" src=\"https:\/\/institutfrancais.sk\/wp-content\/uploads\/2023\/05\/Thumbnail_1.10.3-300x169.jpg\" alt=\"\" width=\"300\" height=\"169\" srcset=\"https:\/\/institutfrancais.sk\/wp-content\/uploads\/2023\/05\/Thumbnail_1.10.3-300x169.jpg 300w, https:\/\/institutfrancais.sk\/wp-content\/uploads\/2023\/05\/Thumbnail_1.10.3-1024x576.jpg 1024w, https:\/\/institutfrancais.sk\/wp-content\/uploads\/2023\/05\/Thumbnail_1.10.3-768x432.jpg 768w, https:\/\/institutfrancais.sk\/wp-content\/uploads\/2023\/05\/Thumbnail_1.10.3-1536x864.jpg 1536w, https:\/\/institutfrancais.sk\/wp-content\/uploads\/2023\/05\/Thumbnail_1.10.3-1190x669.jpg 1190w, https:\/\/institutfrancais.sk\/wp-content\/uploads\/2023\/05\/Thumbnail_1.10.3-1690x951.jpg 1690w, https:\/\/institutfrancais.sk\/wp-content\/uploads\/2023\/05\/Thumbnail_1.10.3.jpg 1920w\" sizes=\"(max-width: 300px) 100vw, 300px\" \/><\/p>\n<\/div><\/div><\/div><\/div><\/div><\/div><\/div><div class=\"wrap narrow-wrap\">\n\n<\/div><iframe loading=\"lazy\" src=\"https:\/\/www.google.com\/maps\/embed?pb=!1m18!1m12!1m3!1d2662.2735746915087!2d17.10532635165492!3d48.14353077912193!2m3!1f0!2f0!3f0!3m2!1i1024!2i768!4f13.1!3m3!1m2!1s0x476c8942d3867d0f%3A0xf92cfa7be90ee73!2zRnJhbmPDunpza3kgaW7FoXRpdMO6dA!5e0!3m2!1ssk!2ssk!4v1575902399794!5m2!1ssk!2ssk\" width=\"100%\" height=\"558\" frameborder=\"0\" class=\"gmap-iframe\" allowfullscreen=\"\"><\/iframe><div class=\"wrap narrow-wrap\">","protected":false},"featured_media":27200,"template":"","typ-podujatia":[52],"acf":[],"yoast_head":"<!-- This site is optimized with the Yoast SEO plugin v24.5 - https:\/\/yoast.com\/wordpress\/plugins\/seo\/ -->\n<title>Cin\u00e9club : Trois jours et une vie - Franc\u00fazsky in\u0161tit\u00fat na Slovensku<\/title>\n<meta name=\"robots\" content=\"index, follow, max-snippet:-1, max-image-preview:large, max-video-preview:-1\" \/>\n<link rel=\"canonical\" href=\"https:\/\/institutfrancais.sk\/fr\/podujatie\/trois-jours-et-une-vie\/\" \/>\n<meta property=\"og:locale\" content=\"fr_FR\" \/>\n<meta property=\"og:type\" content=\"article\" \/>\n<meta property=\"og:title\" content=\"Cin\u00e9club : Trois jours et une vie - Franc\u00fazsky in\u0161tit\u00fat na Slovensku\" \/>\n<meta property=\"og:description\" content=\"\u00c0 la fin de d\u00e9cembre 1999, une surprenante s\u00e9rie d&rsquo;\u00e9v\u00e9nements tragiques s&rsquo;abattit sur Beauval, au premier rang desquels, bien s\u00fbr, la disparition du petit R\u00e9mi Desmedt. Dans cette r\u00e9gion couverte de for\u00eats, soumise \u00e0 des rythmes lents, la disparition soudaine de cet enfant provoqua la stupeur et fut m\u00eame consid\u00e9r\u00e9e, par bien des habitants, comme [&hellip;]\" \/>\n<meta property=\"og:url\" content=\"https:\/\/institutfrancais.sk\/fr\/podujatie\/trois-jours-et-une-vie\/\" \/>\n<meta property=\"og:site_name\" content=\"Franc\u00fazsky in\u0161tit\u00fat na Slovensku\" \/>\n<meta property=\"article:modified_time\" content=\"2023-05-31T13:21:40+00:00\" \/>\n<meta property=\"og:image\" content=\"https:\/\/institutfrancais.sk\/wp-content\/uploads\/2023\/05\/image.png\" \/>\n\t<meta property=\"og:image:width\" content=\"1656\" \/>\n\t<meta property=\"og:image:height\" content=\"1060\" \/>\n\t<meta property=\"og:image:type\" content=\"image\/png\" \/>\n<meta name=\"twitter:card\" content=\"summary_large_image\" \/>\n<meta name=\"twitter:label1\" content=\"Dur\u00e9e de lecture estim\u00e9e\" \/>\n\t<meta name=\"twitter:data1\" content=\"1 minute\" \/>\n<script type=\"application\/ld+json\" class=\"yoast-schema-graph\">{\"@context\":\"https:\/\/schema.org\",\"@graph\":[{\"@type\":\"WebPage\",\"@id\":\"https:\/\/institutfrancais.sk\/fr\/podujatie\/trois-jours-et-une-vie\/\",\"url\":\"https:\/\/institutfrancais.sk\/fr\/podujatie\/trois-jours-et-une-vie\/\",\"name\":\"Cin\u00e9club : Trois jours et une vie - Franc\u00fazsky in\u0161tit\u00fat na Slovensku\",\"isPartOf\":{\"@id\":\"https:\/\/institutfrancais.sk\/fr\/#website\"},\"primaryImageOfPage\":{\"@id\":\"https:\/\/institutfrancais.sk\/fr\/podujatie\/trois-jours-et-une-vie\/#primaryimage\"},\"image\":{\"@id\":\"https:\/\/institutfrancais.sk\/fr\/podujatie\/trois-jours-et-une-vie\/#primaryimage\"},\"thumbnailUrl\":\"https:\/\/institutfrancais.sk\/wp-content\/uploads\/2023\/05\/image.png\",\"datePublished\":\"2023-05-31T13:09:17+00:00\",\"dateModified\":\"2023-05-31T13:21:40+00:00\",\"breadcrumb\":{\"@id\":\"https:\/\/institutfrancais.sk\/fr\/podujatie\/trois-jours-et-une-vie\/#breadcrumb\"},\"inLanguage\":\"fr-FR\",\"potentialAction\":[{\"@type\":\"ReadAction\",\"target\":[\"https:\/\/institutfrancais.sk\/fr\/podujatie\/trois-jours-et-une-vie\/\"]}]},{\"@type\":\"ImageObject\",\"inLanguage\":\"fr-FR\",\"@id\":\"https:\/\/institutfrancais.sk\/fr\/podujatie\/trois-jours-et-une-vie\/#primaryimage\",\"url\":\"https:\/\/institutfrancais.sk\/wp-content\/uploads\/2023\/05\/image.png\",\"contentUrl\":\"https:\/\/institutfrancais.sk\/wp-content\/uploads\/2023\/05\/image.png\",\"width\":1656,\"height\":1060},{\"@type\":\"BreadcrumbList\",\"@id\":\"https:\/\/institutfrancais.sk\/fr\/podujatie\/trois-jours-et-une-vie\/#breadcrumb\",\"itemListElement\":[{\"@type\":\"ListItem\",\"position\":1,\"name\":\"Home\",\"item\":\"https:\/\/institutfrancais.sk\/fr\/\"},{\"@type\":\"ListItem\",\"position\":2,\"name\":\"Events\",\"item\":\"https:\/\/institutfrancais.sk\/fr\/podujatie\/\"},{\"@type\":\"ListItem\",\"position\":3,\"name\":\"Cin\u00e9club : Trois jours et une vie\"}]},{\"@type\":\"WebSite\",\"@id\":\"https:\/\/institutfrancais.sk\/fr\/#website\",\"url\":\"https:\/\/institutfrancais.sk\/fr\/\",\"name\":\"Franc\u00fazsky in\u0161tit\u00fat na Slovensku\",\"description\":\"Franc\u00fazsky in\u0161tit\u00fat na Slovensku\",\"potentialAction\":[{\"@type\":\"SearchAction\",\"target\":{\"@type\":\"EntryPoint\",\"urlTemplate\":\"https:\/\/institutfrancais.sk\/fr\/?s={search_term_string}\"},\"query-input\":{\"@type\":\"PropertyValueSpecification\",\"valueRequired\":true,\"valueName\":\"search_term_string\"}}],\"inLanguage\":\"fr-FR\"}]}<\/script>\n<!-- \/ Yoast SEO plugin. -->","yoast_head_json":{"title":"Cin\u00e9club : Trois jours et une vie - Franc\u00fazsky in\u0161tit\u00fat na Slovensku","robots":{"index":"index","follow":"follow","max-snippet":"max-snippet:-1","max-image-preview":"max-image-preview:large","max-video-preview":"max-video-preview:-1"},"canonical":"https:\/\/institutfrancais.sk\/fr\/podujatie\/trois-jours-et-une-vie\/","og_locale":"fr_FR","og_type":"article","og_title":"Cin\u00e9club : Trois jours et une vie - Franc\u00fazsky in\u0161tit\u00fat na Slovensku","og_description":"\u00c0 la fin de d\u00e9cembre 1999, une surprenante s\u00e9rie d&rsquo;\u00e9v\u00e9nements tragiques s&rsquo;abattit sur Beauval, au premier rang desquels, bien s\u00fbr, la disparition du petit R\u00e9mi Desmedt. Dans cette r\u00e9gion couverte de for\u00eats, soumise \u00e0 des rythmes lents, la disparition soudaine de cet enfant provoqua la stupeur et fut m\u00eame consid\u00e9r\u00e9e, par bien des habitants, comme [&hellip;]","og_url":"https:\/\/institutfrancais.sk\/fr\/podujatie\/trois-jours-et-une-vie\/","og_site_name":"Franc\u00fazsky in\u0161tit\u00fat na Slovensku","article_modified_time":"2023-05-31T13:21:40+00:00","og_image":[{"width":1656,"height":1060,"url":"https:\/\/institutfrancais.sk\/wp-content\/uploads\/2023\/05\/image.png","type":"image\/png"}],"twitter_card":"summary_large_image","twitter_misc":{"Dur\u00e9e de lecture estim\u00e9e":"1 minute"},"schema":{"@context":"https:\/\/schema.org","@graph":[{"@type":"WebPage","@id":"https:\/\/institutfrancais.sk\/fr\/podujatie\/trois-jours-et-une-vie\/","url":"https:\/\/institutfrancais.sk\/fr\/podujatie\/trois-jours-et-une-vie\/","name":"Cin\u00e9club : Trois jours et une vie - Franc\u00fazsky in\u0161tit\u00fat na Slovensku","isPartOf":{"@id":"https:\/\/institutfrancais.sk\/fr\/#website"},"primaryImageOfPage":{"@id":"https:\/\/institutfrancais.sk\/fr\/podujatie\/trois-jours-et-une-vie\/#primaryimage"},"image":{"@id":"https:\/\/institutfrancais.sk\/fr\/podujatie\/trois-jours-et-une-vie\/#primaryimage"},"thumbnailUrl":"https:\/\/institutfrancais.sk\/wp-content\/uploads\/2023\/05\/image.png","datePublished":"2023-05-31T13:09:17+00:00","dateModified":"2023-05-31T13:21:40+00:00","breadcrumb":{"@id":"https:\/\/institutfrancais.sk\/fr\/podujatie\/trois-jours-et-une-vie\/#breadcrumb"},"inLanguage":"fr-FR","potentialAction":[{"@type":"ReadAction","target":["https:\/\/institutfrancais.sk\/fr\/podujatie\/trois-jours-et-une-vie\/"]}]},{"@type":"ImageObject","inLanguage":"fr-FR","@id":"https:\/\/institutfrancais.sk\/fr\/podujatie\/trois-jours-et-une-vie\/#primaryimage","url":"https:\/\/institutfrancais.sk\/wp-content\/uploads\/2023\/05\/image.png","contentUrl":"https:\/\/institutfrancais.sk\/wp-content\/uploads\/2023\/05\/image.png","width":1656,"height":1060},{"@type":"BreadcrumbList","@id":"https:\/\/institutfrancais.sk\/fr\/podujatie\/trois-jours-et-une-vie\/#breadcrumb","itemListElement":[{"@type":"ListItem","position":1,"name":"Home","item":"https:\/\/institutfrancais.sk\/fr\/"},{"@type":"ListItem","position":2,"name":"Events","item":"https:\/\/institutfrancais.sk\/fr\/podujatie\/"},{"@type":"ListItem","position":3,"name":"Cin\u00e9club : Trois jours et une vie"}]},{"@type":"WebSite","@id":"https:\/\/institutfrancais.sk\/fr\/#website","url":"https:\/\/institutfrancais.sk\/fr\/","name":"Franc\u00fazsky in\u0161tit\u00fat na Slovensku","description":"Franc\u00fazsky in\u0161tit\u00fat na Slovensku","potentialAction":[{"@type":"SearchAction","target":{"@type":"EntryPoint","urlTemplate":"https:\/\/institutfrancais.sk\/fr\/?s={search_term_string}"},"query-input":{"@type":"PropertyValueSpecification","valueRequired":true,"valueName":"search_term_string"}}],"inLanguage":"fr-FR"}]}},"_links":{"self":[{"href":"https:\/\/institutfrancais.sk\/fr\/wp-json\/wp\/v2\/podujatie\/27205"}],"collection":[{"href":"https:\/\/institutfrancais.sk\/fr\/wp-json\/wp\/v2\/podujatie"}],"about":[{"href":"https:\/\/institutfrancais.sk\/fr\/wp-json\/wp\/v2\/types\/podujatie"}],"wp:featuredmedia":[{"embeddable":true,"href":"https:\/\/institutfrancais.sk\/fr\/wp-json\/wp\/v2\/media\/27200"}],"wp:attachment":[{"href":"https:\/\/institutfrancais.sk\/fr\/wp-json\/wp\/v2\/media?parent=27205"}],"wp:term":[{"taxonomy":"typ-podujatia","embeddable":true,"href":"https:\/\/institutfrancais.sk\/fr\/wp-json\/wp\/v2\/typ-podujatia?post=27205"}],"curies":[{"name":"wp","href":"https:\/\/api.w.org\/{rel}","templated":true}]}}

Cinéclub : Trois jours et une vie

<p>À la fin de décembre 1999, une surprenante série d&rsquo;événements tragiques s&rsquo;abattit sur Beauval, au premier rang desquels, bien sûr, la disparition du petit Rémi Desmedt. Dans cette région couverte de forêts, soumise à des rythmes lents, la disparition soudaine de cet enfant provoqua la stupeur et fut même considérée, par bien des habitants, comme le signe annonciateur des catastrophes à venir.<br>Pour Antoine, qui fut au centre de ce drame, tout commença par la mort du chien.</p>


<div class="space xs"></div>


<p><strong>Mise en scène : </strong>Nicolas Boukhrief<strong> / Adapté du roman de </strong>Pierre Lemaitre<strong> / Avec : </strong>Sandrine Bonnaire, Charles Berling, Margot Bancilhon, Philippe Torreton, Pablo Pauly, Dimitri Storoge, Thomas Demarez, André Pasquasy </p>



<p><strong>120 min / Drame psychologique / En VO&nbsp;sous-titrée tchèque </strong></p>


<div class="space xs"></div>


<figure class="wp-block-embed is-type-video is-provider-youtube wp-block-embed-youtube wp-embed-aspect-16-9 wp-has-aspect-ratio"><div class="wp-block-embed__wrapper">
<iframe loading="lazy" title="Trois jours et une vie : Bande-annonce" width="500" height="281" src="https://www.youtube.com/embed/HGCFXdGlVcM?feature=oembed" frameborder="0" allow="accelerometer; autoplay; clipboard-write; encrypted-media; gyroscope; picture-in-picture; web-share" referrerpolicy="strict-origin-when-cross-origin" allowfullscreen></iframe>
</div></figure>


<div class="space xs"></div>

</div><div class="gray-bg"><div class="cta-box"><div class="wrap"><div class="content"><div class="cta-box-content"><div class="left-side"><div class="left-content"><h2>Le film était basé sur le livre de l&rsquo;auteur français Pierre Lemaitre, disponible à la médiathèque de l&rsquo;IFS.</h2>
</div><a class="btn btn-white" href="https://www.youtube.com/watch?v=oKwDf_b5I0w&#038;t=6s">En savoir plus</a></div><div class="right-side"><div class="right-content"><p><img loading="lazy" decoding="async" class="size-medium wp-image-27202 alignright" src="https://institutfrancais.sk/wp-content/uploads/2023/05/Thumbnail_1.10.3-300x169.jpg" alt="" width="300" height="169" srcset="https://institutfrancais.sk/wp-content/uploads/2023/05/Thumbnail_1.10.3-300x169.jpg 300w, https://institutfrancais.sk/wp-content/uploads/2023/05/Thumbnail_1.10.3-1024x576.jpg 1024w, https://institutfrancais.sk/wp-content/uploads/2023/05/Thumbnail_1.10.3-768x432.jpg 768w, https://institutfrancais.sk/wp-content/uploads/2023/05/Thumbnail_1.10.3-1536x864.jpg 1536w, https://institutfrancais.sk/wp-content/uploads/2023/05/Thumbnail_1.10.3-1190x669.jpg 1190w, https://institutfrancais.sk/wp-content/uploads/2023/05/Thumbnail_1.10.3-1690x951.jpg 1690w, https://institutfrancais.sk/wp-content/uploads/2023/05/Thumbnail_1.10.3.jpg 1920w" sizes="(max-width: 300px) 100vw, 300px" /></p>
</div></div></div></div></div></div></div><div class="wrap narrow-wrap">

</div><iframe loading="lazy" src="https://www.google.com/maps/embed?pb=!1m18!1m12!1m3!1d2662.2735746915087!2d17.10532635165492!3d48.14353077912193!2m3!1f0!2f0!3f0!3m2!1i1024!2i768!4f13.1!3m3!1m2!1s0x476c8942d3867d0f%3A0xf92cfa7be90ee73!2zRnJhbmPDunpza3kgaW7FoXRpdMO6dA!5e0!3m2!1ssk!2ssk!4v1575902399794!5m2!1ssk!2ssk" width="100%" height="558" frameborder="0" class="gmap-iframe" allowfullscreen=""></iframe><div class="wrap narrow-wrap">

<!-- This site is optimized with the Yoast SEO plugin v24.5 - https://yoast.com/wordpress/plugins/seo/ -->
<title>Cinéclub : Trois jours et une vie - Francúzsky inštitút na Slovensku</title>
<meta name="robots" content="index, follow, max-snippet:-1, max-image-preview:large, max-video-preview:-1" />
<link rel="canonical" href="https://institutfrancais.sk/fr/podujatie/trois-jours-et-une-vie/" />
<meta property="og:locale" content="fr_FR" />
<meta property="og:type" content="article" />
<meta property="og:title" content="Cinéclub : Trois jours et une vie - Francúzsky inštitút na Slovensku" />
<meta property="og:description" content="À la fin de décembre 1999, une surprenante série d&rsquo;événements tragiques s&rsquo;abattit sur Beauval, au premier rang desquels, bien sûr, la disparition du petit Rémi Desmedt. Dans cette région couverte de forêts, soumise à des rythmes lents, la disparition soudaine de cet enfant provoqua la stupeur et fut même considérée, par bien des habitants, comme [&hellip;]" />
<meta property="og:url" content="https://institutfrancais.sk/fr/podujatie/trois-jours-et-une-vie/" />
<meta property="og:site_name" content="Francúzsky inštitút na Slovensku" />
<meta property="article:modified_time" content="2023-05-31T13:21:40+00:00" />
<meta property="og:image" content="https://institutfrancais.sk/wp-content/uploads/2023/05/image.png" />
	<meta property="og:image:width" content="1656" />
	<meta property="og:image:height" content="1060" />
	<meta property="og:image:type" content="image/png" />
<meta name="twitter:card" content="summary_large_image" />
<meta name="twitter:label1" content="Durée de lecture estimée" />
	<meta name="twitter:data1" content="1 minute" />
<script type="application/ld+json" class="yoast-schema-graph">{"@context":"https://schema.org","@graph":[{"@type":"WebPage","@id":"https://institutfrancais.sk/fr/podujatie/trois-jours-et-une-vie/","url":"https://institutfrancais.sk/fr/podujatie/trois-jours-et-une-vie/","name":"Cinéclub : Trois jours et une vie - Francúzsky inštitút na Slovensku","isPartOf":{"@id":"https://institutfrancais.sk/fr/#website"},"primaryImageOfPage":{"@id":"https://institutfrancais.sk/fr/podujatie/trois-jours-et-une-vie/#primaryimage"},"image":{"@id":"https://institutfrancais.sk/fr/podujatie/trois-jours-et-une-vie/#primaryimage"},"thumbnailUrl":"https://institutfrancais.sk/wp-content/uploads/2023/05/image.png","datePublished":"2023-05-31T13:09:17+00:00","dateModified":"2023-05-31T13:21:40+00:00","breadcrumb":{"@id":"https://institutfrancais.sk/fr/podujatie/trois-jours-et-une-vie/#breadcrumb"},"inLanguage":"fr-FR","potentialAction":[{"@type":"ReadAction","target":["https://institutfrancais.sk/fr/podujatie/trois-jours-et-une-vie/"]}]},{"@type":"ImageObject","inLanguage":"fr-FR","@id":"https://institutfrancais.sk/fr/podujatie/trois-jours-et-une-vie/#primaryimage","url":"https://institutfrancais.sk/wp-content/uploads/2023/05/image.png","contentUrl":"https://institutfrancais.sk/wp-content/uploads/2023/05/image.png","width":1656,"height":1060},{"@type":"BreadcrumbList","@id":"https://institutfrancais.sk/fr/podujatie/trois-jours-et-une-vie/#breadcrumb","itemListElement":[{"@type":"ListItem","position":1,"name":"Home","item":"https://institutfrancais.sk/fr/"},{"@type":"ListItem","position":2,"name":"Events","item":"https://institutfrancais.sk/fr/podujatie/"},{"@type":"ListItem","position":3,"name":"Cinéclub : Trois jours et une vie"}]},{"@type":"WebSite","@id":"https://institutfrancais.sk/fr/#website","url":"https://institutfrancais.sk/fr/","name":"Francúzsky inštitút na Slovensku","description":"Francúzsky inštitút na Slovensku","potentialAction":[{"@type":"SearchAction","target":{"@type":"EntryPoint","urlTemplate":"https://institutfrancais.sk/fr/?s={search_term_string}"},"query-input":{"@type":"PropertyValueSpecification","valueRequired":true,"valueName":"search_term_string"}}],"inLanguage":"fr-FR"}]}</script>
<!-- / Yoast SEO plugin. -->

Cinéclub : Trois jours et une vie - Francúzsky inštitút na Slovensku

À la fin de décembre 1999, une surprenante série d&rsquo;événements tragiques s&rsquo;abattit sur Beauval, au premier rang desquels, bien sûr, la disparition du petit Rémi Desmedt. Dans cette région couverte de forêts, soumise à des rythmes lents, la disparition soudaine de cet enfant provoqua la stupeur et fut même considérée, par bien des habitants, comme [&hellip;]

Francúzsky inštitút na Slovensku
