{"id":28616,"date":"2023-08-04T11:23:21","date_gmt":"2023-08-04T09:23:21","guid":{"rendered":"https:\/\/institutfrancais.sk\/?post_type=podujatie&#038;p=28616"},"modified":"2023-08-09T13:46:20","modified_gmt":"2023-08-09T11:46:20","slug":"atelier-malby","status":"publish","type":"podujatie","link":"https:\/\/institutfrancais.sk\/fr\/podujatie\/atelier-malby\/","title":{"rendered":"Ateli\u00e9r ma\u013eby"},"content":{"rendered":"\n<p>Pr\u00ed\u010fte sa zabavi\u0165&nbsp;<em><strong>ma\u013eovan\u00edm \u00ab\u00a0Pobre\u017eie\u00a0\u00bb<\/strong><\/em>&nbsp;do&nbsp;Franc\u00fazskeho in\u0161tit\u00fatu v&nbsp;<strong>sobotu 26.&nbsp;augusta od&nbsp;9.15 do&nbsp;11.15 hod<\/strong>.<br>Pl\u00e1tno, farby a&nbsp;\u0161tetce s\u00fa V\u00e1m k&nbsp;dispoz\u00edcii. Sta\u010d\u00ed si prinies\u0165 dobr\u00fa n\u00e1ladu:)<\/p>\n\n\n\n<p>Deti s\u00fa v\u00edtan\u00e9, ale musia \u00eds\u0165 v&nbsp;sprievode dospelej osoby.<\/p>\n\n\n\n<p><strong>Po\u010det miest je limitovan\u00fd na<\/strong>&nbsp;<strong>8 maliarov.<\/strong>&nbsp;Zap\u00ed\u0161te sa preto&nbsp;\u010do&nbsp;najsk\u00f4r.<\/p>\n\n\n\n<p>Vstup je vo\u013en\u00fd<\/p>\n","protected":false},"featured_media":28619,"template":"","typ-podujatia":[276],"acf":[],"yoast_head":"<!-- This site is optimized with the Yoast SEO plugin v24.5 - https:\/\/yoast.com\/wordpress\/plugins\/seo\/ -->\n<title>Ateli\u00e9r ma\u013eby - Franc\u00fazsky in\u0161tit\u00fat na Slovensku<\/title>\n<meta name=\"robots\" content=\"index, follow, max-snippet:-1, max-image-preview:large, max-video-preview:-1\" \/>\n<link rel=\"canonical\" href=\"https:\/\/institutfrancais.sk\/fr\/podujatie\/atelier-malby\/\" \/>\n<meta property=\"og:locale\" content=\"fr_FR\" \/>\n<meta property=\"og:type\" content=\"article\" \/>\n<meta property=\"og:title\" content=\"Ateli\u00e9r ma\u013eby - Franc\u00fazsky in\u0161tit\u00fat na Slovensku\" \/>\n<meta property=\"og:description\" content=\"Pr\u00ed\u010fte sa zabavi\u0165&nbsp;ma\u013eovan\u00edm \u00ab\u00a0Pobre\u017eie\u00a0\u00bb&nbsp;do&nbsp;Franc\u00fazskeho in\u0161tit\u00fatu v&nbsp;sobotu 26.&nbsp;augusta od&nbsp;9.15 do&nbsp;11.15 hod.Pl\u00e1tno, farby a&nbsp;\u0161tetce s\u00fa V\u00e1m k&nbsp;dispoz\u00edcii. Sta\u010d\u00ed si prinies\u0165 dobr\u00fa n\u00e1ladu:) Deti s\u00fa v\u00edtan\u00e9, ale musia \u00eds\u0165 v&nbsp;sprievode dospelej osoby. Po\u010det miest je limitovan\u00fd na&nbsp;8 maliarov.&nbsp;Zap\u00ed\u0161te sa preto&nbsp;\u010do&nbsp;najsk\u00f4r. Vstup je vo\u013en\u00fd\" \/>\n<meta property=\"og:url\" content=\"https:\/\/institutfrancais.sk\/fr\/podujatie\/atelier-malby\/\" \/>\n<meta property=\"og:site_name\" content=\"Franc\u00fazsky in\u0161tit\u00fat na Slovensku\" \/>\n<meta property=\"article:modified_time\" content=\"2023-08-09T11:46:20+00:00\" \/>\n<meta property=\"og:image\" content=\"https:\/\/institutfrancais.sk\/wp-content\/uploads\/2023\/08\/Atelier-peinture.png\" \/>\n\t<meta property=\"og:image:width\" content=\"1080\" \/>\n\t<meta property=\"og:image:height\" content=\"1080\" \/>\n\t<meta property=\"og:image:type\" content=\"image\/png\" \/>\n<meta name=\"twitter:card\" content=\"summary_large_image\" \/>\n<meta name=\"twitter:label1\" content=\"Dur\u00e9e de lecture estim\u00e9e\" \/>\n\t<meta name=\"twitter:data1\" content=\"1 minute\" \/>\n<script type=\"application\/ld+json\" class=\"yoast-schema-graph\">{\"@context\":\"https:\/\/schema.org\",\"@graph\":[{\"@type\":\"WebPage\",\"@id\":\"https:\/\/institutfrancais.sk\/fr\/podujatie\/atelier-malby\/\",\"url\":\"https:\/\/institutfrancais.sk\/fr\/podujatie\/atelier-malby\/\",\"name\":\"Ateli\u00e9r ma\u013eby - Franc\u00fazsky in\u0161tit\u00fat na Slovensku\",\"isPartOf\":{\"@id\":\"https:\/\/institutfrancais.sk\/fr\/#website\"},\"primaryImageOfPage\":{\"@id\":\"https:\/\/institutfrancais.sk\/fr\/podujatie\/atelier-malby\/#primaryimage\"},\"image\":{\"@id\":\"https:\/\/institutfrancais.sk\/fr\/podujatie\/atelier-malby\/#primaryimage\"},\"thumbnailUrl\":\"https:\/\/institutfrancais.sk\/wp-content\/uploads\/2023\/08\/Atelier-peinture.png\",\"datePublished\":\"2023-08-04T09:23:21+00:00\",\"dateModified\":\"2023-08-09T11:46:20+00:00\",\"breadcrumb\":{\"@id\":\"https:\/\/institutfrancais.sk\/fr\/podujatie\/atelier-malby\/#breadcrumb\"},\"inLanguage\":\"fr-FR\",\"potentialAction\":[{\"@type\":\"ReadAction\",\"target\":[\"https:\/\/institutfrancais.sk\/fr\/podujatie\/atelier-malby\/\"]}]},{\"@type\":\"ImageObject\",\"inLanguage\":\"fr-FR\",\"@id\":\"https:\/\/institutfrancais.sk\/fr\/podujatie\/atelier-malby\/#primaryimage\",\"url\":\"https:\/\/institutfrancais.sk\/wp-content\/uploads\/2023\/08\/Atelier-peinture.png\",\"contentUrl\":\"https:\/\/institutfrancais.sk\/wp-content\/uploads\/2023\/08\/Atelier-peinture.png\",\"width\":1080,\"height\":1080,\"caption\":\"Franc\u00fazsky in\u0161tit\u00fat\"},{\"@type\":\"BreadcrumbList\",\"@id\":\"https:\/\/institutfrancais.sk\/fr\/podujatie\/atelier-malby\/#breadcrumb\",\"itemListElement\":[{\"@type\":\"ListItem\",\"position\":1,\"name\":\"Home\",\"item\":\"https:\/\/institutfrancais.sk\/fr\/\"},{\"@type\":\"ListItem\",\"position\":2,\"name\":\"Events\",\"item\":\"https:\/\/institutfrancais.sk\/fr\/podujatie\/\"},{\"@type\":\"ListItem\",\"position\":3,\"name\":\"Ateli\u00e9r ma\u013eby\"}]},{\"@type\":\"WebSite\",\"@id\":\"https:\/\/institutfrancais.sk\/fr\/#website\",\"url\":\"https:\/\/institutfrancais.sk\/fr\/\",\"name\":\"Franc\u00fazsky in\u0161tit\u00fat na Slovensku\",\"description\":\"Franc\u00fazsky in\u0161tit\u00fat na Slovensku\",\"potentialAction\":[{\"@type\":\"SearchAction\",\"target\":{\"@type\":\"EntryPoint\",\"urlTemplate\":\"https:\/\/institutfrancais.sk\/fr\/?s={search_term_string}\"},\"query-input\":{\"@type\":\"PropertyValueSpecification\",\"valueRequired\":true,\"valueName\":\"search_term_string\"}}],\"inLanguage\":\"fr-FR\"}]}<\/script>\n<!-- \/ Yoast SEO plugin. -->","yoast_head_json":{"title":"Ateli\u00e9r ma\u013eby - Franc\u00fazsky in\u0161tit\u00fat na Slovensku","robots":{"index":"index","follow":"follow","max-snippet":"max-snippet:-1","max-image-preview":"max-image-preview:large","max-video-preview":"max-video-preview:-1"},"canonical":"https:\/\/institutfrancais.sk\/fr\/podujatie\/atelier-malby\/","og_locale":"fr_FR","og_type":"article","og_title":"Ateli\u00e9r ma\u013eby - Franc\u00fazsky in\u0161tit\u00fat na Slovensku","og_description":"Pr\u00ed\u010fte sa zabavi\u0165&nbsp;ma\u013eovan\u00edm \u00ab\u00a0Pobre\u017eie\u00a0\u00bb&nbsp;do&nbsp;Franc\u00fazskeho in\u0161tit\u00fatu v&nbsp;sobotu 26.&nbsp;augusta od&nbsp;9.15 do&nbsp;11.15 hod.Pl\u00e1tno, farby a&nbsp;\u0161tetce s\u00fa V\u00e1m k&nbsp;dispoz\u00edcii. Sta\u010d\u00ed si prinies\u0165 dobr\u00fa n\u00e1ladu:) Deti s\u00fa v\u00edtan\u00e9, ale musia \u00eds\u0165 v&nbsp;sprievode dospelej osoby. Po\u010det miest je limitovan\u00fd na&nbsp;8 maliarov.&nbsp;Zap\u00ed\u0161te sa preto&nbsp;\u010do&nbsp;najsk\u00f4r. Vstup je vo\u013en\u00fd","og_url":"https:\/\/institutfrancais.sk\/fr\/podujatie\/atelier-malby\/","og_site_name":"Franc\u00fazsky in\u0161tit\u00fat na Slovensku","article_modified_time":"2023-08-09T11:46:20+00:00","og_image":[{"width":1080,"height":1080,"url":"https:\/\/institutfrancais.sk\/wp-content\/uploads\/2023\/08\/Atelier-peinture.png","type":"image\/png"}],"twitter_card":"summary_large_image","twitter_misc":{"Dur\u00e9e de lecture estim\u00e9e":"1 minute"},"schema":{"@context":"https:\/\/schema.org","@graph":[{"@type":"WebPage","@id":"https:\/\/institutfrancais.sk\/fr\/podujatie\/atelier-malby\/","url":"https:\/\/institutfrancais.sk\/fr\/podujatie\/atelier-malby\/","name":"Ateli\u00e9r ma\u013eby - Franc\u00fazsky in\u0161tit\u00fat na Slovensku","isPartOf":{"@id":"https:\/\/institutfrancais.sk\/fr\/#website"},"primaryImageOfPage":{"@id":"https:\/\/institutfrancais.sk\/fr\/podujatie\/atelier-malby\/#primaryimage"},"image":{"@id":"https:\/\/institutfrancais.sk\/fr\/podujatie\/atelier-malby\/#primaryimage"},"thumbnailUrl":"https:\/\/institutfrancais.sk\/wp-content\/uploads\/2023\/08\/Atelier-peinture.png","datePublished":"2023-08-04T09:23:21+00:00","dateModified":"2023-08-09T11:46:20+00:00","breadcrumb":{"@id":"https:\/\/institutfrancais.sk\/fr\/podujatie\/atelier-malby\/#breadcrumb"},"inLanguage":"fr-FR","potentialAction":[{"@type":"ReadAction","target":["https:\/\/institutfrancais.sk\/fr\/podujatie\/atelier-malby\/"]}]},{"@type":"ImageObject","inLanguage":"fr-FR","@id":"https:\/\/institutfrancais.sk\/fr\/podujatie\/atelier-malby\/#primaryimage","url":"https:\/\/institutfrancais.sk\/wp-content\/uploads\/2023\/08\/Atelier-peinture.png","contentUrl":"https:\/\/institutfrancais.sk\/wp-content\/uploads\/2023\/08\/Atelier-peinture.png","width":1080,"height":1080,"caption":"Franc\u00fazsky in\u0161tit\u00fat"},{"@type":"BreadcrumbList","@id":"https:\/\/institutfrancais.sk\/fr\/podujatie\/atelier-malby\/#breadcrumb","itemListElement":[{"@type":"ListItem","position":1,"name":"Home","item":"https:\/\/institutfrancais.sk\/fr\/"},{"@type":"ListItem","position":2,"name":"Events","item":"https:\/\/institutfrancais.sk\/fr\/podujatie\/"},{"@type":"ListItem","position":3,"name":"Ateli\u00e9r ma\u013eby"}]},{"@type":"WebSite","@id":"https:\/\/institutfrancais.sk\/fr\/#website","url":"https:\/\/institutfrancais.sk\/fr\/","name":"Franc\u00fazsky in\u0161tit\u00fat na Slovensku","description":"Franc\u00fazsky in\u0161tit\u00fat na Slovensku","potentialAction":[{"@type":"SearchAction","target":{"@type":"EntryPoint","urlTemplate":"https:\/\/institutfrancais.sk\/fr\/?s={search_term_string}"},"query-input":{"@type":"PropertyValueSpecification","valueRequired":true,"valueName":"search_term_string"}}],"inLanguage":"fr-FR"}]}},"_links":{"self":[{"href":"https:\/\/institutfrancais.sk\/fr\/wp-json\/wp\/v2\/podujatie\/28616"}],"collection":[{"href":"https:\/\/institutfrancais.sk\/fr\/wp-json\/wp\/v2\/podujatie"}],"about":[{"href":"https:\/\/institutfrancais.sk\/fr\/wp-json\/wp\/v2\/types\/podujatie"}],"wp:featuredmedia":[{"embeddable":true,"href":"https:\/\/institutfrancais.sk\/fr\/wp-json\/wp\/v2\/media\/28619"}],"wp:attachment":[{"href":"https:\/\/institutfrancais.sk\/fr\/wp-json\/wp\/v2\/media?parent=28616"}],"wp:term":[{"taxonomy":"typ-podujatia","embeddable":true,"href":"https:\/\/institutfrancais.sk\/fr\/wp-json\/wp\/v2\/typ-podujatia?post=28616"}],"curies":[{"name":"wp","href":"https:\/\/api.w.org\/{rel}","templated":true}]}}

Ateliér maľby

<p>Príďte sa zabaviť&nbsp;<em><strong>maľovaním « Pobrežie »</strong></em>&nbsp;do&nbsp;Francúzskeho inštitútu v&nbsp;<strong>sobotu 26.&nbsp;augusta od&nbsp;9.15 do&nbsp;11.15 hod</strong>.<br>Plátno, farby a&nbsp;štetce sú Vám k&nbsp;dispozícii. Stačí si priniesť dobrú náladu:)</p>



<p>Deti sú vítané, ale musia ísť v&nbsp;sprievode dospelej osoby.</p>



<p><strong>Počet miest je limitovaný na</strong>&nbsp;<strong>8 maliarov.</strong>&nbsp;Zapíšte sa preto&nbsp;čo&nbsp;najskôr.</p>



<p>Vstup je voľný</p>

<!-- This site is optimized with the Yoast SEO plugin v24.5 - https://yoast.com/wordpress/plugins/seo/ -->
<title>Ateliér maľby - Francúzsky inštitút na Slovensku</title>
<meta name="robots" content="index, follow, max-snippet:-1, max-image-preview:large, max-video-preview:-1" />
<link rel="canonical" href="https://institutfrancais.sk/fr/podujatie/atelier-malby/" />
<meta property="og:locale" content="fr_FR" />
<meta property="og:type" content="article" />
<meta property="og:title" content="Ateliér maľby - Francúzsky inštitút na Slovensku" />
<meta property="og:description" content="Príďte sa zabaviť&nbsp;maľovaním « Pobrežie »&nbsp;do&nbsp;Francúzskeho inštitútu v&nbsp;sobotu 26.&nbsp;augusta od&nbsp;9.15 do&nbsp;11.15 hod.Plátno, farby a&nbsp;štetce sú Vám k&nbsp;dispozícii. Stačí si priniesť dobrú náladu:) Deti sú vítané, ale musia ísť v&nbsp;sprievode dospelej osoby. Počet miest je limitovaný na&nbsp;8 maliarov.&nbsp;Zapíšte sa preto&nbsp;čo&nbsp;najskôr. Vstup je voľný" />
<meta property="og:url" content="https://institutfrancais.sk/fr/podujatie/atelier-malby/" />
<meta property="og:site_name" content="Francúzsky inštitút na Slovensku" />
<meta property="article:modified_time" content="2023-08-09T11:46:20+00:00" />
<meta property="og:image" content="https://institutfrancais.sk/wp-content/uploads/2023/08/Atelier-peinture.png" />
	<meta property="og:image:width" content="1080" />
	<meta property="og:image:height" content="1080" />
	<meta property="og:image:type" content="image/png" />
<meta name="twitter:card" content="summary_large_image" />
<meta name="twitter:label1" content="Durée de lecture estimée" />
	<meta name="twitter:data1" content="1 minute" />
<script type="application/ld+json" class="yoast-schema-graph">{"@context":"https://schema.org","@graph":[{"@type":"WebPage","@id":"https://institutfrancais.sk/fr/podujatie/atelier-malby/","url":"https://institutfrancais.sk/fr/podujatie/atelier-malby/","name":"Ateliér maľby - Francúzsky inštitút na Slovensku","isPartOf":{"@id":"https://institutfrancais.sk/fr/#website"},"primaryImageOfPage":{"@id":"https://institutfrancais.sk/fr/podujatie/atelier-malby/#primaryimage"},"image":{"@id":"https://institutfrancais.sk/fr/podujatie/atelier-malby/#primaryimage"},"thumbnailUrl":"https://institutfrancais.sk/wp-content/uploads/2023/08/Atelier-peinture.png","datePublished":"2023-08-04T09:23:21+00:00","dateModified":"2023-08-09T11:46:20+00:00","breadcrumb":{"@id":"https://institutfrancais.sk/fr/podujatie/atelier-malby/#breadcrumb"},"inLanguage":"fr-FR","potentialAction":[{"@type":"ReadAction","target":["https://institutfrancais.sk/fr/podujatie/atelier-malby/"]}]},{"@type":"ImageObject","inLanguage":"fr-FR","@id":"https://institutfrancais.sk/fr/podujatie/atelier-malby/#primaryimage","url":"https://institutfrancais.sk/wp-content/uploads/2023/08/Atelier-peinture.png","contentUrl":"https://institutfrancais.sk/wp-content/uploads/2023/08/Atelier-peinture.png","width":1080,"height":1080,"caption":"Francúzsky inštitút"},{"@type":"BreadcrumbList","@id":"https://institutfrancais.sk/fr/podujatie/atelier-malby/#breadcrumb","itemListElement":[{"@type":"ListItem","position":1,"name":"Home","item":"https://institutfrancais.sk/fr/"},{"@type":"ListItem","position":2,"name":"Events","item":"https://institutfrancais.sk/fr/podujatie/"},{"@type":"ListItem","position":3,"name":"Ateliér maľby"}]},{"@type":"WebSite","@id":"https://institutfrancais.sk/fr/#website","url":"https://institutfrancais.sk/fr/","name":"Francúzsky inštitút na Slovensku","description":"Francúzsky inštitút na Slovensku","potentialAction":[{"@type":"SearchAction","target":{"@type":"EntryPoint","urlTemplate":"https://institutfrancais.sk/fr/?s={search_term_string}"},"query-input":{"@type":"PropertyValueSpecification","valueRequired":true,"valueName":"search_term_string"}}],"inLanguage":"fr-FR"}]}</script>
<!-- / Yoast SEO plugin. -->

Ateliér maľby - Francúzsky inštitút na Slovensku

Príďte sa zabaviť&nbsp;maľovaním « Pobrežie »&nbsp;do&nbsp;Francúzskeho inštitútu v&nbsp;sobotu 26.&nbsp;augusta od&nbsp;9.15 do&nbsp;11.15 hod.Plátno, farby a&nbsp;štetce sú Vám k&nbsp;dispozícii. Stačí si priniesť dobrú náladu:) Deti sú vítané, ale musia ísť v&nbsp;sprievode dospelej osoby. Počet miest je limitovaný na&nbsp;8 maliarov.&nbsp;Zapíšte sa preto&nbsp;čo&nbsp;najskôr. Vstup je voľný

Francúzsky inštitút na Slovensku

Francúzsky inštitút
