{"id":31136,"date":"2024-03-01T09:48:00","date_gmt":"2024-03-01T08:48:00","guid":{"rendered":"https:\/\/institutfrancais.sk\/?post_type=podujatie&#038;p=31136"},"modified":"2024-03-05T11:20:01","modified_gmt":"2024-03-05T10:20:01","slug":"journee-portes-ouvertes-de-linstitut-francais","status":"publish","type":"podujatie","link":"https:\/\/institutfrancais.sk\/fr\/podujatie\/journee-portes-ouvertes-de-linstitut-francais\/","title":{"rendered":"Journ\u00e9e Portes Ouvertes de l&rsquo;Institut fran\u00e7ais"},"content":{"rendered":"\n<p>A l\u2019occasion des Journ\u00e9es de la Francophonie et de la <a href=\"https:\/\/institutfrancais.sk\/fr\/cours-de-francais-session-de-printemps-2024\/\"><strong>session d\u2019inscription de printemps<\/strong><\/a>, nous vous invitons \u00e0 notre&nbsp;<strong>Journ\u00e9e Portes Ouvertes<\/strong>, qui aura lieu le mercredi <strong>20 mars 2024 entre 15h00 et 19h00 <\/strong>et qui mettra l&rsquo;accent sur les cours de fran\u00e7ais.<\/p>\n\n\n\n<h4 class=\"wp-block-heading\">Pendant l&rsquo;apr\u00e8s-midi vous allez pouvoir : &nbsp;<\/h4>\n\n\n\n<ul>\n<li>d\u00e9couvrir nos&nbsp;salles de cours&nbsp;dans le centre de Bratislava et le fonctionnement de nos cours en ligne<\/li>\n\n\n\n<li>rencontrer nos&nbsp;<strong>enseignants <\/strong>de fran\u00e7ais<\/li>\n\n\n\n<li>participer \u00e0 un&nbsp;<strong><a href=\"https:\/\/institutfrancais.sk\/fr\/podujatie\/cours-de-demonstration-debutants\/\">cours de d\u00e9monstration<\/a><\/strong>&nbsp;pour les niveaux d\u00e9butants et interm\u00e9diaires<\/li>\n\n\n\n<li><strong>\u00e9valuer&nbsp;votre&nbsp;niveau de fran\u00e7ais<\/strong> et vous inscrire au cours qui vous conviendra<\/li>\n\n\n\n<li>vous <strong>inscrire \u00e0 un cours<\/strong> selon votre demande,<\/li>\n\n\n\n<li>apprendre <strong>la langue des signes fran\u00e7aise.<\/strong><\/li>\n<\/ul>\n\n\n\n<p>En plus des coulisses des cours de fran\u00e7ais, notre biblioth\u00e9caire Jan vous fera visiter la&nbsp;<strong><a href=\"https:\/\/ifslovaquie.bibenligne.fr\/\">m\u00e9diath\u00e8que<\/a>&nbsp;<\/strong>de l\u2019Institut fran\u00e7ais et vous fournira des informations pr\u00e9cieuses sur l\u2019offre de la carte <a href=\"https:\/\/institutfrancais.sk\/fr\/if-pass\/\"><strong>IF Pass<\/strong><\/a>. Un atelier de peinture est \u00e9galement pr\u00e9par\u00e9 pour vous.<\/p>\n\n\n\n<p>Et bien s\u00fbr, nos plus jeunes visiteurs seront ravis d\u2019\u00e9tablir un premier contact avec la langue fran\u00e7aise ou de d\u00e9couvrir la France par le biais de&nbsp;<strong>jeux&nbsp;<\/strong>et d\u2019<strong>activit\u00e9s pour enfants et ados<\/strong>.<\/p>\n\n\n\n<p>Au cours de l&rsquo;apr\u00e8s-midi, vous pourrez \u00e9galement acheter des cr\u00eapes fran\u00e7aises aupr\u00e8s de notre partenaire <em>Chez Am\u00e9lie<\/em>.<\/p>\n\n\n<div class=\"space md\"><\/div>\n\n\n<h4 class=\"wp-block-heading\">Partenaire <\/h4>\n\n\n\n<div class=\"wp-block-columns is-layout-flex wp-container-core-columns-is-layout-1 wp-block-columns-is-layout-flex\">\n<div class=\"wp-block-column is-layout-flow wp-block-column-is-layout-flow\" style=\"flex-basis:20%\">\n<figure class=\"wp-block-image size-full\"><a href=\"https:\/\/chezamelie.sk\/\"><img loading=\"lazy\" decoding=\"async\" width=\"250\" height=\"130\" src=\"https:\/\/institutfrancais.sk\/wp-content\/uploads\/2024\/03\/image.png\" alt=\"\" class=\"wp-image-31133\"\/><\/a><\/figure>\n<\/div>\n\n\n\n<div class=\"wp-block-column is-layout-flow wp-block-column-is-layout-flow\" style=\"flex-basis:20%\"><\/div>\n\n\n\n<div class=\"wp-block-column is-layout-flow wp-block-column-is-layout-flow\" style=\"flex-basis:20%\"><\/div>\n\n\n\n<div class=\"wp-block-column is-layout-flow wp-block-column-is-layout-flow\" style=\"flex-basis:20%\"><\/div>\n\n\n\n<div class=\"wp-block-column is-layout-flow wp-block-column-is-layout-flow\" style=\"flex-basis:20%\"><\/div>\n<\/div>\n\n\n<div class=\"space md\"><\/div>","protected":false},"featured_media":31131,"template":"","typ-podujatia":[98,271],"acf":[],"yoast_head":"<!-- This site is optimized with the Yoast SEO plugin v24.5 - https:\/\/yoast.com\/wordpress\/plugins\/seo\/ -->\n<title>Journ\u00e9e Portes Ouvertes de l&#039;Institut fran\u00e7ais - Franc\u00fazsky in\u0161tit\u00fat na Slovensku<\/title>\n<meta name=\"robots\" content=\"index, follow, max-snippet:-1, max-image-preview:large, max-video-preview:-1\" \/>\n<link rel=\"canonical\" href=\"https:\/\/institutfrancais.sk\/fr\/podujatie\/journee-portes-ouvertes-de-linstitut-francais\/\" \/>\n<meta property=\"og:locale\" content=\"fr_FR\" \/>\n<meta property=\"og:type\" content=\"article\" \/>\n<meta property=\"og:title\" content=\"Journ\u00e9e Portes Ouvertes de l&#039;Institut fran\u00e7ais - Franc\u00fazsky in\u0161tit\u00fat na Slovensku\" \/>\n<meta property=\"og:description\" content=\"A l\u2019occasion des Journ\u00e9es de la Francophonie et de la session d\u2019inscription de printemps, nous vous invitons \u00e0 notre&nbsp;Journ\u00e9e Portes Ouvertes, qui aura lieu le mercredi 20 mars 2024 entre 15h00 et 19h00 et qui mettra l&rsquo;accent sur les cours de fran\u00e7ais. Pendant l&rsquo;apr\u00e8s-midi vous allez pouvoir : &nbsp; En plus des coulisses des cours [&hellip;]\" \/>\n<meta property=\"og:url\" content=\"https:\/\/institutfrancais.sk\/fr\/podujatie\/journee-portes-ouvertes-de-linstitut-francais\/\" \/>\n<meta property=\"og:site_name\" content=\"Franc\u00fazsky in\u0161tit\u00fat na Slovensku\" \/>\n<meta property=\"article:modified_time\" content=\"2024-03-05T10:20:01+00:00\" \/>\n<meta property=\"og:image\" content=\"https:\/\/institutfrancais.sk\/wp-content\/uploads\/2020\/01\/JPO-Facebook-Cover.png\" \/>\n\t<meta property=\"og:image:width\" content=\"1640\" \/>\n\t<meta property=\"og:image:height\" content=\"924\" \/>\n\t<meta property=\"og:image:type\" content=\"image\/png\" \/>\n<meta name=\"twitter:card\" content=\"summary_large_image\" \/>\n<meta name=\"twitter:label1\" content=\"Dur\u00e9e de lecture estim\u00e9e\" \/>\n\t<meta name=\"twitter:data1\" content=\"2 minutes\" \/>\n<script type=\"application\/ld+json\" class=\"yoast-schema-graph\">{\"@context\":\"https:\/\/schema.org\",\"@graph\":[{\"@type\":\"WebPage\",\"@id\":\"https:\/\/institutfrancais.sk\/fr\/podujatie\/journee-portes-ouvertes-de-linstitut-francais\/\",\"url\":\"https:\/\/institutfrancais.sk\/fr\/podujatie\/journee-portes-ouvertes-de-linstitut-francais\/\",\"name\":\"Journ\u00e9e Portes Ouvertes de l'Institut fran\u00e7ais - Franc\u00fazsky in\u0161tit\u00fat na Slovensku\",\"isPartOf\":{\"@id\":\"https:\/\/institutfrancais.sk\/fr\/#website\"},\"primaryImageOfPage\":{\"@id\":\"https:\/\/institutfrancais.sk\/fr\/podujatie\/journee-portes-ouvertes-de-linstitut-francais\/#primaryimage\"},\"image\":{\"@id\":\"https:\/\/institutfrancais.sk\/fr\/podujatie\/journee-portes-ouvertes-de-linstitut-francais\/#primaryimage\"},\"thumbnailUrl\":\"https:\/\/institutfrancais.sk\/wp-content\/uploads\/2020\/01\/JPO-Facebook-Cover.png\",\"datePublished\":\"2024-03-01T08:48:00+00:00\",\"dateModified\":\"2024-03-05T10:20:01+00:00\",\"breadcrumb\":{\"@id\":\"https:\/\/institutfrancais.sk\/fr\/podujatie\/journee-portes-ouvertes-de-linstitut-francais\/#breadcrumb\"},\"inLanguage\":\"fr-FR\",\"potentialAction\":[{\"@type\":\"ReadAction\",\"target\":[\"https:\/\/institutfrancais.sk\/fr\/podujatie\/journee-portes-ouvertes-de-linstitut-francais\/\"]}]},{\"@type\":\"ImageObject\",\"inLanguage\":\"fr-FR\",\"@id\":\"https:\/\/institutfrancais.sk\/fr\/podujatie\/journee-portes-ouvertes-de-linstitut-francais\/#primaryimage\",\"url\":\"https:\/\/institutfrancais.sk\/wp-content\/uploads\/2020\/01\/JPO-Facebook-Cover.png\",\"contentUrl\":\"https:\/\/institutfrancais.sk\/wp-content\/uploads\/2020\/01\/JPO-Facebook-Cover.png\",\"width\":1640,\"height\":924},{\"@type\":\"BreadcrumbList\",\"@id\":\"https:\/\/institutfrancais.sk\/fr\/podujatie\/journee-portes-ouvertes-de-linstitut-francais\/#breadcrumb\",\"itemListElement\":[{\"@type\":\"ListItem\",\"position\":1,\"name\":\"Home\",\"item\":\"https:\/\/institutfrancais.sk\/fr\/\"},{\"@type\":\"ListItem\",\"position\":2,\"name\":\"Events\",\"item\":\"https:\/\/institutfrancais.sk\/fr\/podujatie\/\"},{\"@type\":\"ListItem\",\"position\":3,\"name\":\"Journ\u00e9e Portes Ouvertes de l&#8217;Institut fran\u00e7ais\"}]},{\"@type\":\"WebSite\",\"@id\":\"https:\/\/institutfrancais.sk\/fr\/#website\",\"url\":\"https:\/\/institutfrancais.sk\/fr\/\",\"name\":\"Franc\u00fazsky in\u0161tit\u00fat na Slovensku\",\"description\":\"Franc\u00fazsky in\u0161tit\u00fat na Slovensku\",\"potentialAction\":[{\"@type\":\"SearchAction\",\"target\":{\"@type\":\"EntryPoint\",\"urlTemplate\":\"https:\/\/institutfrancais.sk\/fr\/?s={search_term_string}\"},\"query-input\":{\"@type\":\"PropertyValueSpecification\",\"valueRequired\":true,\"valueName\":\"search_term_string\"}}],\"inLanguage\":\"fr-FR\"}]}<\/script>\n<!-- \/ Yoast SEO plugin. -->","yoast_head_json":{"title":"Journ\u00e9e Portes Ouvertes de l'Institut fran\u00e7ais - Franc\u00fazsky in\u0161tit\u00fat na Slovensku","robots":{"index":"index","follow":"follow","max-snippet":"max-snippet:-1","max-image-preview":"max-image-preview:large","max-video-preview":"max-video-preview:-1"},"canonical":"https:\/\/institutfrancais.sk\/fr\/podujatie\/journee-portes-ouvertes-de-linstitut-francais\/","og_locale":"fr_FR","og_type":"article","og_title":"Journ\u00e9e Portes Ouvertes de l'Institut fran\u00e7ais - Franc\u00fazsky in\u0161tit\u00fat na Slovensku","og_description":"A l\u2019occasion des Journ\u00e9es de la Francophonie et de la session d\u2019inscription de printemps, nous vous invitons \u00e0 notre&nbsp;Journ\u00e9e Portes Ouvertes, qui aura lieu le mercredi 20 mars 2024 entre 15h00 et 19h00 et qui mettra l&rsquo;accent sur les cours de fran\u00e7ais. Pendant l&rsquo;apr\u00e8s-midi vous allez pouvoir : &nbsp; En plus des coulisses des cours [&hellip;]","og_url":"https:\/\/institutfrancais.sk\/fr\/podujatie\/journee-portes-ouvertes-de-linstitut-francais\/","og_site_name":"Franc\u00fazsky in\u0161tit\u00fat na Slovensku","article_modified_time":"2024-03-05T10:20:01+00:00","og_image":[{"width":1640,"height":924,"url":"https:\/\/institutfrancais.sk\/wp-content\/uploads\/2020\/01\/JPO-Facebook-Cover.png","type":"image\/png"}],"twitter_card":"summary_large_image","twitter_misc":{"Dur\u00e9e de lecture estim\u00e9e":"2 minutes"},"schema":{"@context":"https:\/\/schema.org","@graph":[{"@type":"WebPage","@id":"https:\/\/institutfrancais.sk\/fr\/podujatie\/journee-portes-ouvertes-de-linstitut-francais\/","url":"https:\/\/institutfrancais.sk\/fr\/podujatie\/journee-portes-ouvertes-de-linstitut-francais\/","name":"Journ\u00e9e Portes Ouvertes de l'Institut fran\u00e7ais - Franc\u00fazsky in\u0161tit\u00fat na Slovensku","isPartOf":{"@id":"https:\/\/institutfrancais.sk\/fr\/#website"},"primaryImageOfPage":{"@id":"https:\/\/institutfrancais.sk\/fr\/podujatie\/journee-portes-ouvertes-de-linstitut-francais\/#primaryimage"},"image":{"@id":"https:\/\/institutfrancais.sk\/fr\/podujatie\/journee-portes-ouvertes-de-linstitut-francais\/#primaryimage"},"thumbnailUrl":"https:\/\/institutfrancais.sk\/wp-content\/uploads\/2020\/01\/JPO-Facebook-Cover.png","datePublished":"2024-03-01T08:48:00+00:00","dateModified":"2024-03-05T10:20:01+00:00","breadcrumb":{"@id":"https:\/\/institutfrancais.sk\/fr\/podujatie\/journee-portes-ouvertes-de-linstitut-francais\/#breadcrumb"},"inLanguage":"fr-FR","potentialAction":[{"@type":"ReadAction","target":["https:\/\/institutfrancais.sk\/fr\/podujatie\/journee-portes-ouvertes-de-linstitut-francais\/"]}]},{"@type":"ImageObject","inLanguage":"fr-FR","@id":"https:\/\/institutfrancais.sk\/fr\/podujatie\/journee-portes-ouvertes-de-linstitut-francais\/#primaryimage","url":"https:\/\/institutfrancais.sk\/wp-content\/uploads\/2020\/01\/JPO-Facebook-Cover.png","contentUrl":"https:\/\/institutfrancais.sk\/wp-content\/uploads\/2020\/01\/JPO-Facebook-Cover.png","width":1640,"height":924},{"@type":"BreadcrumbList","@id":"https:\/\/institutfrancais.sk\/fr\/podujatie\/journee-portes-ouvertes-de-linstitut-francais\/#breadcrumb","itemListElement":[{"@type":"ListItem","position":1,"name":"Home","item":"https:\/\/institutfrancais.sk\/fr\/"},{"@type":"ListItem","position":2,"name":"Events","item":"https:\/\/institutfrancais.sk\/fr\/podujatie\/"},{"@type":"ListItem","position":3,"name":"Journ\u00e9e Portes Ouvertes de l&#8217;Institut fran\u00e7ais"}]},{"@type":"WebSite","@id":"https:\/\/institutfrancais.sk\/fr\/#website","url":"https:\/\/institutfrancais.sk\/fr\/","name":"Franc\u00fazsky in\u0161tit\u00fat na Slovensku","description":"Franc\u00fazsky in\u0161tit\u00fat na Slovensku","potentialAction":[{"@type":"SearchAction","target":{"@type":"EntryPoint","urlTemplate":"https:\/\/institutfrancais.sk\/fr\/?s={search_term_string}"},"query-input":{"@type":"PropertyValueSpecification","valueRequired":true,"valueName":"search_term_string"}}],"inLanguage":"fr-FR"}]}},"_links":{"self":[{"href":"https:\/\/institutfrancais.sk\/fr\/wp-json\/wp\/v2\/podujatie\/31136"}],"collection":[{"href":"https:\/\/institutfrancais.sk\/fr\/wp-json\/wp\/v2\/podujatie"}],"about":[{"href":"https:\/\/institutfrancais.sk\/fr\/wp-json\/wp\/v2\/types\/podujatie"}],"wp:featuredmedia":[{"embeddable":true,"href":"https:\/\/institutfrancais.sk\/fr\/wp-json\/wp\/v2\/media\/31131"}],"wp:attachment":[{"href":"https:\/\/institutfrancais.sk\/fr\/wp-json\/wp\/v2\/media?parent=31136"}],"wp:term":[{"taxonomy":"typ-podujatia","embeddable":true,"href":"https:\/\/institutfrancais.sk\/fr\/wp-json\/wp\/v2\/typ-podujatia?post=31136"}],"curies":[{"name":"wp","href":"https:\/\/api.w.org\/{rel}","templated":true}]}}

Journée Portes Ouvertes de l&rsquo;Institut français

<p>A l’occasion des Journées de la Francophonie et de la <a href="https://institutfrancais.sk/fr/cours-de-francais-session-de-printemps-2024/"><strong>session d’inscription de printemps</strong></a>, nous vous invitons à notre&nbsp;<strong>Journée Portes Ouvertes</strong>, qui aura lieu le mercredi <strong>20 mars 2024 entre 15h00 et 19h00 </strong>et qui mettra l&rsquo;accent sur les cours de français.</p>



<h4 class="wp-block-heading">Pendant l&rsquo;après-midi vous allez pouvoir : &nbsp;</h4>



<ul>
<li>découvrir nos&nbsp;salles de cours&nbsp;dans le centre de Bratislava et le fonctionnement de nos cours en ligne</li>



<li>rencontrer nos&nbsp;<strong>enseignants </strong>de français</li>



<li>participer à un&nbsp;<strong><a href="https://institutfrancais.sk/fr/podujatie/cours-de-demonstration-debutants/">cours de démonstration</a></strong>&nbsp;pour les niveaux débutants et intermédiaires</li>



<li><strong>évaluer&nbsp;votre&nbsp;niveau de français</strong> et vous inscrire au cours qui vous conviendra</li>



<li>vous <strong>inscrire à un cours</strong> selon votre demande,</li>



<li>apprendre <strong>la langue des signes française.</strong></li>
</ul>



<p>En plus des coulisses des cours de français, notre bibliothécaire Jan vous fera visiter la&nbsp;<strong><a href="https://ifslovaquie.bibenligne.fr/">médiathèque</a>&nbsp;</strong>de l’Institut français et vous fournira des informations précieuses sur l’offre de la carte <a href="https://institutfrancais.sk/fr/if-pass/"><strong>IF Pass</strong></a>. Un atelier de peinture est également préparé pour vous.</p>



<p>Et bien sûr, nos plus jeunes visiteurs seront ravis d’établir un premier contact avec la langue française ou de découvrir la France par le biais de&nbsp;<strong>jeux&nbsp;</strong>et d’<strong>activités pour enfants et ados</strong>.</p>



<p>Au cours de l&rsquo;après-midi, vous pourrez également acheter des crêpes françaises auprès de notre partenaire <em>Chez Amélie</em>.</p>


<div class="space md"></div>


<h4 class="wp-block-heading">Partenaire </h4>



<div class="wp-block-columns is-layout-flex wp-container-core-columns-is-layout-1 wp-block-columns-is-layout-flex">
<div class="wp-block-column is-layout-flow wp-block-column-is-layout-flow" style="flex-basis:20%">
<figure class="wp-block-image size-full"><a href="https://chezamelie.sk/"><img loading="lazy" decoding="async" width="250" height="130" src="https://institutfrancais.sk/wp-content/uploads/2024/03/image.png" alt="" class="wp-image-31133"/></a></figure>
</div>



<div class="wp-block-column is-layout-flow wp-block-column-is-layout-flow" style="flex-basis:20%"></div>



<div class="wp-block-column is-layout-flow wp-block-column-is-layout-flow" style="flex-basis:20%"></div>



<div class="wp-block-column is-layout-flow wp-block-column-is-layout-flow" style="flex-basis:20%"></div>



<div class="wp-block-column is-layout-flow wp-block-column-is-layout-flow" style="flex-basis:20%"></div>
</div>


<div class="space md"></div>

<!-- This site is optimized with the Yoast SEO plugin v24.5 - https://yoast.com/wordpress/plugins/seo/ -->
<title>Journée Portes Ouvertes de l&#039;Institut français - Francúzsky inštitút na Slovensku</title>
<meta name="robots" content="index, follow, max-snippet:-1, max-image-preview:large, max-video-preview:-1" />
<link rel="canonical" href="https://institutfrancais.sk/fr/podujatie/journee-portes-ouvertes-de-linstitut-francais/" />
<meta property="og:locale" content="fr_FR" />
<meta property="og:type" content="article" />
<meta property="og:title" content="Journée Portes Ouvertes de l&#039;Institut français - Francúzsky inštitút na Slovensku" />
<meta property="og:description" content="A l’occasion des Journées de la Francophonie et de la session d’inscription de printemps, nous vous invitons à notre&nbsp;Journée Portes Ouvertes, qui aura lieu le mercredi 20 mars 2024 entre 15h00 et 19h00 et qui mettra l&rsquo;accent sur les cours de français. Pendant l&rsquo;après-midi vous allez pouvoir : &nbsp; En plus des coulisses des cours [&hellip;]" />
<meta property="og:url" content="https://institutfrancais.sk/fr/podujatie/journee-portes-ouvertes-de-linstitut-francais/" />
<meta property="og:site_name" content="Francúzsky inštitút na Slovensku" />
<meta property="article:modified_time" content="2024-03-05T10:20:01+00:00" />
<meta property="og:image" content="https://institutfrancais.sk/wp-content/uploads/2020/01/JPO-Facebook-Cover.png" />
	<meta property="og:image:width" content="1640" />
	<meta property="og:image:height" content="924" />
	<meta property="og:image:type" content="image/png" />
<meta name="twitter:card" content="summary_large_image" />
<meta name="twitter:label1" content="Durée de lecture estimée" />
	<meta name="twitter:data1" content="2 minutes" />
<script type="application/ld+json" class="yoast-schema-graph">{"@context":"https://schema.org","@graph":[{"@type":"WebPage","@id":"https://institutfrancais.sk/fr/podujatie/journee-portes-ouvertes-de-linstitut-francais/","url":"https://institutfrancais.sk/fr/podujatie/journee-portes-ouvertes-de-linstitut-francais/","name":"Journée Portes Ouvertes de l'Institut français - Francúzsky inštitút na Slovensku","isPartOf":{"@id":"https://institutfrancais.sk/fr/#website"},"primaryImageOfPage":{"@id":"https://institutfrancais.sk/fr/podujatie/journee-portes-ouvertes-de-linstitut-francais/#primaryimage"},"image":{"@id":"https://institutfrancais.sk/fr/podujatie/journee-portes-ouvertes-de-linstitut-francais/#primaryimage"},"thumbnailUrl":"https://institutfrancais.sk/wp-content/uploads/2020/01/JPO-Facebook-Cover.png","datePublished":"2024-03-01T08:48:00+00:00","dateModified":"2024-03-05T10:20:01+00:00","breadcrumb":{"@id":"https://institutfrancais.sk/fr/podujatie/journee-portes-ouvertes-de-linstitut-francais/#breadcrumb"},"inLanguage":"fr-FR","potentialAction":[{"@type":"ReadAction","target":["https://institutfrancais.sk/fr/podujatie/journee-portes-ouvertes-de-linstitut-francais/"]}]},{"@type":"ImageObject","inLanguage":"fr-FR","@id":"https://institutfrancais.sk/fr/podujatie/journee-portes-ouvertes-de-linstitut-francais/#primaryimage","url":"https://institutfrancais.sk/wp-content/uploads/2020/01/JPO-Facebook-Cover.png","contentUrl":"https://institutfrancais.sk/wp-content/uploads/2020/01/JPO-Facebook-Cover.png","width":1640,"height":924},{"@type":"BreadcrumbList","@id":"https://institutfrancais.sk/fr/podujatie/journee-portes-ouvertes-de-linstitut-francais/#breadcrumb","itemListElement":[{"@type":"ListItem","position":1,"name":"Home","item":"https://institutfrancais.sk/fr/"},{"@type":"ListItem","position":2,"name":"Events","item":"https://institutfrancais.sk/fr/podujatie/"},{"@type":"ListItem","position":3,"name":"Journée Portes Ouvertes de l&#8217;Institut français"}]},{"@type":"WebSite","@id":"https://institutfrancais.sk/fr/#website","url":"https://institutfrancais.sk/fr/","name":"Francúzsky inštitút na Slovensku","description":"Francúzsky inštitút na Slovensku","potentialAction":[{"@type":"SearchAction","target":{"@type":"EntryPoint","urlTemplate":"https://institutfrancais.sk/fr/?s={search_term_string}"},"query-input":{"@type":"PropertyValueSpecification","valueRequired":true,"valueName":"search_term_string"}}],"inLanguage":"fr-FR"}]}</script>
<!-- / Yoast SEO plugin. -->

Journée Portes Ouvertes de l'Institut français - Francúzsky inštitút na Slovensku

A l’occasion des Journées de la Francophonie et de la session d’inscription de printemps, nous vous invitons à notre&nbsp;Journée Portes Ouvertes, qui aura lieu le mercredi 20 mars 2024 entre 15h00 et 19h00 et qui mettra l&rsquo;accent sur les cours de français. Pendant l&rsquo;après-midi vous allez pouvoir : &nbsp; En plus des coulisses des cours [&hellip;]

Francúzsky inštitút na Slovensku

Journée Portes Ouvertes de l&#8217;Institut français
