{"id":32112,"date":"2024-05-06T09:06:05","date_gmt":"2024-05-06T07:06:05","guid":{"rendered":"https:\/\/institutfrancais.sk\/?post_type=podujatie&#038;p=32112"},"modified":"2026-03-20T11:49:09","modified_gmt":"2026-03-20T10:49:09","slug":"le-soulevement-national-slovaque-ou-la-lutte-contre-linjustice-en-slovaquie","status":"publish","type":"podujatie","link":"https:\/\/institutfrancais.sk\/fr\/podujatie\/le-soulevement-national-slovaque-ou-la-lutte-contre-linjustice-en-slovaquie\/","title":{"rendered":"Le Soul\u00e8vement national slovaque de 1944 et la contribution fran\u00e7aise."},"content":{"rendered":"\n<p>En ao\u00fbt 1944, des insurg\u00e9s slovaques se soul\u00e8vent en r\u00e9action \u00e0 l&rsquo;entr\u00e9e de la Wehrmacht sur le territoire national. Ils lancent alors ce que l\u2019on appelle maintenant le \u00ab&nbsp;Soul\u00e8vement national slovaque&nbsp;\u00bb ou SNP. Encore aujourd&rsquo;hui, cet \u00e9v\u00e9nement est un symbole de la lutte contre la dictature et l&rsquo;injustice en Slovaquie. Pour perp\u00e9tuer son souvenir et \u00e0 l\u2019occasion du 80\u00e8me anniversaire de cet \u00e9v\u00e9nement, l\u2019Institut fran\u00e7ais organise une conf\u00e9rence d\u2019Alain Soubigou.<\/p>\n\n\n\n<p><strong>Alain Soubigou<\/strong> : Ma\u00eetre de conf\u00e9rences au Centre d&rsquo;Histoire de l&rsquo;Europe centrale contemporaine (Paris I), Alain Soubigou a&nbsp;effectu\u00e9 de nombreux s\u00e9jours de recherche en Europe centrale. Il est l\u2019auteur de plusieurs ouvrages sur l\u2019histoire de l\u2019Europe centrale, dont une biographie de Thomas G. Masaryk.<\/p>\n\n\n\n<p>L&rsquo;\u00e9v\u00e8nement est organis\u00e9 en coop\u00e9ration avec l&rsquo;Institut de la m\u00e9moire nationale (\u00daPN).<\/p>\n\n\n\n<p>Le jeudi 16 mai 2024 \u00e0 18h \u00e0 l\u2019IFS.<\/p>\n\n\n\n<p>En fran\u00e7ais, traduction simultan\u00e9e, entr\u00e9e libre.<\/p>\n\n\n<div class=\"space md\"><\/div>","protected":false},"featured_media":32162,"template":"","typ-podujatia":[53,98],"acf":[],"yoast_head":"<!-- This site is optimized with the Yoast SEO plugin v24.5 - https:\/\/yoast.com\/wordpress\/plugins\/seo\/ -->\n<title>Le Soul\u00e8vement national slovaque de 1944 et la contribution fran\u00e7aise. - Franc\u00fazsky in\u0161tit\u00fat na Slovensku<\/title>\n<meta name=\"robots\" content=\"index, follow, max-snippet:-1, max-image-preview:large, max-video-preview:-1\" \/>\n<link rel=\"canonical\" href=\"https:\/\/institutfrancais.sk\/fr\/podujatie\/le-soulevement-national-slovaque-ou-la-lutte-contre-linjustice-en-slovaquie\/\" \/>\n<meta property=\"og:locale\" content=\"fr_FR\" \/>\n<meta property=\"og:type\" content=\"article\" \/>\n<meta property=\"og:title\" content=\"Le Soul\u00e8vement national slovaque de 1944 et la contribution fran\u00e7aise. - Franc\u00fazsky in\u0161tit\u00fat na Slovensku\" \/>\n<meta property=\"og:description\" content=\"En ao\u00fbt 1944, des insurg\u00e9s slovaques se soul\u00e8vent en r\u00e9action \u00e0 l&rsquo;entr\u00e9e de la Wehrmacht sur le territoire national. Ils lancent alors ce que l\u2019on appelle maintenant le \u00ab&nbsp;Soul\u00e8vement national slovaque&nbsp;\u00bb ou SNP. Encore aujourd&rsquo;hui, cet \u00e9v\u00e9nement est un symbole de la lutte contre la dictature et l&rsquo;injustice en Slovaquie. Pour perp\u00e9tuer son souvenir et [&hellip;]\" \/>\n<meta property=\"og:url\" content=\"https:\/\/institutfrancais.sk\/fr\/podujatie\/le-soulevement-national-slovaque-ou-la-lutte-contre-linjustice-en-slovaquie\/\" \/>\n<meta property=\"og:site_name\" content=\"Franc\u00fazsky in\u0161tit\u00fat na Slovensku\" \/>\n<meta property=\"article:modified_time\" content=\"2026-03-20T10:49:09+00:00\" \/>\n<meta property=\"og:image\" content=\"https:\/\/institutfrancais.sk\/wp-content\/uploads\/2024\/05\/SNP_SK_conference.png\" \/>\n\t<meta property=\"og:image:width\" content=\"1080\" \/>\n\t<meta property=\"og:image:height\" content=\"1080\" \/>\n\t<meta property=\"og:image:type\" content=\"image\/png\" \/>\n<meta name=\"twitter:card\" content=\"summary_large_image\" \/>\n<meta name=\"twitter:label1\" content=\"Dur\u00e9e de lecture estim\u00e9e\" \/>\n\t<meta name=\"twitter:data1\" content=\"1 minute\" \/>\n<script type=\"application\/ld+json\" class=\"yoast-schema-graph\">{\"@context\":\"https:\/\/schema.org\",\"@graph\":[{\"@type\":\"WebPage\",\"@id\":\"https:\/\/institutfrancais.sk\/fr\/podujatie\/le-soulevement-national-slovaque-ou-la-lutte-contre-linjustice-en-slovaquie\/\",\"url\":\"https:\/\/institutfrancais.sk\/fr\/podujatie\/le-soulevement-national-slovaque-ou-la-lutte-contre-linjustice-en-slovaquie\/\",\"name\":\"Le Soul\u00e8vement national slovaque de 1944 et la contribution fran\u00e7aise. - Franc\u00fazsky in\u0161tit\u00fat na Slovensku\",\"isPartOf\":{\"@id\":\"https:\/\/institutfrancais.sk\/fr\/#website\"},\"primaryImageOfPage\":{\"@id\":\"https:\/\/institutfrancais.sk\/fr\/podujatie\/le-soulevement-national-slovaque-ou-la-lutte-contre-linjustice-en-slovaquie\/#primaryimage\"},\"image\":{\"@id\":\"https:\/\/institutfrancais.sk\/fr\/podujatie\/le-soulevement-national-slovaque-ou-la-lutte-contre-linjustice-en-slovaquie\/#primaryimage\"},\"thumbnailUrl\":\"https:\/\/institutfrancais.sk\/wp-content\/uploads\/2024\/05\/SNP_SK_conference.png\",\"datePublished\":\"2024-05-06T07:06:05+00:00\",\"dateModified\":\"2026-03-20T10:49:09+00:00\",\"breadcrumb\":{\"@id\":\"https:\/\/institutfrancais.sk\/fr\/podujatie\/le-soulevement-national-slovaque-ou-la-lutte-contre-linjustice-en-slovaquie\/#breadcrumb\"},\"inLanguage\":\"fr-FR\",\"potentialAction\":[{\"@type\":\"ReadAction\",\"target\":[\"https:\/\/institutfrancais.sk\/fr\/podujatie\/le-soulevement-national-slovaque-ou-la-lutte-contre-linjustice-en-slovaquie\/\"]}]},{\"@type\":\"ImageObject\",\"inLanguage\":\"fr-FR\",\"@id\":\"https:\/\/institutfrancais.sk\/fr\/podujatie\/le-soulevement-national-slovaque-ou-la-lutte-contre-linjustice-en-slovaquie\/#primaryimage\",\"url\":\"https:\/\/institutfrancais.sk\/wp-content\/uploads\/2024\/05\/SNP_SK_conference.png\",\"contentUrl\":\"https:\/\/institutfrancais.sk\/wp-content\/uploads\/2024\/05\/SNP_SK_conference.png\",\"width\":1080,\"height\":1080},{\"@type\":\"BreadcrumbList\",\"@id\":\"https:\/\/institutfrancais.sk\/fr\/podujatie\/le-soulevement-national-slovaque-ou-la-lutte-contre-linjustice-en-slovaquie\/#breadcrumb\",\"itemListElement\":[{\"@type\":\"ListItem\",\"position\":1,\"name\":\"Home\",\"item\":\"https:\/\/institutfrancais.sk\/fr\/\"},{\"@type\":\"ListItem\",\"position\":2,\"name\":\"Events\",\"item\":\"https:\/\/institutfrancais.sk\/fr\/podujatie\/\"},{\"@type\":\"ListItem\",\"position\":3,\"name\":\"Le Soul\u00e8vement national slovaque de 1944 et la contribution fran\u00e7aise.\"}]},{\"@type\":\"WebSite\",\"@id\":\"https:\/\/institutfrancais.sk\/fr\/#website\",\"url\":\"https:\/\/institutfrancais.sk\/fr\/\",\"name\":\"Franc\u00fazsky in\u0161tit\u00fat na Slovensku\",\"description\":\"Franc\u00fazsky in\u0161tit\u00fat na Slovensku\",\"potentialAction\":[{\"@type\":\"SearchAction\",\"target\":{\"@type\":\"EntryPoint\",\"urlTemplate\":\"https:\/\/institutfrancais.sk\/fr\/?s={search_term_string}\"},\"query-input\":{\"@type\":\"PropertyValueSpecification\",\"valueRequired\":true,\"valueName\":\"search_term_string\"}}],\"inLanguage\":\"fr-FR\"}]}<\/script>\n<!-- \/ Yoast SEO plugin. -->","yoast_head_json":{"title":"Le Soul\u00e8vement national slovaque de 1944 et la contribution fran\u00e7aise. - Franc\u00fazsky in\u0161tit\u00fat na Slovensku","robots":{"index":"index","follow":"follow","max-snippet":"max-snippet:-1","max-image-preview":"max-image-preview:large","max-video-preview":"max-video-preview:-1"},"canonical":"https:\/\/institutfrancais.sk\/fr\/podujatie\/le-soulevement-national-slovaque-ou-la-lutte-contre-linjustice-en-slovaquie\/","og_locale":"fr_FR","og_type":"article","og_title":"Le Soul\u00e8vement national slovaque de 1944 et la contribution fran\u00e7aise. - Franc\u00fazsky in\u0161tit\u00fat na Slovensku","og_description":"En ao\u00fbt 1944, des insurg\u00e9s slovaques se soul\u00e8vent en r\u00e9action \u00e0 l&rsquo;entr\u00e9e de la Wehrmacht sur le territoire national. Ils lancent alors ce que l\u2019on appelle maintenant le \u00ab&nbsp;Soul\u00e8vement national slovaque&nbsp;\u00bb ou SNP. Encore aujourd&rsquo;hui, cet \u00e9v\u00e9nement est un symbole de la lutte contre la dictature et l&rsquo;injustice en Slovaquie. Pour perp\u00e9tuer son souvenir et [&hellip;]","og_url":"https:\/\/institutfrancais.sk\/fr\/podujatie\/le-soulevement-national-slovaque-ou-la-lutte-contre-linjustice-en-slovaquie\/","og_site_name":"Franc\u00fazsky in\u0161tit\u00fat na Slovensku","article_modified_time":"2026-03-20T10:49:09+00:00","og_image":[{"width":1080,"height":1080,"url":"https:\/\/institutfrancais.sk\/wp-content\/uploads\/2024\/05\/SNP_SK_conference.png","type":"image\/png"}],"twitter_card":"summary_large_image","twitter_misc":{"Dur\u00e9e de lecture estim\u00e9e":"1 minute"},"schema":{"@context":"https:\/\/schema.org","@graph":[{"@type":"WebPage","@id":"https:\/\/institutfrancais.sk\/fr\/podujatie\/le-soulevement-national-slovaque-ou-la-lutte-contre-linjustice-en-slovaquie\/","url":"https:\/\/institutfrancais.sk\/fr\/podujatie\/le-soulevement-national-slovaque-ou-la-lutte-contre-linjustice-en-slovaquie\/","name":"Le Soul\u00e8vement national slovaque de 1944 et la contribution fran\u00e7aise. - Franc\u00fazsky in\u0161tit\u00fat na Slovensku","isPartOf":{"@id":"https:\/\/institutfrancais.sk\/fr\/#website"},"primaryImageOfPage":{"@id":"https:\/\/institutfrancais.sk\/fr\/podujatie\/le-soulevement-national-slovaque-ou-la-lutte-contre-linjustice-en-slovaquie\/#primaryimage"},"image":{"@id":"https:\/\/institutfrancais.sk\/fr\/podujatie\/le-soulevement-national-slovaque-ou-la-lutte-contre-linjustice-en-slovaquie\/#primaryimage"},"thumbnailUrl":"https:\/\/institutfrancais.sk\/wp-content\/uploads\/2024\/05\/SNP_SK_conference.png","datePublished":"2024-05-06T07:06:05+00:00","dateModified":"2026-03-20T10:49:09+00:00","breadcrumb":{"@id":"https:\/\/institutfrancais.sk\/fr\/podujatie\/le-soulevement-national-slovaque-ou-la-lutte-contre-linjustice-en-slovaquie\/#breadcrumb"},"inLanguage":"fr-FR","potentialAction":[{"@type":"ReadAction","target":["https:\/\/institutfrancais.sk\/fr\/podujatie\/le-soulevement-national-slovaque-ou-la-lutte-contre-linjustice-en-slovaquie\/"]}]},{"@type":"ImageObject","inLanguage":"fr-FR","@id":"https:\/\/institutfrancais.sk\/fr\/podujatie\/le-soulevement-national-slovaque-ou-la-lutte-contre-linjustice-en-slovaquie\/#primaryimage","url":"https:\/\/institutfrancais.sk\/wp-content\/uploads\/2024\/05\/SNP_SK_conference.png","contentUrl":"https:\/\/institutfrancais.sk\/wp-content\/uploads\/2024\/05\/SNP_SK_conference.png","width":1080,"height":1080},{"@type":"BreadcrumbList","@id":"https:\/\/institutfrancais.sk\/fr\/podujatie\/le-soulevement-national-slovaque-ou-la-lutte-contre-linjustice-en-slovaquie\/#breadcrumb","itemListElement":[{"@type":"ListItem","position":1,"name":"Home","item":"https:\/\/institutfrancais.sk\/fr\/"},{"@type":"ListItem","position":2,"name":"Events","item":"https:\/\/institutfrancais.sk\/fr\/podujatie\/"},{"@type":"ListItem","position":3,"name":"Le Soul\u00e8vement national slovaque de 1944 et la contribution fran\u00e7aise."}]},{"@type":"WebSite","@id":"https:\/\/institutfrancais.sk\/fr\/#website","url":"https:\/\/institutfrancais.sk\/fr\/","name":"Franc\u00fazsky in\u0161tit\u00fat na Slovensku","description":"Franc\u00fazsky in\u0161tit\u00fat na Slovensku","potentialAction":[{"@type":"SearchAction","target":{"@type":"EntryPoint","urlTemplate":"https:\/\/institutfrancais.sk\/fr\/?s={search_term_string}"},"query-input":{"@type":"PropertyValueSpecification","valueRequired":true,"valueName":"search_term_string"}}],"inLanguage":"fr-FR"}]}},"_links":{"self":[{"href":"https:\/\/institutfrancais.sk\/fr\/wp-json\/wp\/v2\/podujatie\/32112"}],"collection":[{"href":"https:\/\/institutfrancais.sk\/fr\/wp-json\/wp\/v2\/podujatie"}],"about":[{"href":"https:\/\/institutfrancais.sk\/fr\/wp-json\/wp\/v2\/types\/podujatie"}],"wp:featuredmedia":[{"embeddable":true,"href":"https:\/\/institutfrancais.sk\/fr\/wp-json\/wp\/v2\/media\/32162"}],"wp:attachment":[{"href":"https:\/\/institutfrancais.sk\/fr\/wp-json\/wp\/v2\/media?parent=32112"}],"wp:term":[{"taxonomy":"typ-podujatia","embeddable":true,"href":"https:\/\/institutfrancais.sk\/fr\/wp-json\/wp\/v2\/typ-podujatia?post=32112"}],"curies":[{"name":"wp","href":"https:\/\/api.w.org\/{rel}","templated":true}]}}

Le Soulèvement national slovaque de 1944 et la contribution française.

<p>En août 1944, des insurgés slovaques se soulèvent en réaction à l&rsquo;entrée de la Wehrmacht sur le territoire national. Ils lancent alors ce que l’on appelle maintenant le «&nbsp;Soulèvement national slovaque&nbsp;» ou SNP. Encore aujourd&rsquo;hui, cet événement est un symbole de la lutte contre la dictature et l&rsquo;injustice en Slovaquie. Pour perpétuer son souvenir et à l’occasion du 80ème anniversaire de cet événement, l’Institut français organise une conférence d’Alain Soubigou.</p>



<p><strong>Alain Soubigou</strong> : Maître de conférences au Centre d&rsquo;Histoire de l&rsquo;Europe centrale contemporaine (Paris I), Alain Soubigou a&nbsp;effectué de nombreux séjours de recherche en Europe centrale. Il est l’auteur de plusieurs ouvrages sur l’histoire de l’Europe centrale, dont une biographie de Thomas G. Masaryk.</p>



<p>L&rsquo;évènement est organisé en coopération avec l&rsquo;Institut de la mémoire nationale (ÚPN).</p>



<p>Le jeudi 16 mai 2024 à 18h à l’IFS.</p>



<p>En français, traduction simultanée, entrée libre.</p>


<div class="space md"></div>

<!-- This site is optimized with the Yoast SEO plugin v24.5 - https://yoast.com/wordpress/plugins/seo/ -->
<title>Le Soulèvement national slovaque de 1944 et la contribution française. - Francúzsky inštitút na Slovensku</title>
<meta name="robots" content="index, follow, max-snippet:-1, max-image-preview:large, max-video-preview:-1" />
<link rel="canonical" href="https://institutfrancais.sk/fr/podujatie/le-soulevement-national-slovaque-ou-la-lutte-contre-linjustice-en-slovaquie/" />
<meta property="og:locale" content="fr_FR" />
<meta property="og:type" content="article" />
<meta property="og:title" content="Le Soulèvement national slovaque de 1944 et la contribution française. - Francúzsky inštitút na Slovensku" />
<meta property="og:description" content="En août 1944, des insurgés slovaques se soulèvent en réaction à l&rsquo;entrée de la Wehrmacht sur le territoire national. Ils lancent alors ce que l’on appelle maintenant le «&nbsp;Soulèvement national slovaque&nbsp;» ou SNP. Encore aujourd&rsquo;hui, cet événement est un symbole de la lutte contre la dictature et l&rsquo;injustice en Slovaquie. Pour perpétuer son souvenir et [&hellip;]" />
<meta property="og:url" content="https://institutfrancais.sk/fr/podujatie/le-soulevement-national-slovaque-ou-la-lutte-contre-linjustice-en-slovaquie/" />
<meta property="og:site_name" content="Francúzsky inštitút na Slovensku" />
<meta property="article:modified_time" content="2026-03-20T10:49:09+00:00" />
<meta property="og:image" content="https://institutfrancais.sk/wp-content/uploads/2024/05/SNP_SK_conference.png" />
	<meta property="og:image:width" content="1080" />
	<meta property="og:image:height" content="1080" />
	<meta property="og:image:type" content="image/png" />
<meta name="twitter:card" content="summary_large_image" />
<meta name="twitter:label1" content="Durée de lecture estimée" />
	<meta name="twitter:data1" content="1 minute" />
<script type="application/ld+json" class="yoast-schema-graph">{"@context":"https://schema.org","@graph":[{"@type":"WebPage","@id":"https://institutfrancais.sk/fr/podujatie/le-soulevement-national-slovaque-ou-la-lutte-contre-linjustice-en-slovaquie/","url":"https://institutfrancais.sk/fr/podujatie/le-soulevement-national-slovaque-ou-la-lutte-contre-linjustice-en-slovaquie/","name":"Le Soulèvement national slovaque de 1944 et la contribution française. - Francúzsky inštitút na Slovensku","isPartOf":{"@id":"https://institutfrancais.sk/fr/#website"},"primaryImageOfPage":{"@id":"https://institutfrancais.sk/fr/podujatie/le-soulevement-national-slovaque-ou-la-lutte-contre-linjustice-en-slovaquie/#primaryimage"},"image":{"@id":"https://institutfrancais.sk/fr/podujatie/le-soulevement-national-slovaque-ou-la-lutte-contre-linjustice-en-slovaquie/#primaryimage"},"thumbnailUrl":"https://institutfrancais.sk/wp-content/uploads/2024/05/SNP_SK_conference.png","datePublished":"2024-05-06T07:06:05+00:00","dateModified":"2026-03-20T10:49:09+00:00","breadcrumb":{"@id":"https://institutfrancais.sk/fr/podujatie/le-soulevement-national-slovaque-ou-la-lutte-contre-linjustice-en-slovaquie/#breadcrumb"},"inLanguage":"fr-FR","potentialAction":[{"@type":"ReadAction","target":["https://institutfrancais.sk/fr/podujatie/le-soulevement-national-slovaque-ou-la-lutte-contre-linjustice-en-slovaquie/"]}]},{"@type":"ImageObject","inLanguage":"fr-FR","@id":"https://institutfrancais.sk/fr/podujatie/le-soulevement-national-slovaque-ou-la-lutte-contre-linjustice-en-slovaquie/#primaryimage","url":"https://institutfrancais.sk/wp-content/uploads/2024/05/SNP_SK_conference.png","contentUrl":"https://institutfrancais.sk/wp-content/uploads/2024/05/SNP_SK_conference.png","width":1080,"height":1080},{"@type":"BreadcrumbList","@id":"https://institutfrancais.sk/fr/podujatie/le-soulevement-national-slovaque-ou-la-lutte-contre-linjustice-en-slovaquie/#breadcrumb","itemListElement":[{"@type":"ListItem","position":1,"name":"Home","item":"https://institutfrancais.sk/fr/"},{"@type":"ListItem","position":2,"name":"Events","item":"https://institutfrancais.sk/fr/podujatie/"},{"@type":"ListItem","position":3,"name":"Le Soulèvement national slovaque de 1944 et la contribution française."}]},{"@type":"WebSite","@id":"https://institutfrancais.sk/fr/#website","url":"https://institutfrancais.sk/fr/","name":"Francúzsky inštitút na Slovensku","description":"Francúzsky inštitút na Slovensku","potentialAction":[{"@type":"SearchAction","target":{"@type":"EntryPoint","urlTemplate":"https://institutfrancais.sk/fr/?s={search_term_string}"},"query-input":{"@type":"PropertyValueSpecification","valueRequired":true,"valueName":"search_term_string"}}],"inLanguage":"fr-FR"}]}</script>
<!-- / Yoast SEO plugin. -->

Le Soulèvement national slovaque de 1944 et la contribution française. - Francúzsky inštitút na Slovensku

En août 1944, des insurgés slovaques se soulèvent en réaction à l&rsquo;entrée de la Wehrmacht sur le territoire national. Ils lancent alors ce que l’on appelle maintenant le «&nbsp;Soulèvement national slovaque&nbsp;» ou SNP. Encore aujourd&rsquo;hui, cet événement est un symbole de la lutte contre la dictature et l&rsquo;injustice en Slovaquie. Pour perpétuer son souvenir et [&hellip;]

Francúzsky inštitút na Slovensku
