{"id":33068,"date":"2024-09-02T16:42:20","date_gmt":"2024-09-02T14:42:20","guid":{"rendered":"https:\/\/institutfrancais.sk\/?post_type=podujatie&#038;p=33068"},"modified":"2024-09-02T16:42:21","modified_gmt":"2024-09-02T14:42:21","slug":"esprit-de-france","status":"publish","type":"podujatie","link":"https:\/\/institutfrancais.sk\/fr\/podujatie\/esprit-de-france\/","title":{"rendered":"Esprit de France"},"content":{"rendered":"<a href=\"https:\/\/kof-ba.com\/\" class=\"btn\" target=\"blank\" rel=\"noreferrer noopener\">Site du festival<\/a>\n\n<a href=\"www.jeanbaptistemonnot.com\" class=\"btn\" target=\"blank\" rel=\"noreferrer noopener\">Plus sur l&rsquo;artiste sur www.jeanbaptistemonnot.com<\/a>\n\n<a href=\"https:\/\/www.ticketportal.sk\/event\/KATEDRALNY-ORGANOVY-FESTIVAL-BRATISLAVA-2024-ORGAN-VOICES\" class=\"btn\" target=\"blank\" rel=\"noreferrer noopener\">Achetez des places ticketportal.sk<\/a>\n\n<div class=\"space md\"><\/div>\n\n<\/div><iframe loading=\"lazy\" src=\"https:\/\/www.google.com\/maps\/embed?pb=!1m18!1m12!1m3!1d2662.3527483548273!2d17.102439976841172!3d48.14200425085233!2m3!1f0!2f0!3f0!3m2!1i1024!2i768!4f13.1!3m3!1m2!1s0x476c895d4547c49f%3A0xc7df5e7779db1add!2sD%C3%B3m%20sv.%20Martina!5e0!3m2!1ssk!2ssk!4v1725286069166!5m2!1ssk!2ssk\" width=\"100%\" height=\"558\" frameborder=\"0\" class=\"gmap-iframe\" allowfullscreen=\"\"><\/iframe><div class=\"wrap narrow-wrap\">","protected":false},"featured_media":33065,"template":"","typ-podujatia":[51],"acf":[],"yoast_head":"<!-- This site is optimized with the Yoast SEO plugin v24.5 - https:\/\/yoast.com\/wordpress\/plugins\/seo\/ -->\n<title>Esprit de France - Franc\u00fazsky in\u0161tit\u00fat na Slovensku<\/title>\n<meta name=\"description\" content=\"R\u00e9cital de l&#039;organiste fran\u00e7ais Jean-Baptiste Monnot\" \/>\n<meta name=\"robots\" content=\"index, follow, max-snippet:-1, max-image-preview:large, max-video-preview:-1\" \/>\n<link rel=\"canonical\" href=\"https:\/\/institutfrancais.sk\/fr\/podujatie\/esprit-de-france\/\" \/>\n<meta property=\"og:locale\" content=\"fr_FR\" \/>\n<meta property=\"og:type\" content=\"article\" \/>\n<meta property=\"og:title\" content=\"Esprit de France - Franc\u00fazsky in\u0161tit\u00fat na Slovensku\" \/>\n<meta property=\"og:description\" content=\"R\u00e9cital de l&#039;organiste fran\u00e7ais Jean-Baptiste Monnot\" \/>\n<meta property=\"og:url\" content=\"https:\/\/institutfrancais.sk\/fr\/podujatie\/esprit-de-france\/\" \/>\n<meta property=\"og:site_name\" content=\"Franc\u00fazsky in\u0161tit\u00fat na Slovensku\" \/>\n<meta property=\"article:modified_time\" content=\"2024-09-02T14:42:21+00:00\" \/>\n<meta name=\"twitter:card\" content=\"summary_large_image\" \/>\n<meta name=\"twitter:label1\" content=\"Dur\u00e9e de lecture estim\u00e9e\" \/>\n\t<meta name=\"twitter:data1\" content=\"1 minute\" \/>\n<script type=\"application\/ld+json\" class=\"yoast-schema-graph\">{\"@context\":\"https:\/\/schema.org\",\"@graph\":[{\"@type\":\"WebPage\",\"@id\":\"https:\/\/institutfrancais.sk\/fr\/podujatie\/esprit-de-france\/\",\"url\":\"https:\/\/institutfrancais.sk\/fr\/podujatie\/esprit-de-france\/\",\"name\":\"Esprit de France - Franc\u00fazsky in\u0161tit\u00fat na Slovensku\",\"isPartOf\":{\"@id\":\"https:\/\/institutfrancais.sk\/fr\/#website\"},\"primaryImageOfPage\":{\"@id\":\"https:\/\/institutfrancais.sk\/fr\/podujatie\/esprit-de-france\/#primaryimage\"},\"image\":{\"@id\":\"https:\/\/institutfrancais.sk\/fr\/podujatie\/esprit-de-france\/#primaryimage\"},\"thumbnailUrl\":\"https:\/\/institutfrancais.sk\/wp-content\/uploads\/2024\/09\/KOF-2024_SK-pdf.jpg\",\"datePublished\":\"2024-09-02T14:42:20+00:00\",\"dateModified\":\"2024-09-02T14:42:21+00:00\",\"description\":\"R\u00e9cital de l'organiste fran\u00e7ais Jean-Baptiste Monnot\",\"breadcrumb\":{\"@id\":\"https:\/\/institutfrancais.sk\/fr\/podujatie\/esprit-de-france\/#breadcrumb\"},\"inLanguage\":\"fr-FR\",\"potentialAction\":[{\"@type\":\"ReadAction\",\"target\":[\"https:\/\/institutfrancais.sk\/fr\/podujatie\/esprit-de-france\/\"]}]},{\"@type\":\"ImageObject\",\"inLanguage\":\"fr-FR\",\"@id\":\"https:\/\/institutfrancais.sk\/fr\/podujatie\/esprit-de-france\/#primaryimage\",\"url\":\"https:\/\/institutfrancais.sk\/wp-content\/uploads\/2024\/09\/KOF-2024_SK-pdf.jpg\",\"contentUrl\":\"https:\/\/institutfrancais.sk\/wp-content\/uploads\/2024\/09\/KOF-2024_SK-pdf.jpg\"},{\"@type\":\"BreadcrumbList\",\"@id\":\"https:\/\/institutfrancais.sk\/fr\/podujatie\/esprit-de-france\/#breadcrumb\",\"itemListElement\":[{\"@type\":\"ListItem\",\"position\":1,\"name\":\"Home\",\"item\":\"https:\/\/institutfrancais.sk\/fr\/\"},{\"@type\":\"ListItem\",\"position\":2,\"name\":\"Events\",\"item\":\"https:\/\/institutfrancais.sk\/fr\/podujatie\/\"},{\"@type\":\"ListItem\",\"position\":3,\"name\":\"Esprit de France\"}]},{\"@type\":\"WebSite\",\"@id\":\"https:\/\/institutfrancais.sk\/fr\/#website\",\"url\":\"https:\/\/institutfrancais.sk\/fr\/\",\"name\":\"Franc\u00fazsky in\u0161tit\u00fat na Slovensku\",\"description\":\"Franc\u00fazsky in\u0161tit\u00fat na Slovensku\",\"potentialAction\":[{\"@type\":\"SearchAction\",\"target\":{\"@type\":\"EntryPoint\",\"urlTemplate\":\"https:\/\/institutfrancais.sk\/fr\/?s={search_term_string}\"},\"query-input\":{\"@type\":\"PropertyValueSpecification\",\"valueRequired\":true,\"valueName\":\"search_term_string\"}}],\"inLanguage\":\"fr-FR\"}]}<\/script>\n<!-- \/ Yoast SEO plugin. -->","yoast_head_json":{"title":"Esprit de France - Franc\u00fazsky in\u0161tit\u00fat na Slovensku","description":"R\u00e9cital de l'organiste fran\u00e7ais Jean-Baptiste Monnot","robots":{"index":"index","follow":"follow","max-snippet":"max-snippet:-1","max-image-preview":"max-image-preview:large","max-video-preview":"max-video-preview:-1"},"canonical":"https:\/\/institutfrancais.sk\/fr\/podujatie\/esprit-de-france\/","og_locale":"fr_FR","og_type":"article","og_title":"Esprit de France - Franc\u00fazsky in\u0161tit\u00fat na Slovensku","og_description":"R\u00e9cital de l'organiste fran\u00e7ais Jean-Baptiste Monnot","og_url":"https:\/\/institutfrancais.sk\/fr\/podujatie\/esprit-de-france\/","og_site_name":"Franc\u00fazsky in\u0161tit\u00fat na Slovensku","article_modified_time":"2024-09-02T14:42:21+00:00","twitter_card":"summary_large_image","twitter_misc":{"Dur\u00e9e de lecture estim\u00e9e":"1 minute"},"schema":{"@context":"https:\/\/schema.org","@graph":[{"@type":"WebPage","@id":"https:\/\/institutfrancais.sk\/fr\/podujatie\/esprit-de-france\/","url":"https:\/\/institutfrancais.sk\/fr\/podujatie\/esprit-de-france\/","name":"Esprit de France - Franc\u00fazsky in\u0161tit\u00fat na Slovensku","isPartOf":{"@id":"https:\/\/institutfrancais.sk\/fr\/#website"},"primaryImageOfPage":{"@id":"https:\/\/institutfrancais.sk\/fr\/podujatie\/esprit-de-france\/#primaryimage"},"image":{"@id":"https:\/\/institutfrancais.sk\/fr\/podujatie\/esprit-de-france\/#primaryimage"},"thumbnailUrl":"https:\/\/institutfrancais.sk\/wp-content\/uploads\/2024\/09\/KOF-2024_SK-pdf.jpg","datePublished":"2024-09-02T14:42:20+00:00","dateModified":"2024-09-02T14:42:21+00:00","description":"R\u00e9cital de l'organiste fran\u00e7ais Jean-Baptiste Monnot","breadcrumb":{"@id":"https:\/\/institutfrancais.sk\/fr\/podujatie\/esprit-de-france\/#breadcrumb"},"inLanguage":"fr-FR","potentialAction":[{"@type":"ReadAction","target":["https:\/\/institutfrancais.sk\/fr\/podujatie\/esprit-de-france\/"]}]},{"@type":"ImageObject","inLanguage":"fr-FR","@id":"https:\/\/institutfrancais.sk\/fr\/podujatie\/esprit-de-france\/#primaryimage","url":"https:\/\/institutfrancais.sk\/wp-content\/uploads\/2024\/09\/KOF-2024_SK-pdf.jpg","contentUrl":"https:\/\/institutfrancais.sk\/wp-content\/uploads\/2024\/09\/KOF-2024_SK-pdf.jpg"},{"@type":"BreadcrumbList","@id":"https:\/\/institutfrancais.sk\/fr\/podujatie\/esprit-de-france\/#breadcrumb","itemListElement":[{"@type":"ListItem","position":1,"name":"Home","item":"https:\/\/institutfrancais.sk\/fr\/"},{"@type":"ListItem","position":2,"name":"Events","item":"https:\/\/institutfrancais.sk\/fr\/podujatie\/"},{"@type":"ListItem","position":3,"name":"Esprit de France"}]},{"@type":"WebSite","@id":"https:\/\/institutfrancais.sk\/fr\/#website","url":"https:\/\/institutfrancais.sk\/fr\/","name":"Franc\u00fazsky in\u0161tit\u00fat na Slovensku","description":"Franc\u00fazsky in\u0161tit\u00fat na Slovensku","potentialAction":[{"@type":"SearchAction","target":{"@type":"EntryPoint","urlTemplate":"https:\/\/institutfrancais.sk\/fr\/?s={search_term_string}"},"query-input":{"@type":"PropertyValueSpecification","valueRequired":true,"valueName":"search_term_string"}}],"inLanguage":"fr-FR"}]}},"_links":{"self":[{"href":"https:\/\/institutfrancais.sk\/fr\/wp-json\/wp\/v2\/podujatie\/33068"}],"collection":[{"href":"https:\/\/institutfrancais.sk\/fr\/wp-json\/wp\/v2\/podujatie"}],"about":[{"href":"https:\/\/institutfrancais.sk\/fr\/wp-json\/wp\/v2\/types\/podujatie"}],"wp:featuredmedia":[{"embeddable":true,"href":"https:\/\/institutfrancais.sk\/fr\/wp-json\/wp\/v2\/media\/33065"}],"wp:attachment":[{"href":"https:\/\/institutfrancais.sk\/fr\/wp-json\/wp\/v2\/media?parent=33068"}],"wp:term":[{"taxonomy":"typ-podujatia","embeddable":true,"href":"https:\/\/institutfrancais.sk\/fr\/wp-json\/wp\/v2\/typ-podujatia?post=33068"}],"curies":[{"name":"wp","href":"https:\/\/api.w.org\/{rel}","templated":true}]}}

<!-- This site is optimized with the Yoast SEO plugin v24.5 - https://yoast.com/wordpress/plugins/seo/ -->
<title>Esprit de France - Francúzsky inštitút na Slovensku</title>
<meta name="description" content="Récital de l&#039;organiste français Jean-Baptiste Monnot" />
<meta name="robots" content="index, follow, max-snippet:-1, max-image-preview:large, max-video-preview:-1" />
<link rel="canonical" href="https://institutfrancais.sk/fr/podujatie/esprit-de-france/" />
<meta property="og:locale" content="fr_FR" />
<meta property="og:type" content="article" />
<meta property="og:title" content="Esprit de France - Francúzsky inštitút na Slovensku" />
<meta property="og:description" content="Récital de l&#039;organiste français Jean-Baptiste Monnot" />
<meta property="og:url" content="https://institutfrancais.sk/fr/podujatie/esprit-de-france/" />
<meta property="og:site_name" content="Francúzsky inštitút na Slovensku" />
<meta property="article:modified_time" content="2024-09-02T14:42:21+00:00" />
<meta name="twitter:card" content="summary_large_image" />
<meta name="twitter:label1" content="Durée de lecture estimée" />
	<meta name="twitter:data1" content="1 minute" />
<script type="application/ld+json" class="yoast-schema-graph">{"@context":"https://schema.org","@graph":[{"@type":"WebPage","@id":"https://institutfrancais.sk/fr/podujatie/esprit-de-france/","url":"https://institutfrancais.sk/fr/podujatie/esprit-de-france/","name":"Esprit de France - Francúzsky inštitút na Slovensku","isPartOf":{"@id":"https://institutfrancais.sk/fr/#website"},"primaryImageOfPage":{"@id":"https://institutfrancais.sk/fr/podujatie/esprit-de-france/#primaryimage"},"image":{"@id":"https://institutfrancais.sk/fr/podujatie/esprit-de-france/#primaryimage"},"thumbnailUrl":"https://institutfrancais.sk/wp-content/uploads/2024/09/KOF-2024_SK-pdf.jpg","datePublished":"2024-09-02T14:42:20+00:00","dateModified":"2024-09-02T14:42:21+00:00","description":"Récital de l'organiste français Jean-Baptiste Monnot","breadcrumb":{"@id":"https://institutfrancais.sk/fr/podujatie/esprit-de-france/#breadcrumb"},"inLanguage":"fr-FR","potentialAction":[{"@type":"ReadAction","target":["https://institutfrancais.sk/fr/podujatie/esprit-de-france/"]}]},{"@type":"ImageObject","inLanguage":"fr-FR","@id":"https://institutfrancais.sk/fr/podujatie/esprit-de-france/#primaryimage","url":"https://institutfrancais.sk/wp-content/uploads/2024/09/KOF-2024_SK-pdf.jpg","contentUrl":"https://institutfrancais.sk/wp-content/uploads/2024/09/KOF-2024_SK-pdf.jpg"},{"@type":"BreadcrumbList","@id":"https://institutfrancais.sk/fr/podujatie/esprit-de-france/#breadcrumb","itemListElement":[{"@type":"ListItem","position":1,"name":"Home","item":"https://institutfrancais.sk/fr/"},{"@type":"ListItem","position":2,"name":"Events","item":"https://institutfrancais.sk/fr/podujatie/"},{"@type":"ListItem","position":3,"name":"Esprit de France"}]},{"@type":"WebSite","@id":"https://institutfrancais.sk/fr/#website","url":"https://institutfrancais.sk/fr/","name":"Francúzsky inštitút na Slovensku","description":"Francúzsky inštitút na Slovensku","potentialAction":[{"@type":"SearchAction","target":{"@type":"EntryPoint","urlTemplate":"https://institutfrancais.sk/fr/?s={search_term_string}"},"query-input":{"@type":"PropertyValueSpecification","valueRequired":true,"valueName":"search_term_string"}}],"inLanguage":"fr-FR"}]}</script>
<!-- / Yoast SEO plugin. -->

Esprit de France - Francúzsky inštitút na Slovensku

Récital de l'organiste français Jean-Baptiste Monnot

Francúzsky inštitút na Slovensku
