{"id":33147,"date":"2024-09-06T16:04:02","date_gmt":"2024-09-06T14:04:02","guid":{"rendered":"https:\/\/institutfrancais.sk\/?post_type=podujatie&#038;p=33147"},"modified":"2024-09-11T16:48:58","modified_gmt":"2024-09-11T14:48:58","slug":"lexposition-sur-le-soulevement-national-slovaque-issue-du-projet-storocie-sk","status":"publish","type":"podujatie","link":"https:\/\/institutfrancais.sk\/fr\/podujatie\/lexposition-sur-le-soulevement-national-slovaque-issue-du-projet-storocie-sk\/","title":{"rendered":"L&rsquo;exposition sur le Soul\u00e8vement national slovaque issue du projet Storo\u010die.SK"},"content":{"rendered":"\n<p>La deuxi\u00e8me exposition pr\u00e9sent\u00e9e \u00e0 l&rsquo;occasion du 80e anniversaire du Soul\u00e8vement national slovaque (SNP) \u00e0 l&rsquo;IFS est l&rsquo;exposition cr\u00e9\u00e9e d\u00e9j\u00e0 pour le 75e anniversaire du SNP en collaboration avec l&rsquo;Ambassade britannique, HistoryLab et Stratpol. Cette exposition p\u00e9dagogique fait partie du projet Storo\u010die.SK. L&rsquo;auteur des illustrations est Franti\u0161ek H\u0159\u00edbal.<\/p>\n\n\n<a href=\"https:\/\/www.facebook.com\/storocieSK\/?locale=sk_SK\" class=\"btn\" target=\"blank\" rel=\"noreferrer noopener\">Storo\u010die.SK sur FB<\/a>\n\n<a href=\"https:\/\/www.instagram.com\/storociesk\/\" class=\"btn\" target=\"blank\" rel=\"noreferrer noopener\">Storo\u010die.SK sur Instagram<\/a>\n\n<div class=\"space\"><\/div>\n\n<\/div><iframe loading=\"lazy\" src=\"https:\/\/www.google.com\/maps\/embed?pb=!1m18!1m12!1m3!1d2662.2735746915087!2d17.10532635165492!3d48.14353077912193!2m3!1f0!2f0!3f0!3m2!1i1024!2i768!4f13.1!3m3!1m2!1s0x476c8942d3867d0f%3A0xf92cfa7be90ee73!2zRnJhbmPDunpza3kgaW7FoXRpdMO6dA!5e0!3m2!1ssk!2ssk!4v1575902399794!5m2!1ssk!2ssk\" width=\"100%\" height=\"558\" frameborder=\"0\" class=\"gmap-iframe\" allowfullscreen=\"\"><\/iframe><div class=\"wrap narrow-wrap\">","protected":false},"featured_media":33146,"template":"","typ-podujatia":[56,519],"acf":[],"yoast_head":"<!-- This site is optimized with the Yoast SEO plugin v24.5 - https:\/\/yoast.com\/wordpress\/plugins\/seo\/ -->\n<title>L&#039;exposition sur le Soul\u00e8vement national slovaque issue du projet Storo\u010die.SK - Franc\u00fazsky in\u0161tit\u00fat na Slovensku<\/title>\n<meta name=\"description\" content=\"L&#039;exposition sur le Soul\u00e8vement national slovaque issue du projet Storo\u010die.SK\" \/>\n<meta name=\"robots\" content=\"index, follow, max-snippet:-1, max-image-preview:large, max-video-preview:-1\" \/>\n<link rel=\"canonical\" href=\"https:\/\/institutfrancais.sk\/fr\/podujatie\/lexposition-sur-le-soulevement-national-slovaque-issue-du-projet-storocie-sk\/\" \/>\n<meta property=\"og:locale\" content=\"fr_FR\" \/>\n<meta property=\"og:type\" content=\"article\" \/>\n<meta property=\"og:title\" content=\"L&#039;exposition sur le Soul\u00e8vement national slovaque issue du projet Storo\u010die.SK - Franc\u00fazsky in\u0161tit\u00fat na Slovensku\" \/>\n<meta property=\"og:description\" content=\"L&#039;exposition sur le Soul\u00e8vement national slovaque issue du projet Storo\u010die.SK\" \/>\n<meta property=\"og:url\" content=\"https:\/\/institutfrancais.sk\/fr\/podujatie\/lexposition-sur-le-soulevement-national-slovaque-issue-du-projet-storocie-sk\/\" \/>\n<meta property=\"og:site_name\" content=\"Franc\u00fazsky in\u0161tit\u00fat na Slovensku\" \/>\n<meta property=\"article:modified_time\" content=\"2024-09-11T14:48:58+00:00\" \/>\n<meta property=\"og:image\" content=\"https:\/\/institutfrancais.sk\/wp-content\/uploads\/2024\/09\/SNP-Storocie.SK_-537x226.png\" \/>\n\t<meta property=\"og:image:width\" content=\"537\" \/>\n\t<meta property=\"og:image:height\" content=\"226\" \/>\n\t<meta property=\"og:image:type\" content=\"image\/png\" \/>\n<meta name=\"twitter:card\" content=\"summary_large_image\" \/>\n<meta name=\"twitter:label1\" content=\"Dur\u00e9e de lecture estim\u00e9e\" \/>\n\t<meta name=\"twitter:data1\" content=\"1 minute\" \/>\n<script type=\"application\/ld+json\" class=\"yoast-schema-graph\">{\"@context\":\"https:\/\/schema.org\",\"@graph\":[{\"@type\":\"WebPage\",\"@id\":\"https:\/\/institutfrancais.sk\/fr\/podujatie\/lexposition-sur-le-soulevement-national-slovaque-issue-du-projet-storocie-sk\/\",\"url\":\"https:\/\/institutfrancais.sk\/fr\/podujatie\/lexposition-sur-le-soulevement-national-slovaque-issue-du-projet-storocie-sk\/\",\"name\":\"L'exposition sur le Soul\u00e8vement national slovaque issue du projet Storo\u010die.SK - Franc\u00fazsky in\u0161tit\u00fat na Slovensku\",\"isPartOf\":{\"@id\":\"https:\/\/institutfrancais.sk\/fr\/#website\"},\"primaryImageOfPage\":{\"@id\":\"https:\/\/institutfrancais.sk\/fr\/podujatie\/lexposition-sur-le-soulevement-national-slovaque-issue-du-projet-storocie-sk\/#primaryimage\"},\"image\":{\"@id\":\"https:\/\/institutfrancais.sk\/fr\/podujatie\/lexposition-sur-le-soulevement-national-slovaque-issue-du-projet-storocie-sk\/#primaryimage\"},\"thumbnailUrl\":\"https:\/\/institutfrancais.sk\/wp-content\/uploads\/2024\/09\/SNP-Storocie.SK_.png\",\"datePublished\":\"2024-09-06T14:04:02+00:00\",\"dateModified\":\"2024-09-11T14:48:58+00:00\",\"description\":\"L'exposition sur le Soul\u00e8vement national slovaque issue du projet Storo\u010die.SK\",\"breadcrumb\":{\"@id\":\"https:\/\/institutfrancais.sk\/fr\/podujatie\/lexposition-sur-le-soulevement-national-slovaque-issue-du-projet-storocie-sk\/#breadcrumb\"},\"inLanguage\":\"fr-FR\",\"potentialAction\":[{\"@type\":\"ReadAction\",\"target\":[\"https:\/\/institutfrancais.sk\/fr\/podujatie\/lexposition-sur-le-soulevement-national-slovaque-issue-du-projet-storocie-sk\/\"]}]},{\"@type\":\"ImageObject\",\"inLanguage\":\"fr-FR\",\"@id\":\"https:\/\/institutfrancais.sk\/fr\/podujatie\/lexposition-sur-le-soulevement-national-slovaque-issue-du-projet-storocie-sk\/#primaryimage\",\"url\":\"https:\/\/institutfrancais.sk\/wp-content\/uploads\/2024\/09\/SNP-Storocie.SK_.png\",\"contentUrl\":\"https:\/\/institutfrancais.sk\/wp-content\/uploads\/2024\/09\/SNP-Storocie.SK_.png\",\"width\":2998,\"height\":1260},{\"@type\":\"BreadcrumbList\",\"@id\":\"https:\/\/institutfrancais.sk\/fr\/podujatie\/lexposition-sur-le-soulevement-national-slovaque-issue-du-projet-storocie-sk\/#breadcrumb\",\"itemListElement\":[{\"@type\":\"ListItem\",\"position\":1,\"name\":\"Home\",\"item\":\"https:\/\/institutfrancais.sk\/fr\/\"},{\"@type\":\"ListItem\",\"position\":2,\"name\":\"Events\",\"item\":\"https:\/\/institutfrancais.sk\/fr\/podujatie\/\"},{\"@type\":\"ListItem\",\"position\":3,\"name\":\"L&#8217;exposition sur le Soul\u00e8vement national slovaque issue du projet Storo\u010die.SK\"}]},{\"@type\":\"WebSite\",\"@id\":\"https:\/\/institutfrancais.sk\/fr\/#website\",\"url\":\"https:\/\/institutfrancais.sk\/fr\/\",\"name\":\"Franc\u00fazsky in\u0161tit\u00fat na Slovensku\",\"description\":\"Franc\u00fazsky in\u0161tit\u00fat na Slovensku\",\"potentialAction\":[{\"@type\":\"SearchAction\",\"target\":{\"@type\":\"EntryPoint\",\"urlTemplate\":\"https:\/\/institutfrancais.sk\/fr\/?s={search_term_string}\"},\"query-input\":{\"@type\":\"PropertyValueSpecification\",\"valueRequired\":true,\"valueName\":\"search_term_string\"}}],\"inLanguage\":\"fr-FR\"}]}<\/script>\n<!-- \/ Yoast SEO plugin. -->","yoast_head_json":{"title":"L'exposition sur le Soul\u00e8vement national slovaque issue du projet Storo\u010die.SK - Franc\u00fazsky in\u0161tit\u00fat na Slovensku","description":"L'exposition sur le Soul\u00e8vement national slovaque issue du projet Storo\u010die.SK","robots":{"index":"index","follow":"follow","max-snippet":"max-snippet:-1","max-image-preview":"max-image-preview:large","max-video-preview":"max-video-preview:-1"},"canonical":"https:\/\/institutfrancais.sk\/fr\/podujatie\/lexposition-sur-le-soulevement-national-slovaque-issue-du-projet-storocie-sk\/","og_locale":"fr_FR","og_type":"article","og_title":"L'exposition sur le Soul\u00e8vement national slovaque issue du projet Storo\u010die.SK - Franc\u00fazsky in\u0161tit\u00fat na Slovensku","og_description":"L'exposition sur le Soul\u00e8vement national slovaque issue du projet Storo\u010die.SK","og_url":"https:\/\/institutfrancais.sk\/fr\/podujatie\/lexposition-sur-le-soulevement-national-slovaque-issue-du-projet-storocie-sk\/","og_site_name":"Franc\u00fazsky in\u0161tit\u00fat na Slovensku","article_modified_time":"2024-09-11T14:48:58+00:00","og_image":[{"width":537,"height":226,"url":"https:\/\/institutfrancais.sk\/wp-content\/uploads\/2024\/09\/SNP-Storocie.SK_-537x226.png","type":"image\/png"}],"twitter_card":"summary_large_image","twitter_misc":{"Dur\u00e9e de lecture estim\u00e9e":"1 minute"},"schema":{"@context":"https:\/\/schema.org","@graph":[{"@type":"WebPage","@id":"https:\/\/institutfrancais.sk\/fr\/podujatie\/lexposition-sur-le-soulevement-national-slovaque-issue-du-projet-storocie-sk\/","url":"https:\/\/institutfrancais.sk\/fr\/podujatie\/lexposition-sur-le-soulevement-national-slovaque-issue-du-projet-storocie-sk\/","name":"L'exposition sur le Soul\u00e8vement national slovaque issue du projet Storo\u010die.SK - Franc\u00fazsky in\u0161tit\u00fat na Slovensku","isPartOf":{"@id":"https:\/\/institutfrancais.sk\/fr\/#website"},"primaryImageOfPage":{"@id":"https:\/\/institutfrancais.sk\/fr\/podujatie\/lexposition-sur-le-soulevement-national-slovaque-issue-du-projet-storocie-sk\/#primaryimage"},"image":{"@id":"https:\/\/institutfrancais.sk\/fr\/podujatie\/lexposition-sur-le-soulevement-national-slovaque-issue-du-projet-storocie-sk\/#primaryimage"},"thumbnailUrl":"https:\/\/institutfrancais.sk\/wp-content\/uploads\/2024\/09\/SNP-Storocie.SK_.png","datePublished":"2024-09-06T14:04:02+00:00","dateModified":"2024-09-11T14:48:58+00:00","description":"L'exposition sur le Soul\u00e8vement national slovaque issue du projet Storo\u010die.SK","breadcrumb":{"@id":"https:\/\/institutfrancais.sk\/fr\/podujatie\/lexposition-sur-le-soulevement-national-slovaque-issue-du-projet-storocie-sk\/#breadcrumb"},"inLanguage":"fr-FR","potentialAction":[{"@type":"ReadAction","target":["https:\/\/institutfrancais.sk\/fr\/podujatie\/lexposition-sur-le-soulevement-national-slovaque-issue-du-projet-storocie-sk\/"]}]},{"@type":"ImageObject","inLanguage":"fr-FR","@id":"https:\/\/institutfrancais.sk\/fr\/podujatie\/lexposition-sur-le-soulevement-national-slovaque-issue-du-projet-storocie-sk\/#primaryimage","url":"https:\/\/institutfrancais.sk\/wp-content\/uploads\/2024\/09\/SNP-Storocie.SK_.png","contentUrl":"https:\/\/institutfrancais.sk\/wp-content\/uploads\/2024\/09\/SNP-Storocie.SK_.png","width":2998,"height":1260},{"@type":"BreadcrumbList","@id":"https:\/\/institutfrancais.sk\/fr\/podujatie\/lexposition-sur-le-soulevement-national-slovaque-issue-du-projet-storocie-sk\/#breadcrumb","itemListElement":[{"@type":"ListItem","position":1,"name":"Home","item":"https:\/\/institutfrancais.sk\/fr\/"},{"@type":"ListItem","position":2,"name":"Events","item":"https:\/\/institutfrancais.sk\/fr\/podujatie\/"},{"@type":"ListItem","position":3,"name":"L&#8217;exposition sur le Soul\u00e8vement national slovaque issue du projet Storo\u010die.SK"}]},{"@type":"WebSite","@id":"https:\/\/institutfrancais.sk\/fr\/#website","url":"https:\/\/institutfrancais.sk\/fr\/","name":"Franc\u00fazsky in\u0161tit\u00fat na Slovensku","description":"Franc\u00fazsky in\u0161tit\u00fat na Slovensku","potentialAction":[{"@type":"SearchAction","target":{"@type":"EntryPoint","urlTemplate":"https:\/\/institutfrancais.sk\/fr\/?s={search_term_string}"},"query-input":{"@type":"PropertyValueSpecification","valueRequired":true,"valueName":"search_term_string"}}],"inLanguage":"fr-FR"}]}},"_links":{"self":[{"href":"https:\/\/institutfrancais.sk\/fr\/wp-json\/wp\/v2\/podujatie\/33147"}],"collection":[{"href":"https:\/\/institutfrancais.sk\/fr\/wp-json\/wp\/v2\/podujatie"}],"about":[{"href":"https:\/\/institutfrancais.sk\/fr\/wp-json\/wp\/v2\/types\/podujatie"}],"wp:featuredmedia":[{"embeddable":true,"href":"https:\/\/institutfrancais.sk\/fr\/wp-json\/wp\/v2\/media\/33146"}],"wp:attachment":[{"href":"https:\/\/institutfrancais.sk\/fr\/wp-json\/wp\/v2\/media?parent=33147"}],"wp:term":[{"taxonomy":"typ-podujatia","embeddable":true,"href":"https:\/\/institutfrancais.sk\/fr\/wp-json\/wp\/v2\/typ-podujatia?post=33147"}],"curies":[{"name":"wp","href":"https:\/\/api.w.org\/{rel}","templated":true}]}}

L&rsquo;exposition sur le Soulèvement national slovaque issue du projet Storočie.SK

<p>La deuxième exposition présentée à l&rsquo;occasion du 80e anniversaire du Soulèvement national slovaque (SNP) à l&rsquo;IFS est l&rsquo;exposition créée déjà pour le 75e anniversaire du SNP en collaboration avec l&rsquo;Ambassade britannique, HistoryLab et Stratpol. Cette exposition pédagogique fait partie du projet Storočie.SK. L&rsquo;auteur des illustrations est František Hříbal.</p>


<a href="https://www.facebook.com/storocieSK/?locale=sk_SK" class="btn" target="blank" rel="noreferrer noopener">Storočie.SK sur FB</a>

<a href="https://www.instagram.com/storociesk/" class="btn" target="blank" rel="noreferrer noopener">Storočie.SK sur Instagram</a>

<div class="space"></div>

</div><iframe loading="lazy" src="https://www.google.com/maps/embed?pb=!1m18!1m12!1m3!1d2662.2735746915087!2d17.10532635165492!3d48.14353077912193!2m3!1f0!2f0!3f0!3m2!1i1024!2i768!4f13.1!3m3!1m2!1s0x476c8942d3867d0f%3A0xf92cfa7be90ee73!2zRnJhbmPDunpza3kgaW7FoXRpdMO6dA!5e0!3m2!1ssk!2ssk!4v1575902399794!5m2!1ssk!2ssk" width="100%" height="558" frameborder="0" class="gmap-iframe" allowfullscreen=""></iframe><div class="wrap narrow-wrap">

<!-- This site is optimized with the Yoast SEO plugin v24.5 - https://yoast.com/wordpress/plugins/seo/ -->
<title>L&#039;exposition sur le Soulèvement national slovaque issue du projet Storočie.SK - Francúzsky inštitút na Slovensku</title>
<meta name="description" content="L&#039;exposition sur le Soulèvement national slovaque issue du projet Storočie.SK" />
<meta name="robots" content="index, follow, max-snippet:-1, max-image-preview:large, max-video-preview:-1" />
<link rel="canonical" href="https://institutfrancais.sk/fr/podujatie/lexposition-sur-le-soulevement-national-slovaque-issue-du-projet-storocie-sk/" />
<meta property="og:locale" content="fr_FR" />
<meta property="og:type" content="article" />
<meta property="og:title" content="L&#039;exposition sur le Soulèvement national slovaque issue du projet Storočie.SK - Francúzsky inštitút na Slovensku" />
<meta property="og:description" content="L&#039;exposition sur le Soulèvement national slovaque issue du projet Storočie.SK" />
<meta property="og:url" content="https://institutfrancais.sk/fr/podujatie/lexposition-sur-le-soulevement-national-slovaque-issue-du-projet-storocie-sk/" />
<meta property="og:site_name" content="Francúzsky inštitút na Slovensku" />
<meta property="article:modified_time" content="2024-09-11T14:48:58+00:00" />
<meta property="og:image" content="https://institutfrancais.sk/wp-content/uploads/2024/09/SNP-Storocie.SK_-537x226.png" />
	<meta property="og:image:width" content="537" />
	<meta property="og:image:height" content="226" />
	<meta property="og:image:type" content="image/png" />
<meta name="twitter:card" content="summary_large_image" />
<meta name="twitter:label1" content="Durée de lecture estimée" />
	<meta name="twitter:data1" content="1 minute" />
<script type="application/ld+json" class="yoast-schema-graph">{"@context":"https://schema.org","@graph":[{"@type":"WebPage","@id":"https://institutfrancais.sk/fr/podujatie/lexposition-sur-le-soulevement-national-slovaque-issue-du-projet-storocie-sk/","url":"https://institutfrancais.sk/fr/podujatie/lexposition-sur-le-soulevement-national-slovaque-issue-du-projet-storocie-sk/","name":"L'exposition sur le Soulèvement national slovaque issue du projet Storočie.SK - Francúzsky inštitút na Slovensku","isPartOf":{"@id":"https://institutfrancais.sk/fr/#website"},"primaryImageOfPage":{"@id":"https://institutfrancais.sk/fr/podujatie/lexposition-sur-le-soulevement-national-slovaque-issue-du-projet-storocie-sk/#primaryimage"},"image":{"@id":"https://institutfrancais.sk/fr/podujatie/lexposition-sur-le-soulevement-national-slovaque-issue-du-projet-storocie-sk/#primaryimage"},"thumbnailUrl":"https://institutfrancais.sk/wp-content/uploads/2024/09/SNP-Storocie.SK_.png","datePublished":"2024-09-06T14:04:02+00:00","dateModified":"2024-09-11T14:48:58+00:00","description":"L'exposition sur le Soulèvement national slovaque issue du projet Storočie.SK","breadcrumb":{"@id":"https://institutfrancais.sk/fr/podujatie/lexposition-sur-le-soulevement-national-slovaque-issue-du-projet-storocie-sk/#breadcrumb"},"inLanguage":"fr-FR","potentialAction":[{"@type":"ReadAction","target":["https://institutfrancais.sk/fr/podujatie/lexposition-sur-le-soulevement-national-slovaque-issue-du-projet-storocie-sk/"]}]},{"@type":"ImageObject","inLanguage":"fr-FR","@id":"https://institutfrancais.sk/fr/podujatie/lexposition-sur-le-soulevement-national-slovaque-issue-du-projet-storocie-sk/#primaryimage","url":"https://institutfrancais.sk/wp-content/uploads/2024/09/SNP-Storocie.SK_.png","contentUrl":"https://institutfrancais.sk/wp-content/uploads/2024/09/SNP-Storocie.SK_.png","width":2998,"height":1260},{"@type":"BreadcrumbList","@id":"https://institutfrancais.sk/fr/podujatie/lexposition-sur-le-soulevement-national-slovaque-issue-du-projet-storocie-sk/#breadcrumb","itemListElement":[{"@type":"ListItem","position":1,"name":"Home","item":"https://institutfrancais.sk/fr/"},{"@type":"ListItem","position":2,"name":"Events","item":"https://institutfrancais.sk/fr/podujatie/"},{"@type":"ListItem","position":3,"name":"L&#8217;exposition sur le Soulèvement national slovaque issue du projet Storočie.SK"}]},{"@type":"WebSite","@id":"https://institutfrancais.sk/fr/#website","url":"https://institutfrancais.sk/fr/","name":"Francúzsky inštitút na Slovensku","description":"Francúzsky inštitút na Slovensku","potentialAction":[{"@type":"SearchAction","target":{"@type":"EntryPoint","urlTemplate":"https://institutfrancais.sk/fr/?s={search_term_string}"},"query-input":{"@type":"PropertyValueSpecification","valueRequired":true,"valueName":"search_term_string"}}],"inLanguage":"fr-FR"}]}</script>
<!-- / Yoast SEO plugin. -->

L'exposition sur le Soulèvement national slovaque issue du projet Storočie.SK - Francúzsky inštitút na Slovensku

L'exposition sur le Soulèvement national slovaque issue du projet Storočie.SK

Francúzsky inštitút na Slovensku

L&#8217;exposition sur le Soulèvement national slovaque issue du projet Storočie.SK
