{"id":33229,"date":"2024-10-02T17:27:21","date_gmt":"2024-10-02T15:27:21","guid":{"rendered":"https:\/\/institutfrancais.sk\/?post_type=podujatie&#038;p=33229"},"modified":"2024-10-04T17:26:38","modified_gmt":"2024-10-04T15:26:38","slug":"le-silence-des-particules-de-guillaume-cousin-au-festival-biela-noc-2024","status":"publish","type":"podujatie","link":"https:\/\/institutfrancais.sk\/fr\/podujatie\/le-silence-des-particules-de-guillaume-cousin-au-festival-biela-noc-2024\/","title":{"rendered":"\u00ab\u00a0Le silence des particules\u00a0\u00bb de Guillaume Cousin au festival Biela Noc 2024"},"content":{"rendered":"\n<p>L&rsquo;\u00e9dition actuelle du festival de l&rsquo;art contemporain <strong>Biela noc<\/strong> (Nuit blanche), qui aura lieu \u00e0 Bratislava pendant le weekend <strong>du 4 au 6 octobre 2024<\/strong> et \u00e0 Ko\u0161ice le weekend prochain, pr\u00e9sentera dans le cadre de son programme riche l&rsquo;installation multimedia de l&rsquo;artiste fran\u00e7ais <strong>Guillaume Cousin<\/strong> intitul\u00e9e <em>Le silence des particules<\/em>.<\/p>\n\n\n\n<p>Plongez dans le silence po\u00e9tique des particules qui s&rsquo;\u00e9coulent\u2026 L&rsquo;artiste fran\u00e7ais Guillaume Cousin pr\u00e9sente une installation multim\u00e9dia, un objet a\u00e9rien qui traverse le temps et l&rsquo;espace &#8211;&nbsp;naissant, grandissant, ralentissant, se d\u00e9sint\u00e9grant, et captivant le public par son caract\u00e8re doux et organique. L&rsquo;\u0153uvre s&rsquo;appuie sur des algorithmes puissants et une machine incontournable, d\u00e9mystifiant les outils de cr\u00e9ation, tout en offrant aux visiteurs une exp\u00e9rience sensorielle m\u00e9ditative du vide qui nous entoure, visant \u00e0 \u00e9largir notre cercle de perception, \u00e0 mettre en \u00e9vidence que tout est interaction, \u00e0 questionner les limites de la r\u00e9alit\u00e9.<\/p>\n\n\n\n<p>\u00ab L&rsquo;horizon est une sublime ligne droite,<br>pourtant la Terre est ronde.<\/p>\n\n\n\n<p>La course du soleil semble d\u00e9crire un cercle autour de nous,<br>mais c&rsquo;est notre Terre qui tourne sur elle-m\u00eame.<\/p>\n\n\n\n<p>Je suis assis sur cette chaise, immobile,<br>pourtant<br>la Terre tourne sur elle-m\u00eame \u00e0 1500 km\/h<br>et autour du soleil \u00e0 108&nbsp;000 km\/h<\/p>\n\n\n\n<p>Je suis un<br>et pourtant chaque gramme de mon corps<br>contient 100 billions de particules \u00bb.<\/p>\n\n\n\n<p><strong>Guillaume Cousin<\/strong> se d\u00e9crit comme un \u201cexp\u00e9rimentateur-constructeur\u201d. Sc\u00e9nographe et \u00e9clairagiste dans le spectacle vivant, il m\u00e8ne parall\u00e8lement, un travail de recherche en liens avec la physique quantique qui prend la forme d\u2019installation questionnant notre perception de la mati\u00e8re et du temps, dans l\u2019immensit\u00e9 des interactions donc notre monde est fait.<\/p>\n\n\n<a href=\"https:\/\/bielanoc.sk\/en\/y2024\/ba\/umelci\/334\" class=\"btn\" target=\"blank\" rel=\"noreferrer noopener\">Un mot sur l&rsquo;artiste et son oeuvre sur bielanoc.sk<\/a>\n\n<a href=\"https:\/\/www.guillaumecousin.fr\/projets\/le-silence-des-particules-guillaume-cousin\/\" class=\"btn\" target=\"blank\" rel=\"noreferrer noopener\">Sur l&rsquo;oeuvre sur le site de l&rsquo;artiste<\/a>\n\n<div class=\"space md\"><\/div>\n\n<\/div><iframe loading=\"lazy\" src=\"https:\/\/www.google.com\/maps\/embed?pb=!1m18!1m12!1m3!1d2662.212783707562!2d17.109020376841325!3d48.144702850664515!2m3!1f0!2f0!3f0!3m2!1i1024!2i768!4f13.1!3m3!1m2!1s0x476c8943746b35a9%3A0x5c6ae2185c22d173!2zU3RhcsOhIHRyxb5uaWNh!5e0!3m2!1ssk!2ssk!4v1728055428277!5m2!1ssk!2ssk\" width=\"100%\" height=\"558\" frameborder=\"0\" class=\"gmap-iframe\" allowfullscreen=\"\"><\/iframe><div class=\"wrap narrow-wrap\">","protected":false},"featured_media":33228,"template":"","typ-podujatia":[],"acf":[],"yoast_head":"<!-- This site is optimized with the Yoast SEO plugin v24.5 - https:\/\/yoast.com\/wordpress\/plugins\/seo\/ -->\n<title>&quot;Le silence des particules&quot; de Guillaume Cousin au festival Biela Noc 2024 - Franc\u00fazsky in\u0161tit\u00fat na Slovensku<\/title>\n<meta name=\"robots\" content=\"index, follow, max-snippet:-1, max-image-preview:large, max-video-preview:-1\" \/>\n<link rel=\"canonical\" href=\"https:\/\/institutfrancais.sk\/fr\/podujatie\/le-silence-des-particules-de-guillaume-cousin-au-festival-biela-noc-2024\/\" \/>\n<meta property=\"og:locale\" content=\"fr_FR\" \/>\n<meta property=\"og:type\" content=\"article\" \/>\n<meta property=\"og:title\" content=\"&quot;Le silence des particules&quot; de Guillaume Cousin au festival Biela Noc 2024 - Franc\u00fazsky in\u0161tit\u00fat na Slovensku\" \/>\n<meta property=\"og:description\" content=\"L&rsquo;\u00e9dition actuelle du festival de l&rsquo;art contemporain Biela noc (Nuit blanche), qui aura lieu \u00e0 Bratislava pendant le weekend du 4 au 6 octobre 2024 et \u00e0 Ko\u0161ice le weekend prochain, pr\u00e9sentera dans le cadre de son programme riche l&rsquo;installation multimedia de l&rsquo;artiste fran\u00e7ais Guillaume Cousin intitul\u00e9e Le silence des particules. Plongez dans le silence [&hellip;]\" \/>\n<meta property=\"og:url\" content=\"https:\/\/institutfrancais.sk\/fr\/podujatie\/le-silence-des-particules-de-guillaume-cousin-au-festival-biela-noc-2024\/\" \/>\n<meta property=\"og:site_name\" content=\"Franc\u00fazsky in\u0161tit\u00fat na Slovensku\" \/>\n<meta property=\"article:modified_time\" content=\"2024-10-04T15:26:38+00:00\" \/>\n<meta property=\"og:image\" content=\"https:\/\/institutfrancais.sk\/wp-content\/uploads\/2024\/10\/GCLSDP.png\" \/>\n\t<meta property=\"og:image:width\" content=\"889\" \/>\n\t<meta property=\"og:image:height\" content=\"596\" \/>\n\t<meta property=\"og:image:type\" content=\"image\/png\" \/>\n<meta name=\"twitter:card\" content=\"summary_large_image\" \/>\n<meta name=\"twitter:label1\" content=\"Dur\u00e9e de lecture estim\u00e9e\" \/>\n\t<meta name=\"twitter:data1\" content=\"2 minutes\" \/>\n<script type=\"application\/ld+json\" class=\"yoast-schema-graph\">{\"@context\":\"https:\/\/schema.org\",\"@graph\":[{\"@type\":\"WebPage\",\"@id\":\"https:\/\/institutfrancais.sk\/fr\/podujatie\/le-silence-des-particules-de-guillaume-cousin-au-festival-biela-noc-2024\/\",\"url\":\"https:\/\/institutfrancais.sk\/fr\/podujatie\/le-silence-des-particules-de-guillaume-cousin-au-festival-biela-noc-2024\/\",\"name\":\"\\\"Le silence des particules\\\" de Guillaume Cousin au festival Biela Noc 2024 - Franc\u00fazsky in\u0161tit\u00fat na Slovensku\",\"isPartOf\":{\"@id\":\"https:\/\/institutfrancais.sk\/fr\/#website\"},\"primaryImageOfPage\":{\"@id\":\"https:\/\/institutfrancais.sk\/fr\/podujatie\/le-silence-des-particules-de-guillaume-cousin-au-festival-biela-noc-2024\/#primaryimage\"},\"image\":{\"@id\":\"https:\/\/institutfrancais.sk\/fr\/podujatie\/le-silence-des-particules-de-guillaume-cousin-au-festival-biela-noc-2024\/#primaryimage\"},\"thumbnailUrl\":\"https:\/\/institutfrancais.sk\/wp-content\/uploads\/2024\/10\/GCLSDP.png\",\"datePublished\":\"2024-10-02T15:27:21+00:00\",\"dateModified\":\"2024-10-04T15:26:38+00:00\",\"breadcrumb\":{\"@id\":\"https:\/\/institutfrancais.sk\/fr\/podujatie\/le-silence-des-particules-de-guillaume-cousin-au-festival-biela-noc-2024\/#breadcrumb\"},\"inLanguage\":\"fr-FR\",\"potentialAction\":[{\"@type\":\"ReadAction\",\"target\":[\"https:\/\/institutfrancais.sk\/fr\/podujatie\/le-silence-des-particules-de-guillaume-cousin-au-festival-biela-noc-2024\/\"]}]},{\"@type\":\"ImageObject\",\"inLanguage\":\"fr-FR\",\"@id\":\"https:\/\/institutfrancais.sk\/fr\/podujatie\/le-silence-des-particules-de-guillaume-cousin-au-festival-biela-noc-2024\/#primaryimage\",\"url\":\"https:\/\/institutfrancais.sk\/wp-content\/uploads\/2024\/10\/GCLSDP.png\",\"contentUrl\":\"https:\/\/institutfrancais.sk\/wp-content\/uploads\/2024\/10\/GCLSDP.png\",\"width\":889,\"height\":596},{\"@type\":\"BreadcrumbList\",\"@id\":\"https:\/\/institutfrancais.sk\/fr\/podujatie\/le-silence-des-particules-de-guillaume-cousin-au-festival-biela-noc-2024\/#breadcrumb\",\"itemListElement\":[{\"@type\":\"ListItem\",\"position\":1,\"name\":\"Home\",\"item\":\"https:\/\/institutfrancais.sk\/fr\/\"},{\"@type\":\"ListItem\",\"position\":2,\"name\":\"Events\",\"item\":\"https:\/\/institutfrancais.sk\/fr\/podujatie\/\"},{\"@type\":\"ListItem\",\"position\":3,\"name\":\"&#8222;Le silence des particules&#8220; de Guillaume Cousin au festival Biela Noc 2024\"}]},{\"@type\":\"WebSite\",\"@id\":\"https:\/\/institutfrancais.sk\/fr\/#website\",\"url\":\"https:\/\/institutfrancais.sk\/fr\/\",\"name\":\"Franc\u00fazsky in\u0161tit\u00fat na Slovensku\",\"description\":\"Franc\u00fazsky in\u0161tit\u00fat na Slovensku\",\"potentialAction\":[{\"@type\":\"SearchAction\",\"target\":{\"@type\":\"EntryPoint\",\"urlTemplate\":\"https:\/\/institutfrancais.sk\/fr\/?s={search_term_string}\"},\"query-input\":{\"@type\":\"PropertyValueSpecification\",\"valueRequired\":true,\"valueName\":\"search_term_string\"}}],\"inLanguage\":\"fr-FR\"}]}<\/script>\n<!-- \/ Yoast SEO plugin. -->","yoast_head_json":{"title":"\"Le silence des particules\" de Guillaume Cousin au festival Biela Noc 2024 - Franc\u00fazsky in\u0161tit\u00fat na Slovensku","robots":{"index":"index","follow":"follow","max-snippet":"max-snippet:-1","max-image-preview":"max-image-preview:large","max-video-preview":"max-video-preview:-1"},"canonical":"https:\/\/institutfrancais.sk\/fr\/podujatie\/le-silence-des-particules-de-guillaume-cousin-au-festival-biela-noc-2024\/","og_locale":"fr_FR","og_type":"article","og_title":"\"Le silence des particules\" de Guillaume Cousin au festival Biela Noc 2024 - Franc\u00fazsky in\u0161tit\u00fat na Slovensku","og_description":"L&rsquo;\u00e9dition actuelle du festival de l&rsquo;art contemporain Biela noc (Nuit blanche), qui aura lieu \u00e0 Bratislava pendant le weekend du 4 au 6 octobre 2024 et \u00e0 Ko\u0161ice le weekend prochain, pr\u00e9sentera dans le cadre de son programme riche l&rsquo;installation multimedia de l&rsquo;artiste fran\u00e7ais Guillaume Cousin intitul\u00e9e Le silence des particules. Plongez dans le silence [&hellip;]","og_url":"https:\/\/institutfrancais.sk\/fr\/podujatie\/le-silence-des-particules-de-guillaume-cousin-au-festival-biela-noc-2024\/","og_site_name":"Franc\u00fazsky in\u0161tit\u00fat na Slovensku","article_modified_time":"2024-10-04T15:26:38+00:00","og_image":[{"width":889,"height":596,"url":"https:\/\/institutfrancais.sk\/wp-content\/uploads\/2024\/10\/GCLSDP.png","type":"image\/png"}],"twitter_card":"summary_large_image","twitter_misc":{"Dur\u00e9e de lecture estim\u00e9e":"2 minutes"},"schema":{"@context":"https:\/\/schema.org","@graph":[{"@type":"WebPage","@id":"https:\/\/institutfrancais.sk\/fr\/podujatie\/le-silence-des-particules-de-guillaume-cousin-au-festival-biela-noc-2024\/","url":"https:\/\/institutfrancais.sk\/fr\/podujatie\/le-silence-des-particules-de-guillaume-cousin-au-festival-biela-noc-2024\/","name":"\"Le silence des particules\" de Guillaume Cousin au festival Biela Noc 2024 - Franc\u00fazsky in\u0161tit\u00fat na Slovensku","isPartOf":{"@id":"https:\/\/institutfrancais.sk\/fr\/#website"},"primaryImageOfPage":{"@id":"https:\/\/institutfrancais.sk\/fr\/podujatie\/le-silence-des-particules-de-guillaume-cousin-au-festival-biela-noc-2024\/#primaryimage"},"image":{"@id":"https:\/\/institutfrancais.sk\/fr\/podujatie\/le-silence-des-particules-de-guillaume-cousin-au-festival-biela-noc-2024\/#primaryimage"},"thumbnailUrl":"https:\/\/institutfrancais.sk\/wp-content\/uploads\/2024\/10\/GCLSDP.png","datePublished":"2024-10-02T15:27:21+00:00","dateModified":"2024-10-04T15:26:38+00:00","breadcrumb":{"@id":"https:\/\/institutfrancais.sk\/fr\/podujatie\/le-silence-des-particules-de-guillaume-cousin-au-festival-biela-noc-2024\/#breadcrumb"},"inLanguage":"fr-FR","potentialAction":[{"@type":"ReadAction","target":["https:\/\/institutfrancais.sk\/fr\/podujatie\/le-silence-des-particules-de-guillaume-cousin-au-festival-biela-noc-2024\/"]}]},{"@type":"ImageObject","inLanguage":"fr-FR","@id":"https:\/\/institutfrancais.sk\/fr\/podujatie\/le-silence-des-particules-de-guillaume-cousin-au-festival-biela-noc-2024\/#primaryimage","url":"https:\/\/institutfrancais.sk\/wp-content\/uploads\/2024\/10\/GCLSDP.png","contentUrl":"https:\/\/institutfrancais.sk\/wp-content\/uploads\/2024\/10\/GCLSDP.png","width":889,"height":596},{"@type":"BreadcrumbList","@id":"https:\/\/institutfrancais.sk\/fr\/podujatie\/le-silence-des-particules-de-guillaume-cousin-au-festival-biela-noc-2024\/#breadcrumb","itemListElement":[{"@type":"ListItem","position":1,"name":"Home","item":"https:\/\/institutfrancais.sk\/fr\/"},{"@type":"ListItem","position":2,"name":"Events","item":"https:\/\/institutfrancais.sk\/fr\/podujatie\/"},{"@type":"ListItem","position":3,"name":"&#8222;Le silence des particules&#8220; de Guillaume Cousin au festival Biela Noc 2024"}]},{"@type":"WebSite","@id":"https:\/\/institutfrancais.sk\/fr\/#website","url":"https:\/\/institutfrancais.sk\/fr\/","name":"Franc\u00fazsky in\u0161tit\u00fat na Slovensku","description":"Franc\u00fazsky in\u0161tit\u00fat na Slovensku","potentialAction":[{"@type":"SearchAction","target":{"@type":"EntryPoint","urlTemplate":"https:\/\/institutfrancais.sk\/fr\/?s={search_term_string}"},"query-input":{"@type":"PropertyValueSpecification","valueRequired":true,"valueName":"search_term_string"}}],"inLanguage":"fr-FR"}]}},"_links":{"self":[{"href":"https:\/\/institutfrancais.sk\/fr\/wp-json\/wp\/v2\/podujatie\/33229"}],"collection":[{"href":"https:\/\/institutfrancais.sk\/fr\/wp-json\/wp\/v2\/podujatie"}],"about":[{"href":"https:\/\/institutfrancais.sk\/fr\/wp-json\/wp\/v2\/types\/podujatie"}],"wp:featuredmedia":[{"embeddable":true,"href":"https:\/\/institutfrancais.sk\/fr\/wp-json\/wp\/v2\/media\/33228"}],"wp:attachment":[{"href":"https:\/\/institutfrancais.sk\/fr\/wp-json\/wp\/v2\/media?parent=33229"}],"wp:term":[{"taxonomy":"typ-podujatia","embeddable":true,"href":"https:\/\/institutfrancais.sk\/fr\/wp-json\/wp\/v2\/typ-podujatia?post=33229"}],"curies":[{"name":"wp","href":"https:\/\/api.w.org\/{rel}","templated":true}]}}

<p>L&rsquo;édition actuelle du festival de l&rsquo;art contemporain <strong>Biela noc</strong> (Nuit blanche), qui aura lieu à Bratislava pendant le weekend <strong>du 4 au 6 octobre 2024</strong> et à Košice le weekend prochain, présentera dans le cadre de son programme riche l&rsquo;installation multimedia de l&rsquo;artiste français <strong>Guillaume Cousin</strong> intitulée <em>Le silence des particules</em>.</p>



<p>Plongez dans le silence poétique des particules qui s&rsquo;écoulent… L&rsquo;artiste français Guillaume Cousin présente une installation multimédia, un objet aérien qui traverse le temps et l&rsquo;espace &#8211;&nbsp;naissant, grandissant, ralentissant, se désintégrant, et captivant le public par son caractère doux et organique. L&rsquo;œuvre s&rsquo;appuie sur des algorithmes puissants et une machine incontournable, démystifiant les outils de création, tout en offrant aux visiteurs une expérience sensorielle méditative du vide qui nous entoure, visant à élargir notre cercle de perception, à mettre en évidence que tout est interaction, à questionner les limites de la réalité.</p>



<p>« L&rsquo;horizon est une sublime ligne droite,<br>pourtant la Terre est ronde.</p>



<p>La course du soleil semble décrire un cercle autour de nous,<br>mais c&rsquo;est notre Terre qui tourne sur elle-même.</p>



<p>Je suis assis sur cette chaise, immobile,<br>pourtant<br>la Terre tourne sur elle-même à 1500 km/h<br>et autour du soleil à 108&nbsp;000 km/h</p>



<p>Je suis un<br>et pourtant chaque gramme de mon corps<br>contient 100 billions de particules ».</p>



<p><strong>Guillaume Cousin</strong> se décrit comme un “expérimentateur-constructeur”. Scénographe et éclairagiste dans le spectacle vivant, il mène parallèlement, un travail de recherche en liens avec la physique quantique qui prend la forme d’installation questionnant notre perception de la matière et du temps, dans l’immensité des interactions donc notre monde est fait.</p>


<a href="https://bielanoc.sk/en/y2024/ba/umelci/334" class="btn" target="blank" rel="noreferrer noopener">Un mot sur l&rsquo;artiste et son oeuvre sur bielanoc.sk</a>

<a href="https://www.guillaumecousin.fr/projets/le-silence-des-particules-guillaume-cousin/" class="btn" target="blank" rel="noreferrer noopener">Sur l&rsquo;oeuvre sur le site de l&rsquo;artiste</a>

<div class="space md"></div>

</div><iframe loading="lazy" src="https://www.google.com/maps/embed?pb=!1m18!1m12!1m3!1d2662.212783707562!2d17.109020376841325!3d48.144702850664515!2m3!1f0!2f0!3f0!3m2!1i1024!2i768!4f13.1!3m3!1m2!1s0x476c8943746b35a9%3A0x5c6ae2185c22d173!2zU3RhcsOhIHRyxb5uaWNh!5e0!3m2!1ssk!2ssk!4v1728055428277!5m2!1ssk!2ssk" width="100%" height="558" frameborder="0" class="gmap-iframe" allowfullscreen=""></iframe><div class="wrap narrow-wrap">

<!-- This site is optimized with the Yoast SEO plugin v24.5 - https://yoast.com/wordpress/plugins/seo/ -->
<title>&quot;Le silence des particules&quot; de Guillaume Cousin au festival Biela Noc 2024 - Francúzsky inštitút na Slovensku</title>
<meta name="robots" content="index, follow, max-snippet:-1, max-image-preview:large, max-video-preview:-1" />
<link rel="canonical" href="https://institutfrancais.sk/fr/podujatie/le-silence-des-particules-de-guillaume-cousin-au-festival-biela-noc-2024/" />
<meta property="og:locale" content="fr_FR" />
<meta property="og:type" content="article" />
<meta property="og:title" content="&quot;Le silence des particules&quot; de Guillaume Cousin au festival Biela Noc 2024 - Francúzsky inštitút na Slovensku" />
<meta property="og:description" content="L&rsquo;édition actuelle du festival de l&rsquo;art contemporain Biela noc (Nuit blanche), qui aura lieu à Bratislava pendant le weekend du 4 au 6 octobre 2024 et à Košice le weekend prochain, présentera dans le cadre de son programme riche l&rsquo;installation multimedia de l&rsquo;artiste français Guillaume Cousin intitulée Le silence des particules. Plongez dans le silence [&hellip;]" />
<meta property="og:url" content="https://institutfrancais.sk/fr/podujatie/le-silence-des-particules-de-guillaume-cousin-au-festival-biela-noc-2024/" />
<meta property="og:site_name" content="Francúzsky inštitút na Slovensku" />
<meta property="article:modified_time" content="2024-10-04T15:26:38+00:00" />
<meta property="og:image" content="https://institutfrancais.sk/wp-content/uploads/2024/10/GCLSDP.png" />
	<meta property="og:image:width" content="889" />
	<meta property="og:image:height" content="596" />
	<meta property="og:image:type" content="image/png" />
<meta name="twitter:card" content="summary_large_image" />
<meta name="twitter:label1" content="Durée de lecture estimée" />
	<meta name="twitter:data1" content="2 minutes" />
<script type="application/ld+json" class="yoast-schema-graph">{"@context":"https://schema.org","@graph":[{"@type":"WebPage","@id":"https://institutfrancais.sk/fr/podujatie/le-silence-des-particules-de-guillaume-cousin-au-festival-biela-noc-2024/","url":"https://institutfrancais.sk/fr/podujatie/le-silence-des-particules-de-guillaume-cousin-au-festival-biela-noc-2024/","name":"\"Le silence des particules\" de Guillaume Cousin au festival Biela Noc 2024 - Francúzsky inštitút na Slovensku","isPartOf":{"@id":"https://institutfrancais.sk/fr/#website"},"primaryImageOfPage":{"@id":"https://institutfrancais.sk/fr/podujatie/le-silence-des-particules-de-guillaume-cousin-au-festival-biela-noc-2024/#primaryimage"},"image":{"@id":"https://institutfrancais.sk/fr/podujatie/le-silence-des-particules-de-guillaume-cousin-au-festival-biela-noc-2024/#primaryimage"},"thumbnailUrl":"https://institutfrancais.sk/wp-content/uploads/2024/10/GCLSDP.png","datePublished":"2024-10-02T15:27:21+00:00","dateModified":"2024-10-04T15:26:38+00:00","breadcrumb":{"@id":"https://institutfrancais.sk/fr/podujatie/le-silence-des-particules-de-guillaume-cousin-au-festival-biela-noc-2024/#breadcrumb"},"inLanguage":"fr-FR","potentialAction":[{"@type":"ReadAction","target":["https://institutfrancais.sk/fr/podujatie/le-silence-des-particules-de-guillaume-cousin-au-festival-biela-noc-2024/"]}]},{"@type":"ImageObject","inLanguage":"fr-FR","@id":"https://institutfrancais.sk/fr/podujatie/le-silence-des-particules-de-guillaume-cousin-au-festival-biela-noc-2024/#primaryimage","url":"https://institutfrancais.sk/wp-content/uploads/2024/10/GCLSDP.png","contentUrl":"https://institutfrancais.sk/wp-content/uploads/2024/10/GCLSDP.png","width":889,"height":596},{"@type":"BreadcrumbList","@id":"https://institutfrancais.sk/fr/podujatie/le-silence-des-particules-de-guillaume-cousin-au-festival-biela-noc-2024/#breadcrumb","itemListElement":[{"@type":"ListItem","position":1,"name":"Home","item":"https://institutfrancais.sk/fr/"},{"@type":"ListItem","position":2,"name":"Events","item":"https://institutfrancais.sk/fr/podujatie/"},{"@type":"ListItem","position":3,"name":"&#8222;Le silence des particules&#8220; de Guillaume Cousin au festival Biela Noc 2024"}]},{"@type":"WebSite","@id":"https://institutfrancais.sk/fr/#website","url":"https://institutfrancais.sk/fr/","name":"Francúzsky inštitút na Slovensku","description":"Francúzsky inštitút na Slovensku","potentialAction":[{"@type":"SearchAction","target":{"@type":"EntryPoint","urlTemplate":"https://institutfrancais.sk/fr/?s={search_term_string}"},"query-input":{"@type":"PropertyValueSpecification","valueRequired":true,"valueName":"search_term_string"}}],"inLanguage":"fr-FR"}]}</script>
<!-- / Yoast SEO plugin. -->

"Le silence des particules" de Guillaume Cousin au festival Biela Noc 2024 - Francúzsky inštitút na Slovensku

L&rsquo;édition actuelle du festival de l&rsquo;art contemporain Biela noc (Nuit blanche), qui aura lieu à Bratislava pendant le weekend du 4 au 6 octobre 2024 et à Košice le weekend prochain, présentera dans le cadre de son programme riche l&rsquo;installation multimedia de l&rsquo;artiste français Guillaume Cousin intitulée Le silence des particules. Plongez dans le silence [&hellip;]

Francúzsky inštitút na Slovensku
