{"id":34571,"date":"2025-01-24T10:03:22","date_gmt":"2025-01-24T09:03:22","guid":{"rendered":"https:\/\/institutfrancais.sk\/podujatie\/cineclub-le-dernier-des-juifs\/"},"modified":"2025-01-24T10:13:19","modified_gmt":"2025-01-24T09:13:19","slug":"cineclub-le-dernier-des-juifs","status":"publish","type":"podujatie","link":"https:\/\/institutfrancais.sk\/fr\/podujatie\/cineclub-le-dernier-des-juifs\/","title":{"rendered":"Cin\u00e9club \u00ab\u00a0Le Dernier des Juifs\u00a0\u00bb"},"content":{"rendered":"\n<p>Nous avons le plaisir de vous inviter \u00e0 la projection du film intitul\u00e9 <strong><em>\u00ab\u00a0Le Dernier des Juifs\u00a0\u00bb<\/em><\/strong>.<\/p>\n\n\n\n<p>Bellisha a&nbsp;27 ans. Gringalet, nonchalant et immature, il est pourtant expert en krav-maga, tr\u00e8s demand\u00e9 sur le march\u00e9 du travail et dot\u00e9 d\u2019innombrables talents. Du moins c\u2019est ce qu\u2019il fait croire \u00e0 sa m\u00e8re Gis\u00e8le, chez qui il vit toujours, dans un HLM de cit\u00e9. Elle sort de moins en moins et, apr\u00e8s la disparition de la synagogue puis la fermeture de l\u2019\u00e9picerie casher du coin, Gis\u00e8le s\u2019inqui\u00e8te pour l\u2019avenir de son fils : ils sont les derniers juifs de la cit\u00e9. Pour la rassurer et ne pas bouleverser cette vie insouciante qu\u2019il aime tant, quel mensonge Bellisha va-t-il encore pouvoir inventer ?<\/p>\n\n\n\n<p>La projection aura lieu le <strong>26 f\u00e9vrier 2025 \u00e0 18:30 \u00e0 l&rsquo;Institut fran\u00e7ais<\/strong>.<\/p>\n\n\n\n<p>\u2027&nbsp;2023 \u2027 Com\u00e9die dramatique \u2027 1h30 \u2027 Sous-titres: English \u2027 Entr\u00e9e libre<\/p>\n\n\n\n<p><\/p>\n\n\n\n<p><\/p>\n\n\n<div class=\"space md\"><\/div>","protected":false},"featured_media":34570,"template":"","typ-podujatia":[52],"acf":[],"yoast_head":"<!-- This site is optimized with the Yoast SEO plugin v24.5 - https:\/\/yoast.com\/wordpress\/plugins\/seo\/ -->\n<title>Cin\u00e9club &quot;Le Dernier des Juifs&quot; - Franc\u00fazsky in\u0161tit\u00fat na Slovensku<\/title>\n<meta name=\"robots\" content=\"index, follow, max-snippet:-1, max-image-preview:large, max-video-preview:-1\" \/>\n<link rel=\"canonical\" href=\"https:\/\/institutfrancais.sk\/fr\/podujatie\/cineclub-le-dernier-des-juifs\/\" \/>\n<meta property=\"og:locale\" content=\"fr_FR\" \/>\n<meta property=\"og:type\" content=\"article\" \/>\n<meta property=\"og:title\" content=\"Cin\u00e9club &quot;Le Dernier des Juifs&quot; - Franc\u00fazsky in\u0161tit\u00fat na Slovensku\" \/>\n<meta property=\"og:description\" content=\"Nous avons le plaisir de vous inviter \u00e0 la projection du film intitul\u00e9 \u00ab\u00a0Le Dernier des Juifs\u00a0\u00bb. Bellisha a&nbsp;27 ans. Gringalet, nonchalant et immature, il est pourtant expert en krav-maga, tr\u00e8s demand\u00e9 sur le march\u00e9 du travail et dot\u00e9 d\u2019innombrables talents. Du moins c\u2019est ce qu\u2019il fait croire \u00e0 sa m\u00e8re Gis\u00e8le, chez qui il [&hellip;]\" \/>\n<meta property=\"og:url\" content=\"https:\/\/institutfrancais.sk\/fr\/podujatie\/cineclub-le-dernier-des-juifs\/\" \/>\n<meta property=\"og:site_name\" content=\"Franc\u00fazsky in\u0161tit\u00fat na Slovensku\" \/>\n<meta property=\"article:modified_time\" content=\"2025-01-24T09:13:19+00:00\" \/>\n<meta property=\"og:image\" content=\"https:\/\/institutfrancais.sk\/wp-content\/uploads\/2025\/01\/le-dernier-des-juifs.jpg\" \/>\n\t<meta property=\"og:image:width\" content=\"768\" \/>\n\t<meta property=\"og:image:height\" content=\"1024\" \/>\n\t<meta property=\"og:image:type\" content=\"image\/jpeg\" \/>\n<meta name=\"twitter:card\" content=\"summary_large_image\" \/>\n<meta name=\"twitter:label1\" content=\"Dur\u00e9e de lecture estim\u00e9e\" \/>\n\t<meta name=\"twitter:data1\" content=\"1 minute\" \/>\n<script type=\"application\/ld+json\" class=\"yoast-schema-graph\">{\"@context\":\"https:\/\/schema.org\",\"@graph\":[{\"@type\":\"WebPage\",\"@id\":\"https:\/\/institutfrancais.sk\/fr\/podujatie\/cineclub-le-dernier-des-juifs\/\",\"url\":\"https:\/\/institutfrancais.sk\/fr\/podujatie\/cineclub-le-dernier-des-juifs\/\",\"name\":\"Cin\u00e9club \\\"Le Dernier des Juifs\\\" - Franc\u00fazsky in\u0161tit\u00fat na Slovensku\",\"isPartOf\":{\"@id\":\"https:\/\/institutfrancais.sk\/fr\/#website\"},\"primaryImageOfPage\":{\"@id\":\"https:\/\/institutfrancais.sk\/fr\/podujatie\/cineclub-le-dernier-des-juifs\/#primaryimage\"},\"image\":{\"@id\":\"https:\/\/institutfrancais.sk\/fr\/podujatie\/cineclub-le-dernier-des-juifs\/#primaryimage\"},\"thumbnailUrl\":\"https:\/\/institutfrancais.sk\/wp-content\/uploads\/2025\/01\/le-dernier-des-juifs.jpg\",\"datePublished\":\"2025-01-24T09:03:22+00:00\",\"dateModified\":\"2025-01-24T09:13:19+00:00\",\"breadcrumb\":{\"@id\":\"https:\/\/institutfrancais.sk\/fr\/podujatie\/cineclub-le-dernier-des-juifs\/#breadcrumb\"},\"inLanguage\":\"fr-FR\",\"potentialAction\":[{\"@type\":\"ReadAction\",\"target\":[\"https:\/\/institutfrancais.sk\/fr\/podujatie\/cineclub-le-dernier-des-juifs\/\"]}]},{\"@type\":\"ImageObject\",\"inLanguage\":\"fr-FR\",\"@id\":\"https:\/\/institutfrancais.sk\/fr\/podujatie\/cineclub-le-dernier-des-juifs\/#primaryimage\",\"url\":\"https:\/\/institutfrancais.sk\/wp-content\/uploads\/2025\/01\/le-dernier-des-juifs.jpg\",\"contentUrl\":\"https:\/\/institutfrancais.sk\/wp-content\/uploads\/2025\/01\/le-dernier-des-juifs.jpg\",\"width\":768,\"height\":1024,\"caption\":\"cin\u00e9club\"},{\"@type\":\"BreadcrumbList\",\"@id\":\"https:\/\/institutfrancais.sk\/fr\/podujatie\/cineclub-le-dernier-des-juifs\/#breadcrumb\",\"itemListElement\":[{\"@type\":\"ListItem\",\"position\":1,\"name\":\"Home\",\"item\":\"https:\/\/institutfrancais.sk\/fr\/\"},{\"@type\":\"ListItem\",\"position\":2,\"name\":\"Events\",\"item\":\"https:\/\/institutfrancais.sk\/fr\/podujatie\/\"},{\"@type\":\"ListItem\",\"position\":3,\"name\":\"Cin\u00e9club &#8222;Le Dernier des Juifs&#8220;\"}]},{\"@type\":\"WebSite\",\"@id\":\"https:\/\/institutfrancais.sk\/fr\/#website\",\"url\":\"https:\/\/institutfrancais.sk\/fr\/\",\"name\":\"Franc\u00fazsky in\u0161tit\u00fat na Slovensku\",\"description\":\"Franc\u00fazsky in\u0161tit\u00fat na Slovensku\",\"potentialAction\":[{\"@type\":\"SearchAction\",\"target\":{\"@type\":\"EntryPoint\",\"urlTemplate\":\"https:\/\/institutfrancais.sk\/fr\/?s={search_term_string}\"},\"query-input\":{\"@type\":\"PropertyValueSpecification\",\"valueRequired\":true,\"valueName\":\"search_term_string\"}}],\"inLanguage\":\"fr-FR\"}]}<\/script>\n<!-- \/ Yoast SEO plugin. -->","yoast_head_json":{"title":"Cin\u00e9club \"Le Dernier des Juifs\" - Franc\u00fazsky in\u0161tit\u00fat na Slovensku","robots":{"index":"index","follow":"follow","max-snippet":"max-snippet:-1","max-image-preview":"max-image-preview:large","max-video-preview":"max-video-preview:-1"},"canonical":"https:\/\/institutfrancais.sk\/fr\/podujatie\/cineclub-le-dernier-des-juifs\/","og_locale":"fr_FR","og_type":"article","og_title":"Cin\u00e9club \"Le Dernier des Juifs\" - Franc\u00fazsky in\u0161tit\u00fat na Slovensku","og_description":"Nous avons le plaisir de vous inviter \u00e0 la projection du film intitul\u00e9 \u00ab\u00a0Le Dernier des Juifs\u00a0\u00bb. Bellisha a&nbsp;27 ans. Gringalet, nonchalant et immature, il est pourtant expert en krav-maga, tr\u00e8s demand\u00e9 sur le march\u00e9 du travail et dot\u00e9 d\u2019innombrables talents. Du moins c\u2019est ce qu\u2019il fait croire \u00e0 sa m\u00e8re Gis\u00e8le, chez qui il [&hellip;]","og_url":"https:\/\/institutfrancais.sk\/fr\/podujatie\/cineclub-le-dernier-des-juifs\/","og_site_name":"Franc\u00fazsky in\u0161tit\u00fat na Slovensku","article_modified_time":"2025-01-24T09:13:19+00:00","og_image":[{"width":768,"height":1024,"url":"https:\/\/institutfrancais.sk\/wp-content\/uploads\/2025\/01\/le-dernier-des-juifs.jpg","type":"image\/jpeg"}],"twitter_card":"summary_large_image","twitter_misc":{"Dur\u00e9e de lecture estim\u00e9e":"1 minute"},"schema":{"@context":"https:\/\/schema.org","@graph":[{"@type":"WebPage","@id":"https:\/\/institutfrancais.sk\/fr\/podujatie\/cineclub-le-dernier-des-juifs\/","url":"https:\/\/institutfrancais.sk\/fr\/podujatie\/cineclub-le-dernier-des-juifs\/","name":"Cin\u00e9club \"Le Dernier des Juifs\" - Franc\u00fazsky in\u0161tit\u00fat na Slovensku","isPartOf":{"@id":"https:\/\/institutfrancais.sk\/fr\/#website"},"primaryImageOfPage":{"@id":"https:\/\/institutfrancais.sk\/fr\/podujatie\/cineclub-le-dernier-des-juifs\/#primaryimage"},"image":{"@id":"https:\/\/institutfrancais.sk\/fr\/podujatie\/cineclub-le-dernier-des-juifs\/#primaryimage"},"thumbnailUrl":"https:\/\/institutfrancais.sk\/wp-content\/uploads\/2025\/01\/le-dernier-des-juifs.jpg","datePublished":"2025-01-24T09:03:22+00:00","dateModified":"2025-01-24T09:13:19+00:00","breadcrumb":{"@id":"https:\/\/institutfrancais.sk\/fr\/podujatie\/cineclub-le-dernier-des-juifs\/#breadcrumb"},"inLanguage":"fr-FR","potentialAction":[{"@type":"ReadAction","target":["https:\/\/institutfrancais.sk\/fr\/podujatie\/cineclub-le-dernier-des-juifs\/"]}]},{"@type":"ImageObject","inLanguage":"fr-FR","@id":"https:\/\/institutfrancais.sk\/fr\/podujatie\/cineclub-le-dernier-des-juifs\/#primaryimage","url":"https:\/\/institutfrancais.sk\/wp-content\/uploads\/2025\/01\/le-dernier-des-juifs.jpg","contentUrl":"https:\/\/institutfrancais.sk\/wp-content\/uploads\/2025\/01\/le-dernier-des-juifs.jpg","width":768,"height":1024,"caption":"cin\u00e9club"},{"@type":"BreadcrumbList","@id":"https:\/\/institutfrancais.sk\/fr\/podujatie\/cineclub-le-dernier-des-juifs\/#breadcrumb","itemListElement":[{"@type":"ListItem","position":1,"name":"Home","item":"https:\/\/institutfrancais.sk\/fr\/"},{"@type":"ListItem","position":2,"name":"Events","item":"https:\/\/institutfrancais.sk\/fr\/podujatie\/"},{"@type":"ListItem","position":3,"name":"Cin\u00e9club &#8222;Le Dernier des Juifs&#8220;"}]},{"@type":"WebSite","@id":"https:\/\/institutfrancais.sk\/fr\/#website","url":"https:\/\/institutfrancais.sk\/fr\/","name":"Franc\u00fazsky in\u0161tit\u00fat na Slovensku","description":"Franc\u00fazsky in\u0161tit\u00fat na Slovensku","potentialAction":[{"@type":"SearchAction","target":{"@type":"EntryPoint","urlTemplate":"https:\/\/institutfrancais.sk\/fr\/?s={search_term_string}"},"query-input":{"@type":"PropertyValueSpecification","valueRequired":true,"valueName":"search_term_string"}}],"inLanguage":"fr-FR"}]}},"_links":{"self":[{"href":"https:\/\/institutfrancais.sk\/fr\/wp-json\/wp\/v2\/podujatie\/34571"}],"collection":[{"href":"https:\/\/institutfrancais.sk\/fr\/wp-json\/wp\/v2\/podujatie"}],"about":[{"href":"https:\/\/institutfrancais.sk\/fr\/wp-json\/wp\/v2\/types\/podujatie"}],"wp:featuredmedia":[{"embeddable":true,"href":"https:\/\/institutfrancais.sk\/fr\/wp-json\/wp\/v2\/media\/34570"}],"wp:attachment":[{"href":"https:\/\/institutfrancais.sk\/fr\/wp-json\/wp\/v2\/media?parent=34571"}],"wp:term":[{"taxonomy":"typ-podujatia","embeddable":true,"href":"https:\/\/institutfrancais.sk\/fr\/wp-json\/wp\/v2\/typ-podujatia?post=34571"}],"curies":[{"name":"wp","href":"https:\/\/api.w.org\/{rel}","templated":true}]}}

Cinéclub « Le Dernier des Juifs »

<p>Nous avons le plaisir de vous inviter à la projection du film intitulé <strong><em>« Le Dernier des Juifs »</em></strong>.</p>



<p>Bellisha a&nbsp;27 ans. Gringalet, nonchalant et immature, il est pourtant expert en krav-maga, très demandé sur le marché du travail et doté d’innombrables talents. Du moins c’est ce qu’il fait croire à sa mère Gisèle, chez qui il vit toujours, dans un HLM de cité. Elle sort de moins en moins et, après la disparition de la synagogue puis la fermeture de l’épicerie casher du coin, Gisèle s’inquiète pour l’avenir de son fils : ils sont les derniers juifs de la cité. Pour la rassurer et ne pas bouleverser cette vie insouciante qu’il aime tant, quel mensonge Bellisha va-t-il encore pouvoir inventer ?</p>



<p>La projection aura lieu le <strong>26 février 2025 à 18:30 à l&rsquo;Institut français</strong>.</p>



<p>‧&nbsp;2023 ‧ Comédie dramatique ‧ 1h30 ‧ Sous-titres: English ‧ Entrée libre</p>



<p></p>



<p></p>


<div class="space md"></div>

<!-- This site is optimized with the Yoast SEO plugin v24.5 - https://yoast.com/wordpress/plugins/seo/ -->
<title>Cinéclub &quot;Le Dernier des Juifs&quot; - Francúzsky inštitút na Slovensku</title>
<meta name="robots" content="index, follow, max-snippet:-1, max-image-preview:large, max-video-preview:-1" />
<link rel="canonical" href="https://institutfrancais.sk/fr/podujatie/cineclub-le-dernier-des-juifs/" />
<meta property="og:locale" content="fr_FR" />
<meta property="og:type" content="article" />
<meta property="og:title" content="Cinéclub &quot;Le Dernier des Juifs&quot; - Francúzsky inštitút na Slovensku" />
<meta property="og:description" content="Nous avons le plaisir de vous inviter à la projection du film intitulé « Le Dernier des Juifs ». Bellisha a&nbsp;27 ans. Gringalet, nonchalant et immature, il est pourtant expert en krav-maga, très demandé sur le marché du travail et doté d’innombrables talents. Du moins c’est ce qu’il fait croire à sa mère Gisèle, chez qui il [&hellip;]" />
<meta property="og:url" content="https://institutfrancais.sk/fr/podujatie/cineclub-le-dernier-des-juifs/" />
<meta property="og:site_name" content="Francúzsky inštitút na Slovensku" />
<meta property="article:modified_time" content="2025-01-24T09:13:19+00:00" />
<meta property="og:image" content="https://institutfrancais.sk/wp-content/uploads/2025/01/le-dernier-des-juifs.jpg" />
	<meta property="og:image:width" content="768" />
	<meta property="og:image:height" content="1024" />
	<meta property="og:image:type" content="image/jpeg" />
<meta name="twitter:card" content="summary_large_image" />
<meta name="twitter:label1" content="Durée de lecture estimée" />
	<meta name="twitter:data1" content="1 minute" />
<script type="application/ld+json" class="yoast-schema-graph">{"@context":"https://schema.org","@graph":[{"@type":"WebPage","@id":"https://institutfrancais.sk/fr/podujatie/cineclub-le-dernier-des-juifs/","url":"https://institutfrancais.sk/fr/podujatie/cineclub-le-dernier-des-juifs/","name":"Cinéclub \"Le Dernier des Juifs\" - Francúzsky inštitút na Slovensku","isPartOf":{"@id":"https://institutfrancais.sk/fr/#website"},"primaryImageOfPage":{"@id":"https://institutfrancais.sk/fr/podujatie/cineclub-le-dernier-des-juifs/#primaryimage"},"image":{"@id":"https://institutfrancais.sk/fr/podujatie/cineclub-le-dernier-des-juifs/#primaryimage"},"thumbnailUrl":"https://institutfrancais.sk/wp-content/uploads/2025/01/le-dernier-des-juifs.jpg","datePublished":"2025-01-24T09:03:22+00:00","dateModified":"2025-01-24T09:13:19+00:00","breadcrumb":{"@id":"https://institutfrancais.sk/fr/podujatie/cineclub-le-dernier-des-juifs/#breadcrumb"},"inLanguage":"fr-FR","potentialAction":[{"@type":"ReadAction","target":["https://institutfrancais.sk/fr/podujatie/cineclub-le-dernier-des-juifs/"]}]},{"@type":"ImageObject","inLanguage":"fr-FR","@id":"https://institutfrancais.sk/fr/podujatie/cineclub-le-dernier-des-juifs/#primaryimage","url":"https://institutfrancais.sk/wp-content/uploads/2025/01/le-dernier-des-juifs.jpg","contentUrl":"https://institutfrancais.sk/wp-content/uploads/2025/01/le-dernier-des-juifs.jpg","width":768,"height":1024,"caption":"cinéclub"},{"@type":"BreadcrumbList","@id":"https://institutfrancais.sk/fr/podujatie/cineclub-le-dernier-des-juifs/#breadcrumb","itemListElement":[{"@type":"ListItem","position":1,"name":"Home","item":"https://institutfrancais.sk/fr/"},{"@type":"ListItem","position":2,"name":"Events","item":"https://institutfrancais.sk/fr/podujatie/"},{"@type":"ListItem","position":3,"name":"Cinéclub &#8222;Le Dernier des Juifs&#8220;"}]},{"@type":"WebSite","@id":"https://institutfrancais.sk/fr/#website","url":"https://institutfrancais.sk/fr/","name":"Francúzsky inštitút na Slovensku","description":"Francúzsky inštitút na Slovensku","potentialAction":[{"@type":"SearchAction","target":{"@type":"EntryPoint","urlTemplate":"https://institutfrancais.sk/fr/?s={search_term_string}"},"query-input":{"@type":"PropertyValueSpecification","valueRequired":true,"valueName":"search_term_string"}}],"inLanguage":"fr-FR"}]}</script>
<!-- / Yoast SEO plugin. -->

Cinéclub "Le Dernier des Juifs" - Francúzsky inštitút na Slovensku

Nous avons le plaisir de vous inviter à la projection du film intitulé « Le Dernier des Juifs ». Bellisha a&nbsp;27 ans. Gringalet, nonchalant et immature, il est pourtant expert en krav-maga, très demandé sur le marché du travail et doté d’innombrables talents. Du moins c’est ce qu’il fait croire à sa mère Gisèle, chez qui il [&hellip;]

Francúzsky inštitút na Slovensku

cinéclub

Cinéclub &#8222;Le Dernier des Juifs&#8220;
