{"id":35352,"date":"2025-02-27T11:02:43","date_gmt":"2025-02-27T10:02:43","guid":{"rendered":"https:\/\/institutfrancais.sk\/?post_type=podujatie&#038;p=35352"},"modified":"2025-03-10T11:12:43","modified_gmt":"2025-03-10T10:12:43","slug":"portraits-de-femmes","status":"publish","type":"podujatie","link":"https:\/\/institutfrancais.sk\/fr\/podujatie\/portraits-de-femmes\/","title":{"rendered":"Portraits de femmes"},"content":{"rendered":"\n<p>Pendant la premi\u00e8re moiti\u00e9 du mois de mars, la galerie de l\u2019Institut fran\u00e7ais de Slovaquie accueillera l\u2019exposition \u00ab Portraits de Femmes \u00bb, r\u00e9alis\u00e9e par les \u00e9l\u00e8ves de 3\u1d49 de l\u2019\u00c9cole Fran\u00e7aise Internationale de Bratislava (EFIB) et de la section bilingue du lyc\u00e9e Metodova.<\/p>\n\n\n\n<p><\/p>\n\n\n\n<p><em>Dans le cadre de la Journ\u00e9e internationale des droits des femmes et de l\u2019\u00e9ducation aux valeurs fran\u00e7aises et plus largement humanistes promues au sein de l\u2019\u00c9cole Fran\u00e7aise Internationale de Bratislava, les \u00e9l\u00e8ves de la classe de 3e r\u00e9alisent le projet \u00ab&nbsp;Portraits de femmes&nbsp;\u00bb.<\/em><\/p>\n\n\n\n<p><\/p>\n\n\n\n<p>Le projet s\u2019appuie notamment sur l&rsquo;effet Matilda, r\u00e9v\u00e9l\u00e9 et th\u00e9oris\u00e9 par Matilda Joslyn Gage au d\u00e9but du XIXe si\u00e8cle. L\u2019effet Matilda d\u00e9signe le ph\u00e9nom\u00e8ne par lequel des hommes s\u2019approprient ou minimisent le travail intellectuel accompli par des femmes, afin de s\u2019en attribuer les m\u00e9rites.<\/p>\n\n\n\n<p><\/p>\n\n\n\n<p>Les figures choisies pour les portraits couvrent des \u00e9poques allant de l&rsquo;Antiquit\u00e9 \u00e0 l\u2019\u00e9poque contemporaine, et sont issues de tous les continents, afin d\u2019offrir une repr\u00e9sentation large. Apr\u00e8s avoir effectu\u00e9 des recherches sur la vie, le travail ou les actions men\u00e9es par leur personnage historique, les \u00e9l\u00e8ves ont r\u00e9dig\u00e9 une l\u00e9gende synth\u00e9tique. Ils en ont extrait des \u00e9l\u00e9ments pour r\u00e9aliser un portrait. Malgr\u00e9 le terme, il ne s\u2019agit pas de repr\u00e9senter la personne par son visage, mais par des images symboliques, dans un style graphique, visuel et minimaliste. Les mat\u00e9riaux et styles sont libres.<\/p>\n\n\n\n<p><\/p>\n\n\n\n<p><em>Ce travail, men\u00e9 en collaboration avec le lyc\u00e9e Metodova, a&nbsp;\u00e9t\u00e9 initi\u00e9 par Mme Casale, professeure d\u2019histoire-g\u00e9ographie et r\u00e9f\u00e9rente \u00e9galit\u00e9 \u00e0 l&rsquo;EFIB, et conduit par M. J\u00e9r\u00e9my Dubois. Il a&nbsp;\u00e9t\u00e9 r\u00e9alis\u00e9 par les \u00e9l\u00e8ves de 3e de l\u2019EFIB et de la section bilingue du lyc\u00e9e Metodova, sous l\u2019encadrement de M. Julien Guyonvarch et de Mme Lucia Bujnov\u00e1.<\/em><\/p>\n\n\n\n<figure class=\"wp-block-gallery has-nested-images columns-default is-cropped wp-block-gallery-1 is-layout-flex wp-block-gallery-is-layout-flex\">\n<figure class=\"wp-block-image size-large\"><img loading=\"lazy\" decoding=\"async\" width=\"537\" height=\"89\" data-id=\"35691\" src=\"https:\/\/institutfrancais.sk\/wp-content\/uploads\/2025\/03\/Snimka-obrazovky-2025-03-10-o-11.12.01-537x89.png\" alt=\"\" class=\"wp-image-35691\" srcset=\"https:\/\/institutfrancais.sk\/wp-content\/uploads\/2025\/03\/Snimka-obrazovky-2025-03-10-o-11.12.01-537x89.png 537w, https:\/\/institutfrancais.sk\/wp-content\/uploads\/2025\/03\/Snimka-obrazovky-2025-03-10-o-11.12.01-350x58.png 350w, https:\/\/institutfrancais.sk\/wp-content\/uploads\/2025\/03\/Snimka-obrazovky-2025-03-10-o-11.12.01-768x128.png 768w, https:\/\/institutfrancais.sk\/wp-content\/uploads\/2025\/03\/Snimka-obrazovky-2025-03-10-o-11.12.01-1190x198.png 1190w, https:\/\/institutfrancais.sk\/wp-content\/uploads\/2025\/03\/Snimka-obrazovky-2025-03-10-o-11.12.01.png 1444w\" sizes=\"(max-width: 537px) 100vw, 537px\" \/><\/figure>\n<\/figure>\n\n\n<div class=\"space md\"><\/div>","protected":false},"featured_media":35678,"template":"","typ-podujatia":[],"acf":[],"yoast_head":"<!-- This site is optimized with the Yoast SEO plugin v24.5 - https:\/\/yoast.com\/wordpress\/plugins\/seo\/ -->\n<title>Portraits de femmes - Franc\u00fazsky in\u0161tit\u00fat na Slovensku<\/title>\n<meta name=\"robots\" content=\"index, follow, max-snippet:-1, max-image-preview:large, max-video-preview:-1\" \/>\n<link rel=\"canonical\" href=\"https:\/\/institutfrancais.sk\/fr\/podujatie\/portraits-de-femmes\/\" \/>\n<meta property=\"og:locale\" content=\"fr_FR\" \/>\n<meta property=\"og:type\" content=\"article\" \/>\n<meta property=\"og:title\" content=\"Portraits de femmes - Franc\u00fazsky in\u0161tit\u00fat na Slovensku\" \/>\n<meta property=\"og:description\" content=\"Pendant la premi\u00e8re moiti\u00e9 du mois de mars, la galerie de l\u2019Institut fran\u00e7ais de Slovaquie accueillera l\u2019exposition \u00ab Portraits de Femmes \u00bb, r\u00e9alis\u00e9e par les \u00e9l\u00e8ves de 3\u1d49 de l\u2019\u00c9cole Fran\u00e7aise Internationale de Bratislava (EFIB) et de la section bilingue du lyc\u00e9e Metodova. Dans le cadre de la Journ\u00e9e internationale des droits des femmes et [&hellip;]\" \/>\n<meta property=\"og:url\" content=\"https:\/\/institutfrancais.sk\/fr\/podujatie\/portraits-de-femmes\/\" \/>\n<meta property=\"og:site_name\" content=\"Franc\u00fazsky in\u0161tit\u00fat na Slovensku\" \/>\n<meta property=\"article:modified_time\" content=\"2025-03-10T10:12:43+00:00\" \/>\n<meta property=\"og:image\" content=\"https:\/\/institutfrancais.sk\/wp-content\/uploads\/2025\/03\/Design-sans-titre.png\" \/>\n\t<meta property=\"og:image:width\" content=\"1366\" \/>\n\t<meta property=\"og:image:height\" content=\"768\" \/>\n\t<meta property=\"og:image:type\" content=\"image\/png\" \/>\n<meta name=\"twitter:card\" content=\"summary_large_image\" \/>\n<meta name=\"twitter:label1\" content=\"Dur\u00e9e de lecture estim\u00e9e\" \/>\n\t<meta name=\"twitter:data1\" content=\"2 minutes\" \/>\n<script type=\"application\/ld+json\" class=\"yoast-schema-graph\">{\"@context\":\"https:\/\/schema.org\",\"@graph\":[{\"@type\":\"WebPage\",\"@id\":\"https:\/\/institutfrancais.sk\/fr\/podujatie\/portraits-de-femmes\/\",\"url\":\"https:\/\/institutfrancais.sk\/fr\/podujatie\/portraits-de-femmes\/\",\"name\":\"Portraits de femmes - Franc\u00fazsky in\u0161tit\u00fat na Slovensku\",\"isPartOf\":{\"@id\":\"https:\/\/institutfrancais.sk\/fr\/#website\"},\"primaryImageOfPage\":{\"@id\":\"https:\/\/institutfrancais.sk\/fr\/podujatie\/portraits-de-femmes\/#primaryimage\"},\"image\":{\"@id\":\"https:\/\/institutfrancais.sk\/fr\/podujatie\/portraits-de-femmes\/#primaryimage\"},\"thumbnailUrl\":\"https:\/\/institutfrancais.sk\/wp-content\/uploads\/2025\/03\/Design-sans-titre.png\",\"datePublished\":\"2025-02-27T10:02:43+00:00\",\"dateModified\":\"2025-03-10T10:12:43+00:00\",\"breadcrumb\":{\"@id\":\"https:\/\/institutfrancais.sk\/fr\/podujatie\/portraits-de-femmes\/#breadcrumb\"},\"inLanguage\":\"fr-FR\",\"potentialAction\":[{\"@type\":\"ReadAction\",\"target\":[\"https:\/\/institutfrancais.sk\/fr\/podujatie\/portraits-de-femmes\/\"]}]},{\"@type\":\"ImageObject\",\"inLanguage\":\"fr-FR\",\"@id\":\"https:\/\/institutfrancais.sk\/fr\/podujatie\/portraits-de-femmes\/#primaryimage\",\"url\":\"https:\/\/institutfrancais.sk\/wp-content\/uploads\/2025\/03\/Design-sans-titre.png\",\"contentUrl\":\"https:\/\/institutfrancais.sk\/wp-content\/uploads\/2025\/03\/Design-sans-titre.png\",\"width\":1366,\"height\":768},{\"@type\":\"BreadcrumbList\",\"@id\":\"https:\/\/institutfrancais.sk\/fr\/podujatie\/portraits-de-femmes\/#breadcrumb\",\"itemListElement\":[{\"@type\":\"ListItem\",\"position\":1,\"name\":\"Home\",\"item\":\"https:\/\/institutfrancais.sk\/fr\/\"},{\"@type\":\"ListItem\",\"position\":2,\"name\":\"Events\",\"item\":\"https:\/\/institutfrancais.sk\/fr\/podujatie\/\"},{\"@type\":\"ListItem\",\"position\":3,\"name\":\"Portraits de femmes\"}]},{\"@type\":\"WebSite\",\"@id\":\"https:\/\/institutfrancais.sk\/fr\/#website\",\"url\":\"https:\/\/institutfrancais.sk\/fr\/\",\"name\":\"Franc\u00fazsky in\u0161tit\u00fat na Slovensku\",\"description\":\"Franc\u00fazsky in\u0161tit\u00fat na Slovensku\",\"potentialAction\":[{\"@type\":\"SearchAction\",\"target\":{\"@type\":\"EntryPoint\",\"urlTemplate\":\"https:\/\/institutfrancais.sk\/fr\/?s={search_term_string}\"},\"query-input\":{\"@type\":\"PropertyValueSpecification\",\"valueRequired\":true,\"valueName\":\"search_term_string\"}}],\"inLanguage\":\"fr-FR\"}]}<\/script>\n<!-- \/ Yoast SEO plugin. -->","yoast_head_json":{"title":"Portraits de femmes - Franc\u00fazsky in\u0161tit\u00fat na Slovensku","robots":{"index":"index","follow":"follow","max-snippet":"max-snippet:-1","max-image-preview":"max-image-preview:large","max-video-preview":"max-video-preview:-1"},"canonical":"https:\/\/institutfrancais.sk\/fr\/podujatie\/portraits-de-femmes\/","og_locale":"fr_FR","og_type":"article","og_title":"Portraits de femmes - Franc\u00fazsky in\u0161tit\u00fat na Slovensku","og_description":"Pendant la premi\u00e8re moiti\u00e9 du mois de mars, la galerie de l\u2019Institut fran\u00e7ais de Slovaquie accueillera l\u2019exposition \u00ab Portraits de Femmes \u00bb, r\u00e9alis\u00e9e par les \u00e9l\u00e8ves de 3\u1d49 de l\u2019\u00c9cole Fran\u00e7aise Internationale de Bratislava (EFIB) et de la section bilingue du lyc\u00e9e Metodova. Dans le cadre de la Journ\u00e9e internationale des droits des femmes et [&hellip;]","og_url":"https:\/\/institutfrancais.sk\/fr\/podujatie\/portraits-de-femmes\/","og_site_name":"Franc\u00fazsky in\u0161tit\u00fat na Slovensku","article_modified_time":"2025-03-10T10:12:43+00:00","og_image":[{"width":1366,"height":768,"url":"https:\/\/institutfrancais.sk\/wp-content\/uploads\/2025\/03\/Design-sans-titre.png","type":"image\/png"}],"twitter_card":"summary_large_image","twitter_misc":{"Dur\u00e9e de lecture estim\u00e9e":"2 minutes"},"schema":{"@context":"https:\/\/schema.org","@graph":[{"@type":"WebPage","@id":"https:\/\/institutfrancais.sk\/fr\/podujatie\/portraits-de-femmes\/","url":"https:\/\/institutfrancais.sk\/fr\/podujatie\/portraits-de-femmes\/","name":"Portraits de femmes - Franc\u00fazsky in\u0161tit\u00fat na Slovensku","isPartOf":{"@id":"https:\/\/institutfrancais.sk\/fr\/#website"},"primaryImageOfPage":{"@id":"https:\/\/institutfrancais.sk\/fr\/podujatie\/portraits-de-femmes\/#primaryimage"},"image":{"@id":"https:\/\/institutfrancais.sk\/fr\/podujatie\/portraits-de-femmes\/#primaryimage"},"thumbnailUrl":"https:\/\/institutfrancais.sk\/wp-content\/uploads\/2025\/03\/Design-sans-titre.png","datePublished":"2025-02-27T10:02:43+00:00","dateModified":"2025-03-10T10:12:43+00:00","breadcrumb":{"@id":"https:\/\/institutfrancais.sk\/fr\/podujatie\/portraits-de-femmes\/#breadcrumb"},"inLanguage":"fr-FR","potentialAction":[{"@type":"ReadAction","target":["https:\/\/institutfrancais.sk\/fr\/podujatie\/portraits-de-femmes\/"]}]},{"@type":"ImageObject","inLanguage":"fr-FR","@id":"https:\/\/institutfrancais.sk\/fr\/podujatie\/portraits-de-femmes\/#primaryimage","url":"https:\/\/institutfrancais.sk\/wp-content\/uploads\/2025\/03\/Design-sans-titre.png","contentUrl":"https:\/\/institutfrancais.sk\/wp-content\/uploads\/2025\/03\/Design-sans-titre.png","width":1366,"height":768},{"@type":"BreadcrumbList","@id":"https:\/\/institutfrancais.sk\/fr\/podujatie\/portraits-de-femmes\/#breadcrumb","itemListElement":[{"@type":"ListItem","position":1,"name":"Home","item":"https:\/\/institutfrancais.sk\/fr\/"},{"@type":"ListItem","position":2,"name":"Events","item":"https:\/\/institutfrancais.sk\/fr\/podujatie\/"},{"@type":"ListItem","position":3,"name":"Portraits de femmes"}]},{"@type":"WebSite","@id":"https:\/\/institutfrancais.sk\/fr\/#website","url":"https:\/\/institutfrancais.sk\/fr\/","name":"Franc\u00fazsky in\u0161tit\u00fat na Slovensku","description":"Franc\u00fazsky in\u0161tit\u00fat na Slovensku","potentialAction":[{"@type":"SearchAction","target":{"@type":"EntryPoint","urlTemplate":"https:\/\/institutfrancais.sk\/fr\/?s={search_term_string}"},"query-input":{"@type":"PropertyValueSpecification","valueRequired":true,"valueName":"search_term_string"}}],"inLanguage":"fr-FR"}]}},"_links":{"self":[{"href":"https:\/\/institutfrancais.sk\/fr\/wp-json\/wp\/v2\/podujatie\/35352"}],"collection":[{"href":"https:\/\/institutfrancais.sk\/fr\/wp-json\/wp\/v2\/podujatie"}],"about":[{"href":"https:\/\/institutfrancais.sk\/fr\/wp-json\/wp\/v2\/types\/podujatie"}],"wp:featuredmedia":[{"embeddable":true,"href":"https:\/\/institutfrancais.sk\/fr\/wp-json\/wp\/v2\/media\/35678"}],"wp:attachment":[{"href":"https:\/\/institutfrancais.sk\/fr\/wp-json\/wp\/v2\/media?parent=35352"}],"wp:term":[{"taxonomy":"typ-podujatia","embeddable":true,"href":"https:\/\/institutfrancais.sk\/fr\/wp-json\/wp\/v2\/typ-podujatia?post=35352"}],"curies":[{"name":"wp","href":"https:\/\/api.w.org\/{rel}","templated":true}]}}

<p>Pendant la première moitié du mois de mars, la galerie de l’Institut français de Slovaquie accueillera l’exposition « Portraits de Femmes », réalisée par les élèves de 3ᵉ de l’École Française Internationale de Bratislava (EFIB) et de la section bilingue du lycée Metodova.</p>



<p></p>



<p><em>Dans le cadre de la Journée internationale des droits des femmes et de l’éducation aux valeurs françaises et plus largement humanistes promues au sein de l’École Française Internationale de Bratislava, les élèves de la classe de 3e réalisent le projet «&nbsp;Portraits de femmes&nbsp;».</em></p>



<p></p>



<p>Le projet s’appuie notamment sur l&rsquo;effet Matilda, révélé et théorisé par Matilda Joslyn Gage au début du XIXe siècle. L’effet Matilda désigne le phénomène par lequel des hommes s’approprient ou minimisent le travail intellectuel accompli par des femmes, afin de s’en attribuer les mérites.</p>



<p></p>



<p>Les figures choisies pour les portraits couvrent des époques allant de l&rsquo;Antiquité à l’époque contemporaine, et sont issues de tous les continents, afin d’offrir une représentation large. Après avoir effectué des recherches sur la vie, le travail ou les actions menées par leur personnage historique, les élèves ont rédigé une légende synthétique. Ils en ont extrait des éléments pour réaliser un portrait. Malgré le terme, il ne s’agit pas de représenter la personne par son visage, mais par des images symboliques, dans un style graphique, visuel et minimaliste. Les matériaux et styles sont libres.</p>



<p></p>



<p><em>Ce travail, mené en collaboration avec le lycée Metodova, a&nbsp;été initié par Mme Casale, professeure d’histoire-géographie et référente égalité à l&rsquo;EFIB, et conduit par M. Jérémy Dubois. Il a&nbsp;été réalisé par les élèves de 3e de l’EFIB et de la section bilingue du lycée Metodova, sous l’encadrement de M. Julien Guyonvarch et de Mme Lucia Bujnová.</em></p>



<figure class="wp-block-gallery has-nested-images columns-default is-cropped wp-block-gallery-1 is-layout-flex wp-block-gallery-is-layout-flex">
<figure class="wp-block-image size-large"><img loading="lazy" decoding="async" width="537" height="89" data-id="35691" src="https://institutfrancais.sk/wp-content/uploads/2025/03/Snimka-obrazovky-2025-03-10-o-11.12.01-537x89.png" alt="" class="wp-image-35691" srcset="https://institutfrancais.sk/wp-content/uploads/2025/03/Snimka-obrazovky-2025-03-10-o-11.12.01-537x89.png 537w, https://institutfrancais.sk/wp-content/uploads/2025/03/Snimka-obrazovky-2025-03-10-o-11.12.01-350x58.png 350w, https://institutfrancais.sk/wp-content/uploads/2025/03/Snimka-obrazovky-2025-03-10-o-11.12.01-768x128.png 768w, https://institutfrancais.sk/wp-content/uploads/2025/03/Snimka-obrazovky-2025-03-10-o-11.12.01-1190x198.png 1190w, https://institutfrancais.sk/wp-content/uploads/2025/03/Snimka-obrazovky-2025-03-10-o-11.12.01.png 1444w" sizes="(max-width: 537px) 100vw, 537px" /></figure>
</figure>


<div class="space md"></div>

<!-- This site is optimized with the Yoast SEO plugin v24.5 - https://yoast.com/wordpress/plugins/seo/ -->
<title>Portraits de femmes - Francúzsky inštitút na Slovensku</title>
<meta name="robots" content="index, follow, max-snippet:-1, max-image-preview:large, max-video-preview:-1" />
<link rel="canonical" href="https://institutfrancais.sk/fr/podujatie/portraits-de-femmes/" />
<meta property="og:locale" content="fr_FR" />
<meta property="og:type" content="article" />
<meta property="og:title" content="Portraits de femmes - Francúzsky inštitút na Slovensku" />
<meta property="og:description" content="Pendant la première moitié du mois de mars, la galerie de l’Institut français de Slovaquie accueillera l’exposition « Portraits de Femmes », réalisée par les élèves de 3ᵉ de l’École Française Internationale de Bratislava (EFIB) et de la section bilingue du lycée Metodova. Dans le cadre de la Journée internationale des droits des femmes et [&hellip;]" />
<meta property="og:url" content="https://institutfrancais.sk/fr/podujatie/portraits-de-femmes/" />
<meta property="og:site_name" content="Francúzsky inštitút na Slovensku" />
<meta property="article:modified_time" content="2025-03-10T10:12:43+00:00" />
<meta property="og:image" content="https://institutfrancais.sk/wp-content/uploads/2025/03/Design-sans-titre.png" />
	<meta property="og:image:width" content="1366" />
	<meta property="og:image:height" content="768" />
	<meta property="og:image:type" content="image/png" />
<meta name="twitter:card" content="summary_large_image" />
<meta name="twitter:label1" content="Durée de lecture estimée" />
	<meta name="twitter:data1" content="2 minutes" />
<script type="application/ld+json" class="yoast-schema-graph">{"@context":"https://schema.org","@graph":[{"@type":"WebPage","@id":"https://institutfrancais.sk/fr/podujatie/portraits-de-femmes/","url":"https://institutfrancais.sk/fr/podujatie/portraits-de-femmes/","name":"Portraits de femmes - Francúzsky inštitút na Slovensku","isPartOf":{"@id":"https://institutfrancais.sk/fr/#website"},"primaryImageOfPage":{"@id":"https://institutfrancais.sk/fr/podujatie/portraits-de-femmes/#primaryimage"},"image":{"@id":"https://institutfrancais.sk/fr/podujatie/portraits-de-femmes/#primaryimage"},"thumbnailUrl":"https://institutfrancais.sk/wp-content/uploads/2025/03/Design-sans-titre.png","datePublished":"2025-02-27T10:02:43+00:00","dateModified":"2025-03-10T10:12:43+00:00","breadcrumb":{"@id":"https://institutfrancais.sk/fr/podujatie/portraits-de-femmes/#breadcrumb"},"inLanguage":"fr-FR","potentialAction":[{"@type":"ReadAction","target":["https://institutfrancais.sk/fr/podujatie/portraits-de-femmes/"]}]},{"@type":"ImageObject","inLanguage":"fr-FR","@id":"https://institutfrancais.sk/fr/podujatie/portraits-de-femmes/#primaryimage","url":"https://institutfrancais.sk/wp-content/uploads/2025/03/Design-sans-titre.png","contentUrl":"https://institutfrancais.sk/wp-content/uploads/2025/03/Design-sans-titre.png","width":1366,"height":768},{"@type":"BreadcrumbList","@id":"https://institutfrancais.sk/fr/podujatie/portraits-de-femmes/#breadcrumb","itemListElement":[{"@type":"ListItem","position":1,"name":"Home","item":"https://institutfrancais.sk/fr/"},{"@type":"ListItem","position":2,"name":"Events","item":"https://institutfrancais.sk/fr/podujatie/"},{"@type":"ListItem","position":3,"name":"Portraits de femmes"}]},{"@type":"WebSite","@id":"https://institutfrancais.sk/fr/#website","url":"https://institutfrancais.sk/fr/","name":"Francúzsky inštitút na Slovensku","description":"Francúzsky inštitút na Slovensku","potentialAction":[{"@type":"SearchAction","target":{"@type":"EntryPoint","urlTemplate":"https://institutfrancais.sk/fr/?s={search_term_string}"},"query-input":{"@type":"PropertyValueSpecification","valueRequired":true,"valueName":"search_term_string"}}],"inLanguage":"fr-FR"}]}</script>
<!-- / Yoast SEO plugin. -->

Portraits de femmes - Francúzsky inštitút na Slovensku

Pendant la première moitié du mois de mars, la galerie de l’Institut français de Slovaquie accueillera l’exposition « Portraits de Femmes », réalisée par les élèves de 3ᵉ de l’École Française Internationale de Bratislava (EFIB) et de la section bilingue du lycée Metodova. Dans le cadre de la Journée internationale des droits des femmes et [&hellip;]

Francúzsky inštitút na Slovensku
