{"id":37134,"date":"2025-09-04T17:28:42","date_gmt":"2025-09-04T15:28:42","guid":{"rendered":"https:\/\/institutfrancais.sk\/?post_type=podujatie&#038;p=37134"},"modified":"2025-09-05T13:27:03","modified_gmt":"2025-09-05T11:27:03","slug":"den-otvorenych-dveri","status":"publish","type":"podujatie","link":"https:\/\/institutfrancais.sk\/fr\/podujatie\/den-otvorenych-dveri\/","title":{"rendered":"Journ\u00e9e portes ouvertes \u00e0 l&rsquo;Ambassade de France"},"content":{"rendered":"\n<p>Dans le cadre des Journ\u00e9es europ\u00e9ennes du patrimoine, l\u2019ambassade de France en Slovaquie vous ouvrira ses portes le samedi 20 septembre de 10h00 \u00e0 12h00. Vous pourrez ainsi d\u00e9couvrir la riche histoire du palais Kutscherfeld, construit en 1762 et dans lequel si\u00e8ge notre ambassade depuis 1994.<\/p>\n\n\n\n<p>IL Y A&nbsp;3 CR\u00c9NEAUX HORAIRES DISPONIBLES :<\/p>\n\n\n\n<p>10h00 : Slovaques (ne parlant pas fran\u00e7ais)<\/p>\n\n\n\n<p>10h45 : Fran\u00e7ais et francophones<\/p>\n\n\n\n<p>11h30 : Slovaques (ne parlant pas fran\u00e7ais)<\/p>\n\n\n\n<p>INSCRIPTION OBLIGATOIRE AU PR\u00c9ALABLE \u00c0 L\u2019ADRESSE MAIL :<\/p>\n\n\n\n<p><a>den.od.fr@gmail.com<\/a><\/p>\n\n\n\n<figure class=\"wp-block-image size-full\"><img loading=\"lazy\" decoding=\"async\" width=\"1002\" height=\"1422\" src=\"https:\/\/institutfrancais.sk\/wp-content\/uploads\/2025\/09\/Snimka-obrazovky-2025-09-05-o-13.22.09.png\" alt=\"\" class=\"wp-image-37148\" srcset=\"https:\/\/institutfrancais.sk\/wp-content\/uploads\/2025\/09\/Snimka-obrazovky-2025-09-05-o-13.22.09.png 1002w, https:\/\/institutfrancais.sk\/wp-content\/uploads\/2025\/09\/Snimka-obrazovky-2025-09-05-o-13.22.09-247x350.png 247w, https:\/\/institutfrancais.sk\/wp-content\/uploads\/2025\/09\/Snimka-obrazovky-2025-09-05-o-13.22.09-378x537.png 378w, https:\/\/institutfrancais.sk\/wp-content\/uploads\/2025\/09\/Snimka-obrazovky-2025-09-05-o-13.22.09-768x1090.png 768w, https:\/\/institutfrancais.sk\/wp-content\/uploads\/2025\/09\/Snimka-obrazovky-2025-09-05-o-13.22.09-705x1000.png 705w\" sizes=\"(max-width: 1002px) 100vw, 1002px\" \/><\/figure>\n","protected":false},"featured_media":37145,"template":"","typ-podujatia":[98],"acf":[],"yoast_head":"<!-- This site is optimized with the Yoast SEO plugin v24.5 - https:\/\/yoast.com\/wordpress\/plugins\/seo\/ -->\n<title>Journ\u00e9e portes ouvertes \u00e0 l&#039;Ambassade de France - Franc\u00fazsky in\u0161tit\u00fat na Slovensku<\/title>\n<meta name=\"robots\" content=\"index, follow, max-snippet:-1, max-image-preview:large, max-video-preview:-1\" \/>\n<link rel=\"canonical\" href=\"https:\/\/institutfrancais.sk\/fr\/podujatie\/den-otvorenych-dveri\/\" \/>\n<meta property=\"og:locale\" content=\"fr_FR\" \/>\n<meta property=\"og:type\" content=\"article\" \/>\n<meta property=\"og:title\" content=\"Journ\u00e9e portes ouvertes \u00e0 l&#039;Ambassade de France - Franc\u00fazsky in\u0161tit\u00fat na Slovensku\" \/>\n<meta property=\"og:description\" content=\"Dans le cadre des Journ\u00e9es europ\u00e9ennes du patrimoine, l\u2019ambassade de France en Slovaquie vous ouvrira ses portes le samedi 20 septembre de 10h00 \u00e0 12h00. Vous pourrez ainsi d\u00e9couvrir la riche histoire du palais Kutscherfeld, construit en 1762 et dans lequel si\u00e8ge notre ambassade depuis 1994. IL Y A&nbsp;3 CR\u00c9NEAUX HORAIRES DISPONIBLES : 10h00 : [&hellip;]\" \/>\n<meta property=\"og:url\" content=\"https:\/\/institutfrancais.sk\/fr\/podujatie\/den-otvorenych-dveri\/\" \/>\n<meta property=\"og:site_name\" content=\"Franc\u00fazsky in\u0161tit\u00fat na Slovensku\" \/>\n<meta property=\"article:modified_time\" content=\"2025-09-05T11:27:03+00:00\" \/>\n<meta property=\"og:image\" content=\"https:\/\/institutfrancais.sk\/wp-content\/uploads\/2025\/09\/Snimka-obrazovky-2025-09-05-o-13.20.25.png\" \/>\n\t<meta property=\"og:image:width\" content=\"1002\" \/>\n\t<meta property=\"og:image:height\" content=\"486\" \/>\n\t<meta property=\"og:image:type\" content=\"image\/png\" \/>\n<meta name=\"twitter:card\" content=\"summary_large_image\" \/>\n<meta name=\"twitter:label1\" content=\"Dur\u00e9e de lecture estim\u00e9e\" \/>\n\t<meta name=\"twitter:data1\" content=\"1 minute\" \/>\n<script type=\"application\/ld+json\" class=\"yoast-schema-graph\">{\"@context\":\"https:\/\/schema.org\",\"@graph\":[{\"@type\":\"WebPage\",\"@id\":\"https:\/\/institutfrancais.sk\/fr\/podujatie\/den-otvorenych-dveri\/\",\"url\":\"https:\/\/institutfrancais.sk\/fr\/podujatie\/den-otvorenych-dveri\/\",\"name\":\"Journ\u00e9e portes ouvertes \u00e0 l'Ambassade de France - Franc\u00fazsky in\u0161tit\u00fat na Slovensku\",\"isPartOf\":{\"@id\":\"https:\/\/institutfrancais.sk\/fr\/#website\"},\"primaryImageOfPage\":{\"@id\":\"https:\/\/institutfrancais.sk\/fr\/podujatie\/den-otvorenych-dveri\/#primaryimage\"},\"image\":{\"@id\":\"https:\/\/institutfrancais.sk\/fr\/podujatie\/den-otvorenych-dveri\/#primaryimage\"},\"thumbnailUrl\":\"https:\/\/institutfrancais.sk\/wp-content\/uploads\/2025\/09\/Snimka-obrazovky-2025-09-05-o-13.20.25.png\",\"datePublished\":\"2025-09-04T15:28:42+00:00\",\"dateModified\":\"2025-09-05T11:27:03+00:00\",\"breadcrumb\":{\"@id\":\"https:\/\/institutfrancais.sk\/fr\/podujatie\/den-otvorenych-dveri\/#breadcrumb\"},\"inLanguage\":\"fr-FR\",\"potentialAction\":[{\"@type\":\"ReadAction\",\"target\":[\"https:\/\/institutfrancais.sk\/fr\/podujatie\/den-otvorenych-dveri\/\"]}]},{\"@type\":\"ImageObject\",\"inLanguage\":\"fr-FR\",\"@id\":\"https:\/\/institutfrancais.sk\/fr\/podujatie\/den-otvorenych-dveri\/#primaryimage\",\"url\":\"https:\/\/institutfrancais.sk\/wp-content\/uploads\/2025\/09\/Snimka-obrazovky-2025-09-05-o-13.20.25.png\",\"contentUrl\":\"https:\/\/institutfrancais.sk\/wp-content\/uploads\/2025\/09\/Snimka-obrazovky-2025-09-05-o-13.20.25.png\",\"width\":1002,\"height\":486},{\"@type\":\"BreadcrumbList\",\"@id\":\"https:\/\/institutfrancais.sk\/fr\/podujatie\/den-otvorenych-dveri\/#breadcrumb\",\"itemListElement\":[{\"@type\":\"ListItem\",\"position\":1,\"name\":\"Home\",\"item\":\"https:\/\/institutfrancais.sk\/fr\/\"},{\"@type\":\"ListItem\",\"position\":2,\"name\":\"Events\",\"item\":\"https:\/\/institutfrancais.sk\/fr\/podujatie\/\"},{\"@type\":\"ListItem\",\"position\":3,\"name\":\"Journ\u00e9e portes ouvertes \u00e0 l&#8217;Ambassade de France\"}]},{\"@type\":\"WebSite\",\"@id\":\"https:\/\/institutfrancais.sk\/fr\/#website\",\"url\":\"https:\/\/institutfrancais.sk\/fr\/\",\"name\":\"Franc\u00fazsky in\u0161tit\u00fat na Slovensku\",\"description\":\"Franc\u00fazsky in\u0161tit\u00fat na Slovensku\",\"potentialAction\":[{\"@type\":\"SearchAction\",\"target\":{\"@type\":\"EntryPoint\",\"urlTemplate\":\"https:\/\/institutfrancais.sk\/fr\/?s={search_term_string}\"},\"query-input\":{\"@type\":\"PropertyValueSpecification\",\"valueRequired\":true,\"valueName\":\"search_term_string\"}}],\"inLanguage\":\"fr-FR\"}]}<\/script>\n<!-- \/ Yoast SEO plugin. -->","yoast_head_json":{"title":"Journ\u00e9e portes ouvertes \u00e0 l'Ambassade de France - Franc\u00fazsky in\u0161tit\u00fat na Slovensku","robots":{"index":"index","follow":"follow","max-snippet":"max-snippet:-1","max-image-preview":"max-image-preview:large","max-video-preview":"max-video-preview:-1"},"canonical":"https:\/\/institutfrancais.sk\/fr\/podujatie\/den-otvorenych-dveri\/","og_locale":"fr_FR","og_type":"article","og_title":"Journ\u00e9e portes ouvertes \u00e0 l'Ambassade de France - Franc\u00fazsky in\u0161tit\u00fat na Slovensku","og_description":"Dans le cadre des Journ\u00e9es europ\u00e9ennes du patrimoine, l\u2019ambassade de France en Slovaquie vous ouvrira ses portes le samedi 20 septembre de 10h00 \u00e0 12h00. Vous pourrez ainsi d\u00e9couvrir la riche histoire du palais Kutscherfeld, construit en 1762 et dans lequel si\u00e8ge notre ambassade depuis 1994. IL Y A&nbsp;3 CR\u00c9NEAUX HORAIRES DISPONIBLES : 10h00 : [&hellip;]","og_url":"https:\/\/institutfrancais.sk\/fr\/podujatie\/den-otvorenych-dveri\/","og_site_name":"Franc\u00fazsky in\u0161tit\u00fat na Slovensku","article_modified_time":"2025-09-05T11:27:03+00:00","og_image":[{"width":1002,"height":486,"url":"https:\/\/institutfrancais.sk\/wp-content\/uploads\/2025\/09\/Snimka-obrazovky-2025-09-05-o-13.20.25.png","type":"image\/png"}],"twitter_card":"summary_large_image","twitter_misc":{"Dur\u00e9e de lecture estim\u00e9e":"1 minute"},"schema":{"@context":"https:\/\/schema.org","@graph":[{"@type":"WebPage","@id":"https:\/\/institutfrancais.sk\/fr\/podujatie\/den-otvorenych-dveri\/","url":"https:\/\/institutfrancais.sk\/fr\/podujatie\/den-otvorenych-dveri\/","name":"Journ\u00e9e portes ouvertes \u00e0 l'Ambassade de France - Franc\u00fazsky in\u0161tit\u00fat na Slovensku","isPartOf":{"@id":"https:\/\/institutfrancais.sk\/fr\/#website"},"primaryImageOfPage":{"@id":"https:\/\/institutfrancais.sk\/fr\/podujatie\/den-otvorenych-dveri\/#primaryimage"},"image":{"@id":"https:\/\/institutfrancais.sk\/fr\/podujatie\/den-otvorenych-dveri\/#primaryimage"},"thumbnailUrl":"https:\/\/institutfrancais.sk\/wp-content\/uploads\/2025\/09\/Snimka-obrazovky-2025-09-05-o-13.20.25.png","datePublished":"2025-09-04T15:28:42+00:00","dateModified":"2025-09-05T11:27:03+00:00","breadcrumb":{"@id":"https:\/\/institutfrancais.sk\/fr\/podujatie\/den-otvorenych-dveri\/#breadcrumb"},"inLanguage":"fr-FR","potentialAction":[{"@type":"ReadAction","target":["https:\/\/institutfrancais.sk\/fr\/podujatie\/den-otvorenych-dveri\/"]}]},{"@type":"ImageObject","inLanguage":"fr-FR","@id":"https:\/\/institutfrancais.sk\/fr\/podujatie\/den-otvorenych-dveri\/#primaryimage","url":"https:\/\/institutfrancais.sk\/wp-content\/uploads\/2025\/09\/Snimka-obrazovky-2025-09-05-o-13.20.25.png","contentUrl":"https:\/\/institutfrancais.sk\/wp-content\/uploads\/2025\/09\/Snimka-obrazovky-2025-09-05-o-13.20.25.png","width":1002,"height":486},{"@type":"BreadcrumbList","@id":"https:\/\/institutfrancais.sk\/fr\/podujatie\/den-otvorenych-dveri\/#breadcrumb","itemListElement":[{"@type":"ListItem","position":1,"name":"Home","item":"https:\/\/institutfrancais.sk\/fr\/"},{"@type":"ListItem","position":2,"name":"Events","item":"https:\/\/institutfrancais.sk\/fr\/podujatie\/"},{"@type":"ListItem","position":3,"name":"Journ\u00e9e portes ouvertes \u00e0 l&#8217;Ambassade de France"}]},{"@type":"WebSite","@id":"https:\/\/institutfrancais.sk\/fr\/#website","url":"https:\/\/institutfrancais.sk\/fr\/","name":"Franc\u00fazsky in\u0161tit\u00fat na Slovensku","description":"Franc\u00fazsky in\u0161tit\u00fat na Slovensku","potentialAction":[{"@type":"SearchAction","target":{"@type":"EntryPoint","urlTemplate":"https:\/\/institutfrancais.sk\/fr\/?s={search_term_string}"},"query-input":{"@type":"PropertyValueSpecification","valueRequired":true,"valueName":"search_term_string"}}],"inLanguage":"fr-FR"}]}},"_links":{"self":[{"href":"https:\/\/institutfrancais.sk\/fr\/wp-json\/wp\/v2\/podujatie\/37134"}],"collection":[{"href":"https:\/\/institutfrancais.sk\/fr\/wp-json\/wp\/v2\/podujatie"}],"about":[{"href":"https:\/\/institutfrancais.sk\/fr\/wp-json\/wp\/v2\/types\/podujatie"}],"wp:featuredmedia":[{"embeddable":true,"href":"https:\/\/institutfrancais.sk\/fr\/wp-json\/wp\/v2\/media\/37145"}],"wp:attachment":[{"href":"https:\/\/institutfrancais.sk\/fr\/wp-json\/wp\/v2\/media?parent=37134"}],"wp:term":[{"taxonomy":"typ-podujatia","embeddable":true,"href":"https:\/\/institutfrancais.sk\/fr\/wp-json\/wp\/v2\/typ-podujatia?post=37134"}],"curies":[{"name":"wp","href":"https:\/\/api.w.org\/{rel}","templated":true}]}}

Journée portes ouvertes à l&rsquo;Ambassade de France

<p>Dans le cadre des Journées européennes du patrimoine, l’ambassade de France en Slovaquie vous ouvrira ses portes le samedi 20 septembre de 10h00 à 12h00. Vous pourrez ainsi découvrir la riche histoire du palais Kutscherfeld, construit en 1762 et dans lequel siège notre ambassade depuis 1994.</p>



<p>IL Y A&nbsp;3 CRÉNEAUX HORAIRES DISPONIBLES :</p>



<p>10h00 : Slovaques (ne parlant pas français)</p>



<p>10h45 : Français et francophones</p>



<p>11h30 : Slovaques (ne parlant pas français)</p>



<p>INSCRIPTION OBLIGATOIRE AU PRÉALABLE À L’ADRESSE MAIL :</p>



<p><a>den.od.fr@gmail.com</a></p>



<figure class="wp-block-image size-full"><img loading="lazy" decoding="async" width="1002" height="1422" src="https://institutfrancais.sk/wp-content/uploads/2025/09/Snimka-obrazovky-2025-09-05-o-13.22.09.png" alt="" class="wp-image-37148" srcset="https://institutfrancais.sk/wp-content/uploads/2025/09/Snimka-obrazovky-2025-09-05-o-13.22.09.png 1002w, https://institutfrancais.sk/wp-content/uploads/2025/09/Snimka-obrazovky-2025-09-05-o-13.22.09-247x350.png 247w, https://institutfrancais.sk/wp-content/uploads/2025/09/Snimka-obrazovky-2025-09-05-o-13.22.09-378x537.png 378w, https://institutfrancais.sk/wp-content/uploads/2025/09/Snimka-obrazovky-2025-09-05-o-13.22.09-768x1090.png 768w, https://institutfrancais.sk/wp-content/uploads/2025/09/Snimka-obrazovky-2025-09-05-o-13.22.09-705x1000.png 705w" sizes="(max-width: 1002px) 100vw, 1002px" /></figure>

<!-- This site is optimized with the Yoast SEO plugin v24.5 - https://yoast.com/wordpress/plugins/seo/ -->
<title>Journée portes ouvertes à l&#039;Ambassade de France - Francúzsky inštitút na Slovensku</title>
<meta name="robots" content="index, follow, max-snippet:-1, max-image-preview:large, max-video-preview:-1" />
<link rel="canonical" href="https://institutfrancais.sk/fr/podujatie/den-otvorenych-dveri/" />
<meta property="og:locale" content="fr_FR" />
<meta property="og:type" content="article" />
<meta property="og:title" content="Journée portes ouvertes à l&#039;Ambassade de France - Francúzsky inštitút na Slovensku" />
<meta property="og:description" content="Dans le cadre des Journées européennes du patrimoine, l’ambassade de France en Slovaquie vous ouvrira ses portes le samedi 20 septembre de 10h00 à 12h00. Vous pourrez ainsi découvrir la riche histoire du palais Kutscherfeld, construit en 1762 et dans lequel siège notre ambassade depuis 1994. IL Y A&nbsp;3 CRÉNEAUX HORAIRES DISPONIBLES : 10h00 : [&hellip;]" />
<meta property="og:url" content="https://institutfrancais.sk/fr/podujatie/den-otvorenych-dveri/" />
<meta property="og:site_name" content="Francúzsky inštitút na Slovensku" />
<meta property="article:modified_time" content="2025-09-05T11:27:03+00:00" />
<meta property="og:image" content="https://institutfrancais.sk/wp-content/uploads/2025/09/Snimka-obrazovky-2025-09-05-o-13.20.25.png" />
	<meta property="og:image:width" content="1002" />
	<meta property="og:image:height" content="486" />
	<meta property="og:image:type" content="image/png" />
<meta name="twitter:card" content="summary_large_image" />
<meta name="twitter:label1" content="Durée de lecture estimée" />
	<meta name="twitter:data1" content="1 minute" />
<script type="application/ld+json" class="yoast-schema-graph">{"@context":"https://schema.org","@graph":[{"@type":"WebPage","@id":"https://institutfrancais.sk/fr/podujatie/den-otvorenych-dveri/","url":"https://institutfrancais.sk/fr/podujatie/den-otvorenych-dveri/","name":"Journée portes ouvertes à l'Ambassade de France - Francúzsky inštitút na Slovensku","isPartOf":{"@id":"https://institutfrancais.sk/fr/#website"},"primaryImageOfPage":{"@id":"https://institutfrancais.sk/fr/podujatie/den-otvorenych-dveri/#primaryimage"},"image":{"@id":"https://institutfrancais.sk/fr/podujatie/den-otvorenych-dveri/#primaryimage"},"thumbnailUrl":"https://institutfrancais.sk/wp-content/uploads/2025/09/Snimka-obrazovky-2025-09-05-o-13.20.25.png","datePublished":"2025-09-04T15:28:42+00:00","dateModified":"2025-09-05T11:27:03+00:00","breadcrumb":{"@id":"https://institutfrancais.sk/fr/podujatie/den-otvorenych-dveri/#breadcrumb"},"inLanguage":"fr-FR","potentialAction":[{"@type":"ReadAction","target":["https://institutfrancais.sk/fr/podujatie/den-otvorenych-dveri/"]}]},{"@type":"ImageObject","inLanguage":"fr-FR","@id":"https://institutfrancais.sk/fr/podujatie/den-otvorenych-dveri/#primaryimage","url":"https://institutfrancais.sk/wp-content/uploads/2025/09/Snimka-obrazovky-2025-09-05-o-13.20.25.png","contentUrl":"https://institutfrancais.sk/wp-content/uploads/2025/09/Snimka-obrazovky-2025-09-05-o-13.20.25.png","width":1002,"height":486},{"@type":"BreadcrumbList","@id":"https://institutfrancais.sk/fr/podujatie/den-otvorenych-dveri/#breadcrumb","itemListElement":[{"@type":"ListItem","position":1,"name":"Home","item":"https://institutfrancais.sk/fr/"},{"@type":"ListItem","position":2,"name":"Events","item":"https://institutfrancais.sk/fr/podujatie/"},{"@type":"ListItem","position":3,"name":"Journée portes ouvertes à l&#8217;Ambassade de France"}]},{"@type":"WebSite","@id":"https://institutfrancais.sk/fr/#website","url":"https://institutfrancais.sk/fr/","name":"Francúzsky inštitút na Slovensku","description":"Francúzsky inštitút na Slovensku","potentialAction":[{"@type":"SearchAction","target":{"@type":"EntryPoint","urlTemplate":"https://institutfrancais.sk/fr/?s={search_term_string}"},"query-input":{"@type":"PropertyValueSpecification","valueRequired":true,"valueName":"search_term_string"}}],"inLanguage":"fr-FR"}]}</script>
<!-- / Yoast SEO plugin. -->

Journée portes ouvertes à l'Ambassade de France - Francúzsky inštitút na Slovensku

Dans le cadre des Journées européennes du patrimoine, l’ambassade de France en Slovaquie vous ouvrira ses portes le samedi 20 septembre de 10h00 à 12h00. Vous pourrez ainsi découvrir la riche histoire du palais Kutscherfeld, construit en 1762 et dans lequel siège notre ambassade depuis 1994. IL Y A&nbsp;3 CRÉNEAUX HORAIRES DISPONIBLES : 10h00 : [&hellip;]

Francúzsky inštitút na Slovensku

Journée portes ouvertes à l&#8217;Ambassade de France
