{"id":38810,"date":"2026-03-03T15:42:36","date_gmt":"2026-03-03T14:42:36","guid":{"rendered":"https:\/\/institutfrancais.sk\/?post_type=podujatie&#038;p=38810"},"modified":"2026-03-09T11:26:08","modified_gmt":"2026-03-09T10:26:08","slug":"choix-goncourt-de-la-slovaquie-2026","status":"publish","type":"podujatie","link":"https:\/\/institutfrancais.sk\/fr\/podujatie\/choix-goncourt-de-la-slovaquie-2026\/","title":{"rendered":"Choix Goncourt de la Slovaquie 2026"},"content":{"rendered":"\n<p id=\"block-558888c3-af2e-45cc-864e-ffc0a84008f9\">Le 12 mars \u00e0 la <strong>Biblioth\u00e8que universitaire de Bratislava<\/strong>, des dizaines de lyc\u00e9ens et d\u2019\u00e9tudiants francophones venus de toute la Slovaquie se r\u00e9uniront pour la troisi\u00e8me \u00e9dition du <strong>Choix Goncourt de la Slovaquie<\/strong>, pour d\u00e9battre ensemble de la s\u00e9lection Goncourt 2025 et \u00e9lire leur propre laur\u00e9at. Ce moment de discussion autour de la litt\u00e9rature, sera anim\u00e9 par <strong>Mme Katar\u00edna Bedn\u00e1rov\u00e1<\/strong> de la facult\u00e9 de Lettres de l\u2019Universit\u00e9 Comenius et se tiendra en pr\u00e9sence de <strong>Philippe Claudel, pr\u00e9sident de l\u2019Acad\u00e9mie Goncourt.<\/strong><\/p>\n\n\n\n<p id=\"block-e5abc4a5-6c11-4799-8a32-8a036418b509\">\ud83d\udccd <strong>Lieu<\/strong> : Salle de conf\u00e9rence de la Biblioth\u00e8que universitaire de Bratislava, (Vent\u00farska 11, Bratislava), Entr\u00e9e libre<\/p>\n\n\n\n<p id=\"block-f93bcc21-69f0-4074-b613-515b7d966e44\">\ud83d\udcc5 <strong>Date<\/strong> <strong>et heure<\/strong> : jeudi 12 mars 2026 \u00e0 13h30<\/p>\n\n\n\n<h3 class=\"wp-block-heading\" id=\"block-09a8d745-73c2-470f-a0a4-ee91ed2abe02\">Informations cl\u00e9s<\/h3>\n\n\n\n<p id=\"block-f1ba0ab5-3d80-4c86-9e73-e2e92453d887\">\ud83d\udcda <strong>Romans en comp\u00e9tition<\/strong> :<\/p>\n\n\n\n<ul id=\"block-1de5da87-ac4f-4a64-9048-ada847028d92\">\n<li><em>La Nuit au coeur <\/em>\u2014 Natacha Appanah (Gallimard)<\/li>\n\n\n\n<li><em>Kolkhoze <\/em>\u2014 Emmanuel Carr\u00e8re (P.O.L)<\/li>\n\n\n\n<li><em>Le Bel Obscur <\/em>\u2014 Caroline Lamarche (Seuil)<\/li>\n\n\n\n<li><em>La Maison vide <\/em>\u2014 Laurent Mauvignier (Minuit)<\/li>\n<\/ul>\n\n\n\n<p>Partenaires:<\/p>\n\n\n\n<figure class=\"wp-block-gallery has-nested-images columns-default is-cropped wp-block-gallery-1 is-layout-flex wp-block-gallery-is-layout-flex\">\n<figure class=\"wp-block-image size-full is-style-default\"><img loading=\"lazy\" decoding=\"async\" width=\"2175\" height=\"429\" data-id=\"38966\" src=\"https:\/\/institutfrancais.sk\/wp-content\/uploads\/2026\/03\/logos-chgs-v2-1.png\" alt=\"\" class=\"wp-image-38966\" srcset=\"https:\/\/institutfrancais.sk\/wp-content\/uploads\/2026\/03\/logos-chgs-v2-1.png 2175w, https:\/\/institutfrancais.sk\/wp-content\/uploads\/2026\/03\/logos-chgs-v2-1-350x69.png 350w, https:\/\/institutfrancais.sk\/wp-content\/uploads\/2026\/03\/logos-chgs-v2-1-537x106.png 537w, https:\/\/institutfrancais.sk\/wp-content\/uploads\/2026\/03\/logos-chgs-v2-1-768x151.png 768w, https:\/\/institutfrancais.sk\/wp-content\/uploads\/2026\/03\/logos-chgs-v2-1-1536x303.png 1536w, https:\/\/institutfrancais.sk\/wp-content\/uploads\/2026\/03\/logos-chgs-v2-1-2048x404.png 2048w, https:\/\/institutfrancais.sk\/wp-content\/uploads\/2026\/03\/logos-chgs-v2-1-1190x235.png 1190w, https:\/\/institutfrancais.sk\/wp-content\/uploads\/2026\/03\/logos-chgs-v2-1-1690x333.png 1690w\" sizes=\"(max-width: 2175px) 100vw, 2175px\" \/><\/figure>\n<\/figure>\n\n\n<div class=\"space md\"><\/div>","protected":false},"featured_media":39140,"template":"","typ-podujatia":[58],"acf":[],"yoast_head":"<!-- This site is optimized with the Yoast SEO plugin v24.5 - https:\/\/yoast.com\/wordpress\/plugins\/seo\/ -->\n<title>Choix Goncourt de la Slovaquie 2026 - Franc\u00fazsky in\u0161tit\u00fat na Slovensku<\/title>\n<meta name=\"description\" content=\"Choix Goncourt de la Slovaquie 2026\" \/>\n<meta name=\"robots\" content=\"index, follow, max-snippet:-1, max-image-preview:large, max-video-preview:-1\" \/>\n<link rel=\"canonical\" href=\"https:\/\/institutfrancais.sk\/fr\/podujatie\/choix-goncourt-de-la-slovaquie-2026\/\" \/>\n<meta property=\"og:locale\" content=\"fr_FR\" \/>\n<meta property=\"og:type\" content=\"article\" \/>\n<meta property=\"og:title\" content=\"Choix Goncourt de la Slovaquie 2026 - Franc\u00fazsky in\u0161tit\u00fat na Slovensku\" \/>\n<meta property=\"og:description\" content=\"Choix Goncourt de la Slovaquie 2026\" \/>\n<meta property=\"og:url\" content=\"https:\/\/institutfrancais.sk\/fr\/podujatie\/choix-goncourt-de-la-slovaquie-2026\/\" \/>\n<meta property=\"og:site_name\" content=\"Franc\u00fazsky in\u0161tit\u00fat na Slovensku\" \/>\n<meta property=\"article:modified_time\" content=\"2026-03-09T10:26:08+00:00\" \/>\n<meta property=\"og:image\" content=\"https:\/\/institutfrancais.sk\/wp-content\/uploads\/2026\/03\/1-CHOIX-GONCOURT-SLOVENSKO-2026--537x302.png\" \/>\n\t<meta property=\"og:image:width\" content=\"537\" \/>\n\t<meta property=\"og:image:height\" content=\"302\" \/>\n\t<meta property=\"og:image:type\" content=\"image\/png\" \/>\n<meta name=\"twitter:card\" content=\"summary_large_image\" \/>\n<meta name=\"twitter:label1\" content=\"Dur\u00e9e de lecture estim\u00e9e\" \/>\n\t<meta name=\"twitter:data1\" content=\"2 minutes\" \/>\n<script type=\"application\/ld+json\" class=\"yoast-schema-graph\">{\"@context\":\"https:\/\/schema.org\",\"@graph\":[{\"@type\":\"WebPage\",\"@id\":\"https:\/\/institutfrancais.sk\/fr\/podujatie\/choix-goncourt-de-la-slovaquie-2026\/\",\"url\":\"https:\/\/institutfrancais.sk\/fr\/podujatie\/choix-goncourt-de-la-slovaquie-2026\/\",\"name\":\"Choix Goncourt de la Slovaquie 2026 - Franc\u00fazsky in\u0161tit\u00fat na Slovensku\",\"isPartOf\":{\"@id\":\"https:\/\/institutfrancais.sk\/fr\/#website\"},\"primaryImageOfPage\":{\"@id\":\"https:\/\/institutfrancais.sk\/fr\/podujatie\/choix-goncourt-de-la-slovaquie-2026\/#primaryimage\"},\"image\":{\"@id\":\"https:\/\/institutfrancais.sk\/fr\/podujatie\/choix-goncourt-de-la-slovaquie-2026\/#primaryimage\"},\"thumbnailUrl\":\"https:\/\/institutfrancais.sk\/wp-content\/uploads\/2026\/03\/1-CHOIX-GONCOURT-SLOVENSKO-2026-.png\",\"datePublished\":\"2026-03-03T14:42:36+00:00\",\"dateModified\":\"2026-03-09T10:26:08+00:00\",\"description\":\"Choix Goncourt de la Slovaquie 2026\",\"breadcrumb\":{\"@id\":\"https:\/\/institutfrancais.sk\/fr\/podujatie\/choix-goncourt-de-la-slovaquie-2026\/#breadcrumb\"},\"inLanguage\":\"fr-FR\",\"potentialAction\":[{\"@type\":\"ReadAction\",\"target\":[\"https:\/\/institutfrancais.sk\/fr\/podujatie\/choix-goncourt-de-la-slovaquie-2026\/\"]}]},{\"@type\":\"ImageObject\",\"inLanguage\":\"fr-FR\",\"@id\":\"https:\/\/institutfrancais.sk\/fr\/podujatie\/choix-goncourt-de-la-slovaquie-2026\/#primaryimage\",\"url\":\"https:\/\/institutfrancais.sk\/wp-content\/uploads\/2026\/03\/1-CHOIX-GONCOURT-SLOVENSKO-2026-.png\",\"contentUrl\":\"https:\/\/institutfrancais.sk\/wp-content\/uploads\/2026\/03\/1-CHOIX-GONCOURT-SLOVENSKO-2026-.png\",\"width\":2220,\"height\":1248},{\"@type\":\"BreadcrumbList\",\"@id\":\"https:\/\/institutfrancais.sk\/fr\/podujatie\/choix-goncourt-de-la-slovaquie-2026\/#breadcrumb\",\"itemListElement\":[{\"@type\":\"ListItem\",\"position\":1,\"name\":\"Home\",\"item\":\"https:\/\/institutfrancais.sk\/fr\/\"},{\"@type\":\"ListItem\",\"position\":2,\"name\":\"Events\",\"item\":\"https:\/\/institutfrancais.sk\/fr\/podujatie\/\"},{\"@type\":\"ListItem\",\"position\":3,\"name\":\"Choix Goncourt de la Slovaquie 2026\"}]},{\"@type\":\"WebSite\",\"@id\":\"https:\/\/institutfrancais.sk\/fr\/#website\",\"url\":\"https:\/\/institutfrancais.sk\/fr\/\",\"name\":\"Franc\u00fazsky in\u0161tit\u00fat na Slovensku\",\"description\":\"Franc\u00fazsky in\u0161tit\u00fat na Slovensku\",\"potentialAction\":[{\"@type\":\"SearchAction\",\"target\":{\"@type\":\"EntryPoint\",\"urlTemplate\":\"https:\/\/institutfrancais.sk\/fr\/?s={search_term_string}\"},\"query-input\":{\"@type\":\"PropertyValueSpecification\",\"valueRequired\":true,\"valueName\":\"search_term_string\"}}],\"inLanguage\":\"fr-FR\"}]}<\/script>\n<!-- \/ Yoast SEO plugin. -->","yoast_head_json":{"title":"Choix Goncourt de la Slovaquie 2026 - Franc\u00fazsky in\u0161tit\u00fat na Slovensku","description":"Choix Goncourt de la Slovaquie 2026","robots":{"index":"index","follow":"follow","max-snippet":"max-snippet:-1","max-image-preview":"max-image-preview:large","max-video-preview":"max-video-preview:-1"},"canonical":"https:\/\/institutfrancais.sk\/fr\/podujatie\/choix-goncourt-de-la-slovaquie-2026\/","og_locale":"fr_FR","og_type":"article","og_title":"Choix Goncourt de la Slovaquie 2026 - Franc\u00fazsky in\u0161tit\u00fat na Slovensku","og_description":"Choix Goncourt de la Slovaquie 2026","og_url":"https:\/\/institutfrancais.sk\/fr\/podujatie\/choix-goncourt-de-la-slovaquie-2026\/","og_site_name":"Franc\u00fazsky in\u0161tit\u00fat na Slovensku","article_modified_time":"2026-03-09T10:26:08+00:00","og_image":[{"width":537,"height":302,"url":"https:\/\/institutfrancais.sk\/wp-content\/uploads\/2026\/03\/1-CHOIX-GONCOURT-SLOVENSKO-2026--537x302.png","type":"image\/png"}],"twitter_card":"summary_large_image","twitter_misc":{"Dur\u00e9e de lecture estim\u00e9e":"2 minutes"},"schema":{"@context":"https:\/\/schema.org","@graph":[{"@type":"WebPage","@id":"https:\/\/institutfrancais.sk\/fr\/podujatie\/choix-goncourt-de-la-slovaquie-2026\/","url":"https:\/\/institutfrancais.sk\/fr\/podujatie\/choix-goncourt-de-la-slovaquie-2026\/","name":"Choix Goncourt de la Slovaquie 2026 - Franc\u00fazsky in\u0161tit\u00fat na Slovensku","isPartOf":{"@id":"https:\/\/institutfrancais.sk\/fr\/#website"},"primaryImageOfPage":{"@id":"https:\/\/institutfrancais.sk\/fr\/podujatie\/choix-goncourt-de-la-slovaquie-2026\/#primaryimage"},"image":{"@id":"https:\/\/institutfrancais.sk\/fr\/podujatie\/choix-goncourt-de-la-slovaquie-2026\/#primaryimage"},"thumbnailUrl":"https:\/\/institutfrancais.sk\/wp-content\/uploads\/2026\/03\/1-CHOIX-GONCOURT-SLOVENSKO-2026-.png","datePublished":"2026-03-03T14:42:36+00:00","dateModified":"2026-03-09T10:26:08+00:00","description":"Choix Goncourt de la Slovaquie 2026","breadcrumb":{"@id":"https:\/\/institutfrancais.sk\/fr\/podujatie\/choix-goncourt-de-la-slovaquie-2026\/#breadcrumb"},"inLanguage":"fr-FR","potentialAction":[{"@type":"ReadAction","target":["https:\/\/institutfrancais.sk\/fr\/podujatie\/choix-goncourt-de-la-slovaquie-2026\/"]}]},{"@type":"ImageObject","inLanguage":"fr-FR","@id":"https:\/\/institutfrancais.sk\/fr\/podujatie\/choix-goncourt-de-la-slovaquie-2026\/#primaryimage","url":"https:\/\/institutfrancais.sk\/wp-content\/uploads\/2026\/03\/1-CHOIX-GONCOURT-SLOVENSKO-2026-.png","contentUrl":"https:\/\/institutfrancais.sk\/wp-content\/uploads\/2026\/03\/1-CHOIX-GONCOURT-SLOVENSKO-2026-.png","width":2220,"height":1248},{"@type":"BreadcrumbList","@id":"https:\/\/institutfrancais.sk\/fr\/podujatie\/choix-goncourt-de-la-slovaquie-2026\/#breadcrumb","itemListElement":[{"@type":"ListItem","position":1,"name":"Home","item":"https:\/\/institutfrancais.sk\/fr\/"},{"@type":"ListItem","position":2,"name":"Events","item":"https:\/\/institutfrancais.sk\/fr\/podujatie\/"},{"@type":"ListItem","position":3,"name":"Choix Goncourt de la Slovaquie 2026"}]},{"@type":"WebSite","@id":"https:\/\/institutfrancais.sk\/fr\/#website","url":"https:\/\/institutfrancais.sk\/fr\/","name":"Franc\u00fazsky in\u0161tit\u00fat na Slovensku","description":"Franc\u00fazsky in\u0161tit\u00fat na Slovensku","potentialAction":[{"@type":"SearchAction","target":{"@type":"EntryPoint","urlTemplate":"https:\/\/institutfrancais.sk\/fr\/?s={search_term_string}"},"query-input":{"@type":"PropertyValueSpecification","valueRequired":true,"valueName":"search_term_string"}}],"inLanguage":"fr-FR"}]}},"_links":{"self":[{"href":"https:\/\/institutfrancais.sk\/fr\/wp-json\/wp\/v2\/podujatie\/38810"}],"collection":[{"href":"https:\/\/institutfrancais.sk\/fr\/wp-json\/wp\/v2\/podujatie"}],"about":[{"href":"https:\/\/institutfrancais.sk\/fr\/wp-json\/wp\/v2\/types\/podujatie"}],"wp:featuredmedia":[{"embeddable":true,"href":"https:\/\/institutfrancais.sk\/fr\/wp-json\/wp\/v2\/media\/39140"}],"wp:attachment":[{"href":"https:\/\/institutfrancais.sk\/fr\/wp-json\/wp\/v2\/media?parent=38810"}],"wp:term":[{"taxonomy":"typ-podujatia","embeddable":true,"href":"https:\/\/institutfrancais.sk\/fr\/wp-json\/wp\/v2\/typ-podujatia?post=38810"}],"curies":[{"name":"wp","href":"https:\/\/api.w.org\/{rel}","templated":true}]}}

<p id="block-558888c3-af2e-45cc-864e-ffc0a84008f9">Le 12 mars à la <strong>Bibliothèque universitaire de Bratislava</strong>, des dizaines de lycéens et d’étudiants francophones venus de toute la Slovaquie se réuniront pour la troisième édition du <strong>Choix Goncourt de la Slovaquie</strong>, pour débattre ensemble de la sélection Goncourt 2025 et élire leur propre lauréat. Ce moment de discussion autour de la littérature, sera animé par <strong>Mme Katarína Bednárová</strong> de la faculté de Lettres de l’Université Comenius et se tiendra en présence de <strong>Philippe Claudel, président de l’Académie Goncourt.</strong></p>



<p id="block-e5abc4a5-6c11-4799-8a32-8a036418b509">📍 <strong>Lieu</strong> : Salle de conférence de la Bibliothèque universitaire de Bratislava, (Ventúrska 11, Bratislava), Entrée libre</p>



<p id="block-f93bcc21-69f0-4074-b613-515b7d966e44">📅 <strong>Date</strong> <strong>et heure</strong> : jeudi 12 mars 2026 à 13h30</p>



<h3 class="wp-block-heading" id="block-09a8d745-73c2-470f-a0a4-ee91ed2abe02">Informations clés</h3>



<p id="block-f1ba0ab5-3d80-4c86-9e73-e2e92453d887">📚 <strong>Romans en compétition</strong> :</p>



<ul id="block-1de5da87-ac4f-4a64-9048-ada847028d92">
<li><em>La Nuit au coeur </em>— Natacha Appanah (Gallimard)</li>



<li><em>Kolkhoze </em>— Emmanuel Carrère (P.O.L)</li>



<li><em>Le Bel Obscur </em>— Caroline Lamarche (Seuil)</li>



<li><em>La Maison vide </em>— Laurent Mauvignier (Minuit)</li>
</ul>



<p>Partenaires:</p>



<figure class="wp-block-gallery has-nested-images columns-default is-cropped wp-block-gallery-1 is-layout-flex wp-block-gallery-is-layout-flex">
<figure class="wp-block-image size-full is-style-default"><img loading="lazy" decoding="async" width="2175" height="429" data-id="38966" src="https://institutfrancais.sk/wp-content/uploads/2026/03/logos-chgs-v2-1.png" alt="" class="wp-image-38966" srcset="https://institutfrancais.sk/wp-content/uploads/2026/03/logos-chgs-v2-1.png 2175w, https://institutfrancais.sk/wp-content/uploads/2026/03/logos-chgs-v2-1-350x69.png 350w, https://institutfrancais.sk/wp-content/uploads/2026/03/logos-chgs-v2-1-537x106.png 537w, https://institutfrancais.sk/wp-content/uploads/2026/03/logos-chgs-v2-1-768x151.png 768w, https://institutfrancais.sk/wp-content/uploads/2026/03/logos-chgs-v2-1-1536x303.png 1536w, https://institutfrancais.sk/wp-content/uploads/2026/03/logos-chgs-v2-1-2048x404.png 2048w, https://institutfrancais.sk/wp-content/uploads/2026/03/logos-chgs-v2-1-1190x235.png 1190w, https://institutfrancais.sk/wp-content/uploads/2026/03/logos-chgs-v2-1-1690x333.png 1690w" sizes="(max-width: 2175px) 100vw, 2175px" /></figure>
</figure>


<div class="space md"></div>

<!-- This site is optimized with the Yoast SEO plugin v24.5 - https://yoast.com/wordpress/plugins/seo/ -->
<title>Choix Goncourt de la Slovaquie 2026 - Francúzsky inštitút na Slovensku</title>
<meta name="description" content="Choix Goncourt de la Slovaquie 2026" />
<meta name="robots" content="index, follow, max-snippet:-1, max-image-preview:large, max-video-preview:-1" />
<link rel="canonical" href="https://institutfrancais.sk/fr/podujatie/choix-goncourt-de-la-slovaquie-2026/" />
<meta property="og:locale" content="fr_FR" />
<meta property="og:type" content="article" />
<meta property="og:title" content="Choix Goncourt de la Slovaquie 2026 - Francúzsky inštitút na Slovensku" />
<meta property="og:description" content="Choix Goncourt de la Slovaquie 2026" />
<meta property="og:url" content="https://institutfrancais.sk/fr/podujatie/choix-goncourt-de-la-slovaquie-2026/" />
<meta property="og:site_name" content="Francúzsky inštitút na Slovensku" />
<meta property="article:modified_time" content="2026-03-09T10:26:08+00:00" />
<meta property="og:image" content="https://institutfrancais.sk/wp-content/uploads/2026/03/1-CHOIX-GONCOURT-SLOVENSKO-2026--537x302.png" />
	<meta property="og:image:width" content="537" />
	<meta property="og:image:height" content="302" />
	<meta property="og:image:type" content="image/png" />
<meta name="twitter:card" content="summary_large_image" />
<meta name="twitter:label1" content="Durée de lecture estimée" />
	<meta name="twitter:data1" content="2 minutes" />
<script type="application/ld+json" class="yoast-schema-graph">{"@context":"https://schema.org","@graph":[{"@type":"WebPage","@id":"https://institutfrancais.sk/fr/podujatie/choix-goncourt-de-la-slovaquie-2026/","url":"https://institutfrancais.sk/fr/podujatie/choix-goncourt-de-la-slovaquie-2026/","name":"Choix Goncourt de la Slovaquie 2026 - Francúzsky inštitút na Slovensku","isPartOf":{"@id":"https://institutfrancais.sk/fr/#website"},"primaryImageOfPage":{"@id":"https://institutfrancais.sk/fr/podujatie/choix-goncourt-de-la-slovaquie-2026/#primaryimage"},"image":{"@id":"https://institutfrancais.sk/fr/podujatie/choix-goncourt-de-la-slovaquie-2026/#primaryimage"},"thumbnailUrl":"https://institutfrancais.sk/wp-content/uploads/2026/03/1-CHOIX-GONCOURT-SLOVENSKO-2026-.png","datePublished":"2026-03-03T14:42:36+00:00","dateModified":"2026-03-09T10:26:08+00:00","description":"Choix Goncourt de la Slovaquie 2026","breadcrumb":{"@id":"https://institutfrancais.sk/fr/podujatie/choix-goncourt-de-la-slovaquie-2026/#breadcrumb"},"inLanguage":"fr-FR","potentialAction":[{"@type":"ReadAction","target":["https://institutfrancais.sk/fr/podujatie/choix-goncourt-de-la-slovaquie-2026/"]}]},{"@type":"ImageObject","inLanguage":"fr-FR","@id":"https://institutfrancais.sk/fr/podujatie/choix-goncourt-de-la-slovaquie-2026/#primaryimage","url":"https://institutfrancais.sk/wp-content/uploads/2026/03/1-CHOIX-GONCOURT-SLOVENSKO-2026-.png","contentUrl":"https://institutfrancais.sk/wp-content/uploads/2026/03/1-CHOIX-GONCOURT-SLOVENSKO-2026-.png","width":2220,"height":1248},{"@type":"BreadcrumbList","@id":"https://institutfrancais.sk/fr/podujatie/choix-goncourt-de-la-slovaquie-2026/#breadcrumb","itemListElement":[{"@type":"ListItem","position":1,"name":"Home","item":"https://institutfrancais.sk/fr/"},{"@type":"ListItem","position":2,"name":"Events","item":"https://institutfrancais.sk/fr/podujatie/"},{"@type":"ListItem","position":3,"name":"Choix Goncourt de la Slovaquie 2026"}]},{"@type":"WebSite","@id":"https://institutfrancais.sk/fr/#website","url":"https://institutfrancais.sk/fr/","name":"Francúzsky inštitút na Slovensku","description":"Francúzsky inštitút na Slovensku","potentialAction":[{"@type":"SearchAction","target":{"@type":"EntryPoint","urlTemplate":"https://institutfrancais.sk/fr/?s={search_term_string}"},"query-input":{"@type":"PropertyValueSpecification","valueRequired":true,"valueName":"search_term_string"}}],"inLanguage":"fr-FR"}]}</script>
<!-- / Yoast SEO plugin. -->

Choix Goncourt de la Slovaquie 2026 - Francúzsky inštitút na Slovensku

Francúzsky inštitút na Slovensku
